--
-- Host: localhost    Database: Lars
-- ------------------------------------------------------


--
-- Table structure for table `acl_sources`
--

CREATE TABLE `acl_sources` (
  `id` int NOT NULL AUTO_INCREMENT,
  `source` varchar(45) CHARACTER SET utf8mb4 COLLATE utf8mb4_unicode_ci NOT NULL,
  `description` varchar(255) CHARACTER SET utf8mb4 COLLATE utf8mb4_unicode_ci DEFAULT NULL,
  `url` varchar(255) CHARACTER SET utf8mb4 COLLATE utf8mb4_unicode_ci NOT NULL,
  `minimal_role_value` smallint NOT NULL DEFAULT '0',
  PRIMARY KEY (`id`)
) ENGINE=InnoDB AUTO_INCREMENT=17 DEFAULT CHARSET=utf8mb4 COLLATE=utf8mb4_unicode_ci;

--
-- Dumping data for table `acl_sources`
--

INSERT INTO `acl_sources` VALUES (1,'lars','lars','https://lars.hselifeunio.com/sso.html{sso}',1),(2,'hselifenl','hselifenl','https://hselifenl.com{sso}',1),(3,'questionnaire3','questionnaire3','https://questionnaire3.hseqdirect.com/sso{sso}',1),(4,'hseqdirect','hseqdirect','https://hseqdirect.com{sso}',1),(5,'hselifeuk','hselifeuk','https://hselifeuk.com{sso}',1),(6,'xlr','xlr','https://{subdomain}.xlracademy.com/start-connector{sso}',4),(7,'ops','ops','https://portal.yourlifemessenger.com/sso{sso}',4),(8,'questionnaire','questionnaire','https://questionnaire.hselifenl.com/sso{sso}',1),(10,'onedyasspecific','onedyasspecific','https://onedyasspecific.nl{sso}',1),(13,'brandspecifiek','brandspecifiek','https://brandspecifiek.nl{sso}',1),(16,'dpospecifiek','dpospecifiek','https://dpospecifiek.nl{sso}',1);

--
-- Table structure for table `companies`
--

CREATE TABLE `companies` (
  `id` int NOT NULL AUTO_INCREMENT,
  `created_at` datetime NOT NULL DEFAULT CURRENT_TIMESTAMP,
  `updated_at` datetime NOT NULL DEFAULT CURRENT_TIMESTAMP,
  `name` varchar(255) CHARACTER SET utf8mb4 COLLATE utf8mb4_unicode_ci DEFAULT NULL,
  `locales` longtext CHARACTER SET utf8mb4 COLLATE utf8mb4_unicode_ci,
  `inlist` int NOT NULL DEFAULT '0',
  `address` longtext CHARACTER SET utf8mb4 COLLATE utf8mb4_unicode_ci,
  `subdomain` varchar(50) CHARACTER SET utf8mb4 COLLATE utf8mb4_unicode_ci DEFAULT NULL,
  `is_super_company` tinyint NOT NULL DEFAULT '0',
  `is_freezed` tinyint NOT NULL DEFAULT '0',
  PRIMARY KEY (`id`),
  UNIQUE KEY `CompanyNameIndex` (`name`)
) ENGINE=InnoDB AUTO_INCREMENT=1939 DEFAULT CHARSET=utf8mb4 COLLATE=utf8mb4_unicode_ci;

--
-- Dumping data for table `companies`
--

INSERT INTO `companies` VALUES (3,'2015-06-12 08:59:22','2023-02-02 13:21:40','ONE-DYAS BV','Amsterdam',0,NULL,'one-dyas',1,0),(4,'2015-06-12 09:24:26','2020-12-23 14:25:49','Overig','klarenbeek',0,NULL,NULL,0,1),(6,'2023-02-15 06:40:11','2023-02-15 06:40:11','HSEQDIRECT.COM STUDENTS','Klarenbeek',0,NULL,'hseqdirect-students',0,0),(9,'2016-12-20 16:02:44','2023-05-13 10:37:46','Well Services Group','Emmen',0,NULL,'well-services-group',0,0),(18,'2018-04-30 20:23:09','2024-10-04 10:39:51','Reym','Amersfoort',0,NULL,'reym',0,0),(19,'2018-04-30 20:23:19','2025-01-28 00:46:43','Altena Group','Waalwijk',0,NULL,'altena-group',0,0),(21,'2018-04-30 20:23:37','2020-12-23 14:43:59','SEW','Broek op Langedijk',0,NULL,'sew',0,0),(23,'2018-05-01 13:48:17','2020-12-23 09:31:49','Control Union','Den Helder',0,NULL,'control-union',0,0),(24,'2018-05-01 14:46:29','2020-12-23 14:24:46','Orange Access','Arnhem',0,NULL,'orange-access',0,1),(26,'2018-05-01 15:01:23','2026-01-02 13:30:08','Schlumberger Petroleum Services','Den Haag',0,NULL,'schlumberger-petroleum-services',0,0),(28,'2018-05-04 14:39:57','2024-08-14 16:48:23','Brand Energy & Infrastructure Services BV','Vlaardingen',0,NULL,'brand-energy',0,0),(29,'2018-05-09 09:41:56','2020-12-23 10:44:56','Howden Thomassen Compressors','Rheden',0,NULL,'howden-thomassen-compressors',0,0),(32,'2018-05-22 11:49:26','2021-11-05 15:15:09','Applus RTD','Kapelle',0,NULL,'applus-rtd',0,0),(34,'2018-05-24 13:41:28','2020-12-23 14:08:33','Muehlhan B.V.','Vlaardingen',0,NULL,'muehlhan-b-v',0,0),(36,'2018-06-04 11:35:05','2024-02-05 11:46:03','SGS Nederland B.V.','Dinther',0,NULL,'sgs-nederland-b-v',0,0),(38,'2018-06-08 11:13:57','2023-03-01 13:26:49','EQUANS Offshore Services BV','Den Helder',0,NULL,'fabricom-offshore-services-bv',0,0),(39,'2018-06-08 11:14:54','2025-02-16 01:42:59','Chemgas Shipping','Rotterdam',0,NULL,'chemgas-shipping',0,0),(40,'2018-06-12 10:49:15','2020-12-23 09:58:07','Expro North Sea Ltd','Den Helder',0,NULL,'expro-north-sea-ltd',0,0),(100,'2018-06-25 15:16:40','2020-12-23 15:13:58','Tauw Group BV','Deventer',0,NULL,'tauw-group-bv',0,0),(102,'2018-07-11 16:58:55','2020-12-23 15:43:17','Winder Limmen','Alkmaar',0,NULL,'winder-limmen',0,0),(103,'2018-07-18 16:37:06','2020-12-23 10:32:31','GSG service','Heerhugowaard',0,NULL,'gsg-service',0,0),(105,'2018-07-23 15:28:11','2020-12-23 15:28:49','Tuinaanleg Takken BV','Hoorn',0,NULL,'tuinaanleg-takken-bv',0,0),(108,'2018-08-08 09:38:35','2020-12-23 12:24:41','KENBRI FIRE FIGHTING','Den Helder',0,NULL,'kenbri-fire-fighting',0,0),(111,'2018-08-13 11:41:25','2020-12-23 14:44:33','Siemens Energy','Assen',0,NULL,'siemens-energy',0,0),(116,'2018-08-29 14:49:35','2018-08-29 14:49:35','Developers 2.0','',0,NULL,'developers-2-0',0,1),(117,'2018-08-30 15:03:10','2020-12-23 11:19:26','IVM','Coevorden',0,NULL,'ivm',0,0),(119,'2018-09-11 09:14:05','2020-12-23 14:38:07','Royal Smit Transformers','Nijmegen',0,NULL,'royal-smit-transformers',0,0),(122,'2018-09-21 15:17:26','2023-10-20 10:25:44','Multimetaal Offshore','Den Helder',0,NULL,'multimetaal-offshore',0,0),(123,'2018-09-24 16:42:16','2020-12-23 10:48:54','Isolatie Combinatie Beverwijk','Beverwijk',0,NULL,'isolatie-combinatie-beverwijk',0,0),(124,'2018-09-26 15:37:04','2024-02-27 10:32:33','CEGELEC BV','Dordrecht',0,NULL,'cegelec-bv',0,0),(125,'2018-09-28 10:26:53','2021-11-05 15:18:30','Bluestream Offshore B.V.','Den Helder',0,'Koperslagersweg 9','bluestream-offshore-b-v',0,0),(126,'2018-10-01 12:04:53','2024-10-08 00:42:13','DNV','Barendrecht',0,NULL,'dnv-gl',0,0),(127,'2018-10-01 15:36:16','2020-12-23 14:32:27','RedWave BV','Beverwijk',0,NULL,'redwave-bv',0,0),(128,'2018-10-05 11:11:08','2023-02-03 13:33:31','SIRON Dry Deluge Testing','Enschede',0,NULL,'siron-dry-deluge-testing',0,0),(131,'2018-10-08 16:58:38','2025-08-12 02:59:56','C&M Labour Supply BV','Den Helder',0,NULL,'candm-labour-supply-bv',0,0),(133,'2018-10-09 12:25:38','2023-03-25 12:48:38','Plug Power BV','Alphen aan de Rijn',0,NULL,'frames-energy-systems-bv',0,0),(134,'2018-10-09 14:22:25','2021-04-12 13:56:29','Wilton Heat Transfer Services BV','Vierpolders',0,NULL,'wilton-heat-transfer-services-bv',0,0),(135,'2018-10-11 14:55:54','2021-12-06 20:58:58','Royal HaskoningDHV Nederland BV','Amersfoort',0,NULL,'royal-haskoningdhv-nederland-bv',0,1),(136,'2018-10-17 11:20:35','2020-12-23 14:20:03','OAC-Group BV','Rotterdam',0,NULL,'oac-group-bv',0,0),(137,'2018-10-18 09:56:06','2020-12-23 14:32:10','Quercus Technical Services BV','Zwolle',0,NULL,'quercus-technical-services',0,0),(138,'2018-10-18 13:55:38','2021-11-05 15:11:05','Ortgiess Group','Ridderkerk',0,NULL,'ortgiess-group',0,0),(140,'2018-10-23 22:13:06','2020-12-23 10:29:36','Geveke Werktuigbouw BV','Amsterdam',0,NULL,'geveke-werktuigbouw-bv',0,0),(142,'2018-10-26 09:29:24','2020-12-23 14:22:09','Oceanwide Offshore Services BV','Vlissingen',0,NULL,'oceanwide-offshore-services-bv',0,0),(143,'2018-10-26 12:08:01','2020-12-23 09:42:36','DIGIT Elektrotechniek','Hoorn',0,NULL,'digit-elektrotechniek',0,0),(147,'2018-11-09 15:19:53','2025-03-07 01:47:06','GAP International Pipeline Projects BV','Nieuwleusen',0,NULL,'gap-international-pipeline-projects-bv',0,0),(148,'2018-11-12 14:54:46','2020-12-23 09:38:43','Den Hartogh Liquid Logistics','Rotterdam',0,NULL,'den-hartogh-liquid-logistics',0,0),(149,'2018-11-13 12:40:54','2023-09-26 12:43:11','Halliburton','Rijswijk',0,NULL,'halliburton',0,0),(151,'2018-11-16 11:55:56','2020-12-23 15:48:26','Yokogawa Europe Solutions BV','Amersfoort',0,NULL,'yokogawa-europe-solutions-bv',0,0),(152,'2018-11-19 17:28:56','2023-03-09 14:25:50','Vincotte Nederland BV','Alkmaar',0,NULL,'vincotte-nederland-bv',0,0),(154,'2018-12-04 16:11:10','2020-11-18 11:32:42','ABB Power Grids The Netherlands BV','Rotterdam',0,NULL,'abb-power-grids-the-netherlands-bv',0,0),(155,'2018-12-14 12:41:10','2020-12-23 13:59:05','MAN Energy Solutions Netherlands BV','Schiedam',0,NULL,'man-energy-solutions-netherlands-bv',0,0),(157,'2019-01-17 14:57:39','2020-12-23 15:25:06','The Sniffers','Rotterdam',0,NULL,'the-sniffers',0,0),(158,'2019-01-18 11:44:20','2020-12-23 09:28:32','CLAFIS Engineering Noord-West BV','Alkmaar',0,NULL,'clafis-engineering-noord-west-bv',0,0),(160,'2019-01-25 10:25:39','2020-12-23 15:10:54','STORK Nederland BV','Groningen',0,NULL,'stork-nederland-bv',0,0),(162,'2019-02-28 12:36:28','2020-12-23 15:04:09','SODEXO','Rotterdam',0,NULL,'sodexo',0,1),(163,'2019-03-01 11:28:55','2020-12-23 15:31:27','van Dijk Dakwerken BV','Velsen Noord',0,NULL,'van-dijk-dakwerken-bv',0,0),(164,'2019-03-04 15:38:04','2023-11-29 17:54:59','Superior Energy Services (SPN) BV','Emmen',0,NULL,'superior-energy-services-spn-bv',0,0),(165,'2019-03-18 15:55:50','2021-11-24 11:23:50','Daiwa House Modular Europe Jan Snel BV','Montfoort',0,NULL,'daiwa-house-modular-europe-jan-snel-bv',0,1),(166,'2019-03-20 12:31:32','2020-12-23 09:53:01','ENSCO','Aberdeen UK',0,NULL,'ensco',0,1),(169,'2019-05-01 14:20:45','2021-11-05 15:17:40','Blomsma Signs & Safety','Zoetermeer',0,NULL,'blomsma-signs-and-safety',0,0),(170,'2019-05-10 10:07:34','2020-12-23 14:23:07','Omnia Analytics BV','Schagen',0,NULL,'omnia-analytics-bv',0,0),(171,'2019-05-29 10:24:09','2020-12-23 09:29:29','Conbit BV','Eindhoven',0,NULL,'conbit-bv',0,0),(172,'2019-06-12 09:51:55','2020-12-23 09:30:59','Control Seal BV','Appingedam',0,NULL,'control-seal-bv',0,0),(177,'2019-08-22 21:13:45','2025-06-14 02:40:41','Copius Group','Zoetermeer',0,NULL,'copius-group',0,0),(180,'2019-11-18 15:05:20','2023-10-09 15:47:01','Baker Hughes P&M Netherlands','Son',0,NULL,'baker-hughes-pl-pressure-pumping',0,1),(185,'2020-02-18 10:25:59','2024-06-09 02:48:27','Solar Turbines','Braine L’Alleud Belgie',0,NULL,'solar-turbines',0,0),(186,'2020-02-19 15:37:03','2020-12-23 15:04:23','SOFIS','Alphen a/d Rijn',0,NULL,'sofis',0,0),(188,'2020-02-21 15:31:15','2020-12-23 15:41:33','WellGear BV','Westerbork',0,NULL,'wellgear-bv',0,1),(192,'2020-03-04 15:01:02','2020-12-23 14:38:23','Rusch Offshore','Medemblik',0,NULL,'rusch-offshore',0,0),(193,'2020-03-10 15:09:13','2024-09-04 11:09:45','Tampnet','Hoofddorp',0,NULL,'tampnet',0,0),(199,'2020-03-26 18:35:20','2020-12-23 10:39:48','Hatenboer-water','Schiedam',0,NULL,'hatenboer-water',0,0),(211,'2020-04-30 09:35:22','2020-12-22 16:50:10','Bilfinger Salamis UK Ltd','Norfolk',0,NULL,'bilfinger-salamis-uk-ltd',0,1),(214,'2020-04-30 13:29:01','2020-12-23 10:28:39','Gerritsen On-& Offshore Services BV','Amsterdam',0,NULL,'gerritsen-on-and-offshore-services-bv',0,0),(219,'2020-05-11 08:55:29','2020-12-23 15:30:16','van der Flier BV','Winschoten',0,NULL,'van-der-flier-bv',0,0),(220,'2020-05-12 10:20:25','2023-09-28 12:47:27','EQUANS Noord-Nederland BV','Roden',0,NULL,'equans-noord-nederland-bv',0,0),(221,'2020-05-12 10:59:47','2020-12-23 09:51:03','Emerson Process Management BV','Rijswijk',0,NULL,'emerson-process-management-bv',0,0),(226,'2020-05-19 08:00:16','2024-01-19 15:37:14','ICR Integrity','Aberdeen',0,NULL,'icr-integrity',0,0),(228,'2020-05-22 09:41:55','2020-12-23 15:29:41','Tyco Integrated Fire and Security/JCI','Capelle aan den IJssel',0,NULL,'tyco-integrated-fire-and-security-jci',0,0),(230,'2020-05-27 13:00:32','2020-12-23 09:41:35','DFRC BV','Akersloot',0,NULL,'dfrc-bv',0,0),(232,'2020-06-03 12:28:48','2024-02-13 13:47:00','Robucon BV','Oudkarspel',0,NULL,'robucon-bv',0,0),(236,'2020-06-08 10:41:50','2020-12-23 14:26:32','Paraat Veiligheidsdiensten','Nieuw-Vennep',0,NULL,'paraat-veiligheidsdiensten',0,0),(237,'2020-06-08 13:32:16','2020-12-23 14:25:02','Orga BV','Schiedam',0,NULL,'orga-bv',0,0),(238,'2020-06-12 09:56:38','2020-12-23 14:27:56','Peterson Den Helder BV','Den Helder',0,NULL,'peterson-den-helder-bv',0,0),(239,'2020-06-15 12:06:14','2020-12-23 10:27:42','G4S Fire & Safety BV','Barendrecht',0,NULL,'g4s-fire-and-safety-bv',0,0),(241,'2020-06-19 11:57:05','2022-01-13 09:50:07','ADDVALUE Instruments','Terschuur (Barneveld)',0,NULL,'addvalue-instruments',0,0),(252,'2020-07-01 12:19:34','2023-09-20 13:42:52','Atlas Services Group Energy BV','Hoofddorp',0,NULL,'atlas-services-group-energy-bv',0,0),(255,'2020-07-10 07:29:36','2020-12-23 13:47:31','Kenz Crane Services','Zaandam',0,NULL,'kenz-crane-services',0,0),(257,'2020-07-13 07:58:18','2021-01-27 16:18:06','TEAM Industrial Services Netherlands BV','Vlissingen',0,NULL,'team-industrial-services-netherlands-bv',0,0),(259,'2020-07-16 11:40:38','2020-12-23 13:49:35','KW3 BV','Veenendaal',0,NULL,'kw3-bv',0,0),(260,'2020-07-20 14:37:07','2020-12-23 15:36:13','Versatec Energy BV','Woerden',0,NULL,'versatec-energy-bv',0,0),(262,'2020-07-27 10:16:27','2020-12-23 14:26:03','Oversluizen Thermal Engineering BV','Ridderkerk',0,NULL,'oversluizen-thermal-engineering-bv',0,1),(263,'2020-08-13 14:58:38','2020-12-23 10:48:10','Inwatec Combined BV','Emmen',0,NULL,'inwatec-combined-bv',0,1),(267,'2020-08-24 14:50:47','2020-12-23 10:41:02','Holland Diesel Maassluis','Maassluis',0,NULL,'holland-diesel-maassluis',0,0),(274,'2020-09-07 18:11:13','2020-12-23 10:47:53','Intero Integrity Services BV','Hoogeveen',0,NULL,'intero-integrity-services-bv',0,0),(286,'2020-09-28 10:11:46','2020-12-23 15:30:00','Van der Ende Valve Services','Maasdijk',0,NULL,'van-der-ende-valve-services',0,0),(295,'2020-09-29 17:41:56','2020-12-23 09:06:30','Brunel Nederland B.V.','Amsterdam',0,NULL,'brunel-nederland-b-v',0,1),(298,'2020-09-29 17:56:23','2020-12-23 15:03:56','SOCOMEC BV','Houten',0,NULL,'socomec-bv',0,0),(301,'2020-10-08 17:07:09','2020-12-23 09:56:48','EthosEnergy BV','Hengelo',0,NULL,'ethosenergy-bv',0,1),(315,'2020-10-19 15:43:49','2020-12-23 14:07:33','Mokveld Valves BV','Gouda',0,NULL,'mokveld-valves-bv',0,0),(318,'2020-10-19 15:50:15','2020-12-23 15:41:18','Wellbore Integrity Solutions Netherlands BV','Schoonebeek',0,NULL,'wellbore-integrity-solutions-netherlands-bv',0,0),(329,'2020-10-21 16:08:05','2020-12-23 13:46:34','Kalibra International BV','Delft',0,NULL,'kalibra-international-bv',0,1),(330,'2020-10-26 15:59:16','2020-12-23 15:17:08','Tecson Inspections','Moerdijk',0,NULL,'tecson-inspections',0,0),(335,'2020-10-29 09:33:36','2020-12-22 16:45:28','August Storm GmbH& CO.KG','Spelle',0,NULL,'august-storm-gmbhand-co-kg',0,1),(339,'2020-11-02 08:53:04','2025-02-19 11:00:02','Klever Instrumentatie BV','Alphen aan den Rijn',0,NULL,'klever-instrumentatie-bv',0,0),(348,'2020-11-02 16:11:11','2025-03-11 12:00:23','Deep Drill Supply Group BV','Middenmeer',0,NULL,'deep-drill-supply-group-bv',0,0),(374,'2020-11-25 16:41:37','2021-03-15 10:24:35','STAR Technical Services (trade name of Bluestar Offshore BV)','Moerdijk',0,NULL,'star-technical-services-trade-name-of-bluestar-off',0,1),(379,'2020-12-01 14:11:03','2020-12-23 13:46:51','Kampen Valve Care BV','Hoogezand',0,NULL,'kampen-valve-care-bv',0,0),(382,'2020-12-02 11:53:28','2020-12-23 14:17:03','Noordhollandse Motorenrevisie BV','Winkel',0,NULL,'noordhollandse-motorenrevisie-bv',0,1),(385,'2020-12-03 17:26:15','2020-12-23 15:36:29','Versteden BV','Bergen op Zoom',0,NULL,'versteden-bv',0,0),(389,'2020-12-09 16:52:55','2020-12-23 09:06:50','Bureau Veritas Inspection & Certification The Netherlands B.V.','Amersfoort',0,NULL,'bureau-veritas-inspection-and-certification-the-ne',0,0),(395,'2020-12-17 10:29:42','2020-12-23 15:03:43','SMART Asset Integrity Solutions BV','Schiedam',0,NULL,'smart-asset-integrity-solutions-bv',0,0),(398,'2020-12-18 15:57:32','2020-12-18 16:26:25','Bavak Beveiligingsgroep BV','Noordwijk',0,NULL,'bavak-beveiligingsgroep-bv',0,0),(403,'2021-01-04 11:43:59','2021-10-08 15:30:07','ENGIE Electroproject BV- West','Zaandam',0,NULL,'engie-electroproject-bv-west',0,0),(404,'2021-01-04 12:22:51','2021-01-04 12:24:11','Worley','Den Haag',0,NULL,'worley',0,0),(413,'2021-01-08 12:36:49','2023-02-23 12:26:00','The WAT Group BV','Klarenbeek',0,NULL,'the-wat-group-bv',0,0),(416,'2021-01-12 08:56:34','2021-01-12 08:56:34','ODS Metering Systems','Barendrecht',0,NULL,'ods-metering-systems',0,0),(425,'2021-01-19 10:34:44','2021-01-19 15:12:03','BRAND Energy Belgie','Antwerpen',0,NULL,'brand-energy-belgie',0,0),(427,'2021-01-19 10:35:48','2021-01-19 15:10:11','BRAND Energy Germany','Ratingen',0,NULL,'brand-energy-germany',0,0),(430,'2021-01-20 09:45:13','2021-01-20 09:45:13','SOMA Bedrijfsopleidingen','Harderwijk',0,NULL,'soma-bedrijfsopleidingen',0,0),(436,'2021-01-25 10:49:45','2021-01-25 10:49:45','CHC Helicopters Netherlands BV','Den Helder',0,NULL,'chc-helicopters-netherlands-bv',0,0),(447,'2021-01-25 16:05:23','2021-01-25 16:05:23','Radio Holland Netherlands','Delfzijl',0,NULL,'radio-holland-netherlands',0,0),(451,'2021-01-29 08:43:47','2021-01-29 08:43:47','P.C. Jansen Marine & Offshore Trading BV','Leek',0,NULL,'p-c-jansen-marine-and-offshore-trading-bv',0,0),(454,'2021-02-01 11:27:16','2023-03-20 10:47:03','Claxton Engineering','Norfolk',0,NULL,'claxton-engineering',0,0),(462,'2021-02-03 16:57:23','2021-02-03 16:57:23','De Haan Westerhoff Zonwering','Drachten',0,NULL,'de-haan-westerhoff-zonwering',0,0),(465,'2021-02-15 10:33:12','2021-02-15 10:33:47','Theo van Velzen Bronbemaling BV','Alkmaar',0,NULL,'theo-van-velzen-bronbemaling-bv',0,0),(471,'2021-02-16 13:01:05','2024-12-19 00:45:57','Pentair Fairbank Nijhuis','Beverwijk',0,NULL,'pentair-fairbank-nijhuis',0,0),(480,'2021-02-23 15:06:16','2023-07-17 14:42:44','InterDam','Ridderkerk',0,NULL,'interdam',0,0),(483,'2021-02-23 15:35:52','2021-02-23 15:35:52','Bilfinger Industrial Services','Groningen',0,NULL,'bilfinger-industrial-services',0,1),(487,'2021-02-23 15:43:47','2021-02-23 15:43:47','Beets Grondverzet-& Machineverhuur BV','Purmerend',0,NULL,'beets-grondverzet-and-machineverhuur-bv',0,0),(493,'2021-02-24 15:52:18','2023-10-02 17:33:22','Hitachi ABB Power Grids','Rotterdam',0,NULL,'hitachi-abb-power-grids',0,0),(496,'2021-02-24 15:54:59','2021-02-24 15:54:59','Alatas UK Ltd','Bradford',0,NULL,'alatas-uk-ltd',0,0),(501,'2021-03-03 15:10:04','2021-03-03 15:10:04','Solid Infraservice bv','Joure',0,NULL,'solid-infraservice-bv',0,1),(504,'2021-03-11 08:19:50','2021-03-11 08:19:50','Delta Heat Services BV','Stellendam',0,NULL,'delta-heat-services-bv',0,0),(526,'2021-03-19 12:30:29','2023-06-26 10:49:13','ABB BV','Dalfsen',0,NULL,'abb-bv',0,0),(534,'2021-04-06 16:58:06','2021-04-06 16:58:29','Dräger Nederland BV','Hoogvliet-RT',0,NULL,'draeger-nederland-bv',0,0),(537,'2021-04-07 09:42:38','2021-04-07 09:42:38','Bronswerk Heat Transfer BV','Nijkerk',0,NULL,'bronswerk-heat-transfer-bv',0,0),(558,'2021-04-15 15:58:18','2024-09-23 23:01:19','Lloyd\'s Register Nederland BV','Rotterdam',0,NULL,'lloyd-s-register-nederland-bv',0,0),(564,'2021-04-16 09:42:24','2023-03-20 13:13:31','Applitech BV','Haarlem',0,NULL,'applitech-bv',0,0),(584,'2021-04-29 15:11:02','2021-04-29 15:11:02','Raad van Accreditatie','Utrecht',0,NULL,'raad-van-accreditatie',0,1),(593,'2021-05-03 12:31:57','2021-05-03 12:31:57','Heinen&Hopman Engineering BV','Bunschoten-Spakenburg',0,NULL,'heinenandhopman-engineering-bv',0,1),(597,'2021-05-03 14:32:36','2021-05-03 14:32:36','Rolloos','Papendrecht',0,NULL,'rolloos',0,0),(606,'2021-05-12 13:38:13','2023-10-17 11:39:02','Van der Heide Bliksembeveiliging Inspecties','Drachten',0,NULL,'van-der-heide-bliksembeveiliging-inspecties',0,0),(614,'2021-05-21 10:21:05','2021-05-21 10:21:05','Huibers Elektrotechnische Isolatiesystemen BV','Amerongen',0,NULL,'huibers-elektrotechnische-isolatiesystemen-bv',0,0),(615,'2021-05-27 10:58:12','2025-02-20 01:41:03','BUS Industrial Tools','Zwolle',0,NULL,'bus-industrial-tools',0,0),(626,'2021-05-28 14:31:41','2021-05-28 14:31:41','InnoVfoam B.V.','Oudkarspel',0,NULL,'innovfoam-b-v',0,0),(630,'2021-05-31 13:41:17','2021-05-31 13:41:17','van der Heide Kathodische Bescherming & Corrosie Engineering BV','Drachten',0,NULL,'van-der-heide-kathodische-bescherming-and-corrosie',0,1),(644,'2021-06-01 15:21:58','2023-11-09 12:12:39','PEB Engineers & Constructors','Zoetermeer',0,NULL,'peb-engineers-and-constructors',0,0),(653,'2021-06-08 13:41:28','2021-06-08 13:52:05','ConPackSys','Dordrecht',0,NULL,'conpacksys',0,0),(654,'2021-06-08 15:20:28','2021-06-08 15:20:28','Van Dorp vestiging Amsterdam','Lijnden',0,NULL,'van-dorp-vestiging-amsterdam',0,0),(660,'2021-06-10 16:13:25','2023-09-20 10:37:10','Steigerbouw van der Panne Rotterdam BV','Hendrik-Ido-Ambacht',0,NULL,'steigerbouw-van-der-panne-rotterdam-bv',0,0),(666,'2021-06-11 15:00:01','2021-06-11 15:00:01','Technology Consultants BV','Molenaarsgraaf',0,NULL,'technology-consultants-bv',0,1),(671,'2021-06-18 09:01:20','2023-08-07 18:48:06','Palfinger Marine Europe BV','Rotterdam',0,NULL,'palfinger-marine-europe-bv',0,0),(674,'2021-06-18 17:43:40','2021-06-18 17:48:30','BASF Catalysts Germany GmbH','Breda',0,NULL,'basf-catalysts-germany-gmbh',0,1),(684,'2021-06-21 16:51:11','2021-06-21 16:51:11','KAEFER Nederland B.V.','Dordrecht',0,NULL,'kaefer-nederland-b-v',0,1),(689,'2021-06-24 14:26:24','2021-06-24 14:26:24','Stemar Engineering BV','Alkmaar',0,NULL,'stemar-engineering-bv',0,0),(693,'2021-06-25 14:49:42','2023-08-23 17:22:42','TS Site Services AS','Noorwegen',0,NULL,'ts-site-services-as',0,0),(699,'2021-06-30 14:06:08','2021-06-30 14:06:08','Konecranes BV','Hoogvliet',0,NULL,'konecranes-bv',0,0),(701,'2021-07-01 11:01:14','2021-07-01 11:07:38','T.I.M.E.  Service Catalyst Handling BV','Sliedrecht',0,NULL,'t-i-m-e-service-catalyst-handling-bv',0,0),(713,'2021-07-13 16:48:45','2025-03-28 00:48:03','De Jong Betonboringen BV','Assendelft',0,NULL,'de-jong-betonboringen-bv',0,0),(714,'2021-07-15 16:48:19','2021-07-15 16:48:19','Van Geffen AMS','\'s-Hertogenbosch',0,NULL,'van-geffen-ams',0,0),(716,'2021-07-20 11:49:18','2021-07-20 11:49:53','NEAC Compressor Service','Übach-Palenberg Germany',0,NULL,'neac-compressor-service',0,0),(722,'2021-07-27 15:58:05','2021-07-27 15:58:05','AUMA Benelux BV','Leiden',0,NULL,'auma-benelux-bv',0,1),(740,'2021-08-05 14:16:08','2021-08-05 14:16:08','EQIN','Rotterdam',0,NULL,'eqin',0,0),(741,'2021-08-06 13:08:52','2021-08-06 13:08:52','FixedToday BV','Culemborg',0,NULL,'fixedtoday-bv',0,0),(755,'2021-08-18 13:11:39','2024-04-16 16:41:57','SKF Magnetic Bearing','Saint Marcel',0,'SKF Mechatronic 2A rue des champs 27950','skf-magnetic-bearing',0,0),(761,'2021-08-25 09:22:33','2021-08-25 09:22:33','CWL Drilling Limited','Paisley United Kingdom',0,NULL,'cwl-drilling-limited',0,0),(771,'2021-08-30 14:17:48','2021-08-30 14:17:48','Wanted Blue Label','Hoorn',0,NULL,'wanted-blue-label',0,0),(780,'2021-09-02 11:16:43','2022-11-14 14:43:46','VOS Rotating BV','Uitgeest',0,NULL,'vos-rotating-bv',0,1),(783,'2021-09-06 09:50:24','2021-09-06 09:50:24','Blokhuis Arbo Advies','Rossum',0,NULL,'blokhuis-arbo-advies',0,0),(797,'2021-09-10 20:49:50','2021-09-10 20:49:50','Test company Joris',NULL,0,'Livarstraat 49, 3573 SB Utrecht','test-company-joris',0,0),(812,'2021-09-14 13:39:00','2021-09-14 13:39:00','mahi01',NULL,0,'adfsas','mahi01',0,1),(818,'2021-09-15 16:01:56','2021-09-15 16:01:56','Test company Joris 2',NULL,0,'Livarstraat 49\n3573 SB Utrecht','test-company-joris-2',0,1),(824,'2021-09-16 14:00:48','2021-09-16 14:00:48','Hydratight','Ridderkerk',0,NULL,'hydratight',0,0),(827,'2021-09-16 14:07:32','2021-09-16 14:07:32','Stefanie\\\'s place',NULL,0,'De wast 32\n3435 VV Dorst','stefanie-s-place',0,1),(839,'2021-09-17 13:41:35','2021-09-17 13:41:35','Reputabel Warmtetechniek BV','Borne',0,NULL,'reputabel-warmtetechniek-bv',0,0),(842,'2021-09-17 15:33:19','2021-09-17 15:33:19','rr',NULL,0,'test','rr',0,1),(845,'2021-09-20 15:04:00','2021-09-20 15:04:00','SBC Coaching',NULL,0,'Waterjuffer 12\n4849 RP Dorst','sbc-coaching',0,0),(863,'2021-09-23 12:39:44','2021-09-23 12:39:44','Testers',NULL,0,'auesafnisuengf 23','testers',0,1),(902,'2021-09-24 10:36:13','2021-09-24 10:36:13','Dutch Offshore Services BV','den Helder',0,NULL,'dutch-offshore-services-bv',0,1),(908,'2021-09-27 10:29:09','2021-09-27 10:29:09','Testers inc',NULL,0,'Over the rainbow 11','testers-inc',0,1),(917,'2021-09-29 15:16:39','2021-09-29 15:16:39','HSOS Industrial Services BV','Dordrecht',0,NULL,'hsos-industrial-services-bv',0,0),(920,'2021-09-29 15:18:48','2022-08-06 10:45:01','DB Projects&Engineering BV','Enter',0,NULL,'db-projectsandengineering-bv',0,0),(983,'2021-10-26 09:30:57','2022-10-31 11:11:12','Alphatron Marine BV (a JRC company)','Rotterdam',0,NULL,'alphatron-marine-bv-a-jrc-company',0,1),(986,'2021-10-26 15:54:07','2021-10-26 15:54:07','Hoerbiger BENELUX BV','Heerlen',0,NULL,'hoerbiger-benelux-bv',0,0),(1007,'2021-11-17 09:10:28','2021-11-17 09:10:28','Sijts Elektrotechniek BV','Alkmaar',0,NULL,'sijts-elektrotechniek-bv',0,0),(1013,'2021-11-22 11:49:57','2021-11-22 11:54:13','IOGP-International Association of Oil and Gas Producers','London/UK',0,NULL,'iogp-international-association-of-oil-and-gas-prod',0,1),(1019,'2021-11-24 10:43:29','2021-11-24 10:43:29','TenneT TSO','Arnhem',0,NULL,'tennet-tso',0,1),(1028,'2021-11-25 09:12:54','2021-11-25 09:12:54','Pipelife Nederland BV','Enkhuizen',0,NULL,'pipelife-nederland-bv',0,0),(1037,'2021-12-01 14:44:41','2021-12-01 14:44:41','Ballast Nedam Industriebouw',NULL,0,'Welplaathoek 20,  3197 KP Rotterdam - Botlek','ballast-nedam-industriebouw',0,1),(1040,'2021-12-02 18:48:38','2021-12-02 18:48:38','Test Joris',NULL,0,'Livarstraat 49,\n3573 SB Utrecht','test-joris',0,1),(1061,'2021-12-14 10:46:31','2021-12-14 10:46:31','Van Vliet Sloopwerken BV','Gorinchem',0,NULL,'van-vliet-sloopwerken-bv',0,1),(1064,'2021-12-16 15:35:34','2024-01-11 12:42:49','Bureau Veritas UK','Glasgow United Kingdom',0,NULL,'bureau-veritas-uk',0,0),(1076,'2022-01-10 09:45:24','2022-01-10 09:45:24','SPACX','Boxmeer',0,NULL,'spacx',0,0),(1079,'2022-01-13 16:15:38','2022-01-13 16:32:32','ASSA ABLOY Entrance Systems','Heerhugowaard',0,NULL,'assa-abloy-entrance-systems',0,0),(1082,'2022-02-02 14:53:03','2024-04-19 12:24:50','Eager.One BV','Utrecht',0,'Savannahweg 71\n3542 AW Utrecht','eager-one-bv',0,0),(1085,'2022-02-04 13:29:31','2022-10-17 15:55:03','Kiwa Technology BV','Apeldoorn',0,NULL,'kiwa-technology-bv',0,0),(1090,'2022-02-28 14:36:14','2022-04-15 15:11:04','De JongCeba','Opmeer',0,NULL,'de-jongceba',0,0),(1093,'2022-03-10 11:21:10','2022-03-10 11:26:03','Select International','Nieuwegein',0,NULL,'select-international',0,0),(1096,'2022-03-10 11:40:52','2025-02-11 01:34:12','SGI Compliance Consultancy','Rotterdam',0,NULL,'sgi-compliance-consultancy',0,0),(1102,'2022-04-07 10:39:04','2022-04-07 10:39:04','LRQA Nederland BV','Rotterdam',0,NULL,'lrqa-nederland-bv',0,0),(1108,'2022-04-20 18:18:20','2022-04-20 18:18:20','Stoop Groenvoorziening','Waarland',0,NULL,'stoop-groenvoorziening',0,0),(1111,'2022-04-21 09:58:20','2022-04-21 09:58:20','EnerSys','Barendrecht',0,NULL,'enersys',0,0),(1114,'2022-04-28 22:15:16','2022-04-28 22:15:16','Peinemann Kranen BV','Hoogvliet',0,NULL,'peinemann-kranen-bv',0,1),(1117,'2022-05-04 11:16:13','2022-05-04 15:44:03','EnerMech Ltd','Aberdeen',0,NULL,'enermech-ltd',0,0),(1123,'2022-05-24 16:04:03','2023-08-14 15:29:46','Saval BV','Breda',0,NULL,'saval-bv',0,0),(1126,'2022-06-01 12:24:25','2022-06-01 12:24:25','North Sea Davit and Lifeboat Services','Vianen',0,NULL,'north-sea-davit-and-lifeboat-services',0,1),(1129,'2022-06-01 16:53:09','2022-06-01 16:53:09','Visiebouw BV','Velsen Noord',0,NULL,'visiebouw-bv',0,0),(1132,'2022-06-01 17:40:43','2022-06-01 17:40:43','FMTC Safety BV','Badhoevedorp',0,NULL,'fmtc-safety-bv',0,0),(1135,'2022-06-03 13:51:05','2022-06-03 13:51:05','Test Bakker Groep',NULL,0,'Gooi mij maar weg 1\nUtrecht','test-bakker-groep',0,1),(1138,'2022-06-07 11:53:17','2023-11-29 16:54:57','ICSS Ltd','Aberdeen',0,'Crown House, \n27 Old Gloucester Street, \nLondon, \nEngland, \nWC1N 3AX','icss-limited',0,0),(1141,'2022-06-13 10:43:01','2022-06-13 10:43:01','Steef test',NULL,0,'Waterjuffer 18\n4949 RR Dorst','steef-test',0,1),(1144,'2022-06-20 13:07:56','2025-09-26 02:39:09','Bakker Groep Coevorden','Coevorden',0,'de Hulteweg 10\n7741 LE Coevorden','bakker-groep-coevorden',0,0),(1147,'2022-07-04 10:41:49','2022-07-04 10:41:49','EQUANS West Nederland','Zaandam',0,NULL,'equans-west-nederland',0,0),(1150,'2022-07-11 14:45:42','2022-07-11 14:45:42','RotoFlow a division of Air Products and Chemicals','Houston, Texas',0,NULL,'rotoflow-a-division-of-air-products-and-chemicals',0,0),(1153,'2022-07-13 12:44:22','2022-07-13 12:44:22','Technivac Limited','Bridgend, UK',0,NULL,'technivac-limited',0,0),(1156,'2022-07-13 13:22:50','2022-07-13 13:22:50','ERIKS Nederland BV','Alkmaar',0,NULL,'eriks-nederland-bv',0,0),(1159,'2022-07-15 11:50:41','2023-08-10 17:07:00','Sulzer Limited Aberdeen','Aberdeen',0,NULL,'sulzer-limited-aberdeen',0,0),(1162,'2022-07-15 12:40:17','2022-07-15 12:40:17','JGO Consult BV','Westmalle, BE',0,NULL,'jgo-consult-bv',0,0),(1165,'2022-07-20 13:23:11','2022-07-20 13:23:11','BOIS Equipment Rentals BV','Heerhugowaard',0,NULL,'bois-equipment-rentals-bv',0,0),(1168,'2022-07-21 11:24:00','2022-07-21 11:24:00','Bakker Sliedrecht','Sliedrecht',0,NULL,'bakker-sliedrecht',0,0),(1171,'2022-07-26 14:09:52','2022-07-26 14:09:52','TEST company',NULL,0,'Welke 3\n5756 TR Walden','test-company',0,0),(1174,'2022-07-29 12:04:36','2024-08-15 11:59:42','D.S.P. BV','Schagen',0,NULL,'d-s-p-bv',0,0),(1177,'2022-08-07 11:57:56','2022-08-07 11:57:56','ERSG BV','Hoofddorp',0,NULL,'ersg-bv',0,0),(1180,'2022-08-08 09:24:03','2022-08-08 09:24:03','SEM Personeelsdiensten/SEM International BV','Wormerveer',0,NULL,'sem-personeelsdiensten-sem-international-bv',0,0),(1183,'2022-08-09 14:05:54','2022-08-09 14:05:54','Petro Controls Europe BV','Oosterhout',0,NULL,'petro-controls-europe-bv',0,0),(1186,'2022-08-15 18:13:45','2024-09-10 18:07:28','Stralingssupport BV','Veenendaal',0,NULL,'stralingssupport-bv',0,0),(1189,'2022-08-17 13:03:35','2024-08-29 11:27:54','FMJ Marine & Offshore BV','Schiedam',0,NULL,'fmj-marine-and-offshore-bv',0,0),(1192,'2022-08-17 16:01:28','2022-08-17 16:01:28','DAC Technologies BV','Mijdrecht',0,NULL,'dac-technologies-bv',0,0),(1201,'2022-08-18 16:20:54','2022-08-18 16:20:54','Steigerbouw Van der Panne BV','Rotterdam',0,NULL,'steigerbouw-van-der-panne-bv',0,0),(1204,'2022-08-18 16:21:46','2022-08-22 14:14:27','Covill Interiors Ltd','Lowestoft Suffolk',0,NULL,'covill-interiors-ltd',0,1),(1207,'2022-08-18 16:22:25','2022-11-29 16:54:52','Kenz Figee Group BV','Zaandam',0,NULL,'kenz-figee-group-bv',0,1),(1213,'2022-08-19 16:41:01','2023-10-13 15:36:14','Deep BV','Amsterdam',0,NULL,'deep-bv',0,0),(1216,'2022-08-23 16:43:29','2022-08-23 16:43:29','3D Industrial Services BV','Ridderkerk',0,NULL,'3d-industrial-services-bv',0,0),(1219,'2022-08-28 15:33:32','2022-08-28 15:43:38','Seal-Tite, Llc','Los Angeles USA',0,NULL,'seal-tite-llc',0,0),(1222,'2022-08-28 16:07:42','2022-08-28 16:07:42','Mourik Industry BV','Botlek-Rotterdam',0,NULL,'mourik-industry-bv',0,0),(1225,'2022-08-30 09:29:09','2022-08-30 09:29:09','Turris BV','Garderen',0,NULL,'turris-bv',0,0),(1231,'2022-08-31 10:28:22','2022-08-31 10:41:07','Thyssenkrupp rothe erde Germany GmbH','Lippstadt Germany',0,NULL,'thyssenkrupp-rothe-erde-germany-gmbh',0,0),(1234,'2022-09-01 15:40:24','2022-10-03 12:05:22','TRAAS Nederland BV','Gravenpolder',0,NULL,'traas-nederland-bv',0,0),(1237,'2022-09-05 12:39:43','2022-09-05 12:40:32','Wiko Isolatietechniek BV','Rotterdam',0,NULL,'wiko-isolatietechniek-bv',0,1),(1240,'2022-09-06 12:03:20','2022-09-06 12:03:20','Eurotronic BV','Alphen aan den Rijn',0,NULL,'eurotronic-bv',0,0),(1243,'2022-09-09 13:33:36','2022-09-09 13:57:10','P. Smit BV','Den Helder',0,NULL,'p-smit-bv',0,1),(1246,'2022-09-14 16:40:00','2022-09-14 16:40:00','Ludwig Bauch GmbH & C0. KG','Egweil / Deutschland',0,NULL,'ludwig-bauch-gmbh-and-c0-kg',0,0),(1249,'2022-09-19 11:24:54','2022-10-28 17:54:44','EBN BV','Utrecht',0,NULL,'ebn-bv',0,0),(1252,'2022-09-19 11:30:54','2022-09-19 13:32:51','Kampen Industrial Care BV','Groningen',0,NULL,'kampen-industrial-care-bv',0,0),(1258,'2022-09-28 11:21:03','2022-09-28 11:21:03','Koop Straal & Coatingbedrijf BV','Farmsum',0,NULL,'koop-straal-and-coatingbedrijf-bv',0,1),(1261,'2022-09-29 15:24:55','2022-09-29 15:25:45','Martens Cleaning BV','Nieuwdorp',0,NULL,'martens-cleaning-bv',0,0),(1264,'2022-09-29 18:10:57','2022-09-29 19:01:37','ABC-Techniek BV','Waddinxveen',0,NULL,'abc-techniek-bv',0,0),(1267,'2022-10-04 10:03:00','2022-10-04 10:03:00','WB Firepacks BV','Zwijndrecht',0,NULL,'wb-firepacks-bv',0,0),(1270,'2022-10-06 11:49:07','2022-10-06 12:13:34','Toes Montage BV','Schagen',0,NULL,'toes-montage-bv',0,1),(1276,'2022-10-07 23:38:43','2022-10-07 23:38:43','Geha BV','Nieuw-Amsterdam',0,NULL,'geha-bv',0,1),(1288,'2022-10-19 11:45:01','2022-10-19 16:07:23','Hitma BV','Uithoorn',0,NULL,'hitma-bv',0,1),(1294,'2022-11-08 17:16:55','2022-11-08 17:16:55','Freda Kraanverhuur vof','Heerhugowaard',0,NULL,'freda-kraanverhuur-vof',0,1),(1297,'2022-11-11 15:59:26','2022-11-11 15:59:26','Oleochem Project Management Ltd','Aberdeen, UK',0,NULL,'oleochem-project-management-ltd',0,0),(1300,'2022-11-21 17:33:20','2022-11-21 17:33:20','Petrogas Gas-Systems BV','Eindhoven',0,NULL,'petrogas-gas-systems-bv',0,0),(1303,'2022-11-25 14:31:03','2022-11-25 14:31:03','Spectrum HSE Technology BV','Heenvliet',0,NULL,'spectrum-hse-technology-bv',0,0),(1306,'2022-12-01 14:27:29','2022-12-01 14:27:29','Electrical Integrity Inspection BV','Barendrecht',0,NULL,'electrical-integrity-inspection-bv',0,0),(1309,'2022-12-05 14:23:37','2022-12-05 15:22:46','FACTA Spijkenisse BV','Spijkenisse',0,NULL,'facta-spijkenisse-bv',0,1),(1312,'2022-12-08 19:37:41','2022-12-08 19:37:41','Slotenmaker Alkmaar','Alkmaar',0,NULL,'slotenmaker-alkmaar',0,1),(1315,'2023-01-06 13:38:19','2023-01-06 13:38:19','Pipesurvey International CV','Zwijndrecht',0,NULL,'pipesurvey-international-cv',0,0),(1318,'2023-01-13 11:32:19','2023-02-06 09:01:22','ISOTRON Systems BV','\'s-Hertogenbosch',0,NULL,'isotron-systems-bv',0,1),(1321,'2023-01-16 16:09:19','2023-01-16 16:09:46','Veiligedaken','\'t Harde',0,NULL,'veiligedaken',0,1),(1324,'2023-01-17 10:07:07','2023-01-17 10:07:07','Installatiebedrijf KUSCH BV','Alkmaar',0,NULL,'installatiebedrijf-kusch-bv',0,0),(1327,'2023-01-31 09:38:31','2023-02-23 11:50:20','Nitin HSEQ','Nitin HSEQ',0,'St 15 usa','nitin-hseq',1,0),(1333,'2023-02-08 08:52:29','2023-02-08 08:52:29','Breska Offshore Consultancy','Pogorze, Poland',0,NULL,'breska-offshore-consultancy',0,1),(1339,'2023-02-16 14:50:14','2023-02-16 14:50:14','himanshu10',NULL,0,'test','himanshu10',0,0),(1345,'2023-02-23 17:17:39','2023-02-23 17:17:39','Hobre Instruments',NULL,0,'Netwerk 4 1446 WK Purmerend','hobre-instruments',0,0),(1348,'2023-02-23 17:22:11','2023-02-24 16:47:35','Hobre Instruments B.V.',NULL,0,'Netwerk 4 1446 WK Purmerend','hobre-instruments-b-v',0,0),(1351,'2023-02-24 11:18:36','2023-02-24 11:18:36','MAN Energy Solutions Schweiz AG',NULL,0,'Hardstrasse 319\n8005 Zürich\nSwitzerland','man-energy-solutions-schweiz-ag',0,1),(1357,'2023-02-27 11:41:10','2023-02-27 11:48:36','TEB Industrial Projects BV',NULL,0,'Flemingstraat 8\n1704 SL Heerhugowaard','teb-industrial-projects-bv',0,0),(1360,'2023-03-02 08:09:33','2023-03-02 09:51:33','TP Europe BV',NULL,0,'Toermalijnring 528, 3316LC Dordrecht','tp-europe-bv',0,0),(1363,'2023-03-03 12:03:15','2023-03-08 08:51:14','VolkerWessels Telecom','null',0,'Ravenswade 4a\n3439 LD Nieuwegein\nFactuur mailen naar invoice-telecom.com','volkerwessels-telecom',0,0),(1366,'2023-03-06 11:32:40','2023-03-13 12:51:15','ID Oil Tools B.V.',NULL,0,'Praam 9\n1724 BE Oudkarspel','id-oil-tools-b-v',0,0),(1369,'2023-03-07 15:08:06','2023-03-08 08:49:56','Tebulo',NULL,0,'Arcadialaan 14-36','tebulo',0,0),(1375,'2023-03-09 15:37:37','2023-03-09 15:37:37','Raw concepts ltd',NULL,0,'Ks Trojdena 5a2\n02109 Warszawa\nPoland','raw-concepts-ltd',0,1),(1384,'2023-03-22 10:59:13','2023-03-23 15:43:47','Strukton Wegen en Beton','Avenhorn',0,'Aambeeld 1','strukton-wegen-en-beton',0,0),(1387,'2023-03-30 11:59:13','2023-03-30 11:59:13','FLora',NULL,0,'west 21\n4848 RT Dorst','flora',0,1),(1393,'2023-03-31 11:36:28','2025-04-04 00:42:43','Aqualectra b.v.',NULL,0,'Flemingstraat 48\n1704 SL Heerhugowaard\nThe Netherlands','aqualectra-b-v',0,0),(1399,'2023-04-07 11:57:29','2023-04-07 12:19:10','Waterkracht BV',NULL,0,'Markenweg 1\n7051HS, Varsseveld','waterkracht-bv',0,0),(1405,'2023-04-12 15:35:42','2023-04-12 16:17:30','Vector Maintenance Management B.V.',NULL,0,'Drs.F.Bijlweg 69A\n1784MC\nDen Helder\nNederland','vector-maintenance-management-b-v',0,0),(1411,'2023-04-16 15:10:54','2025-04-17 00:53:19','Kinelex',NULL,0,'3145AB, Bosuilstraat 14,Maassluis ,Nederlands','kinelex',0,0),(1414,'2023-04-26 09:14:13','2023-04-26 09:14:13','Luchtverkeersleiding Nederland',NULL,0,'Stationsplein Zuid West 1001\n1117 CV Schiphol','luchtverkeersleiding-nederland',0,0),(1417,'2023-05-07 08:58:16','2023-05-08 15:25:10','Technipfmc','null',0,'Kirkegaardsveien 45\n3616 Kongsberg\nNorway','technipfmc',0,0),(1420,'2023-05-09 07:25:02','2023-05-09 09:14:34','Compressor Systems Holland B.V.',NULL,0,'Tuinschouw 4\n4131 MD Vianen.\nThe Netherlands','compressor-systems-holland-b-v',0,0),(1423,'2023-05-09 09:24:24','2023-05-09 09:27:37','Observator',NULL,0,'Rietdekkerstraat 6 2984 BM RIDDERKERK','observator',0,0),(1426,'2023-05-17 09:15:15','2023-05-17 14:38:32','Trafo Technics',NULL,0,'Klein Boom 31\n2580 Putte\nBelgium','trafo-technics',0,0),(1429,'2023-06-01 16:18:51','2025-06-02 00:09:01','Daniel Jachec',NULL,0,'Hoenderkamp 20\n7812VZ Emmen','daniel-jachec',0,1),(1432,'2023-06-02 12:32:47','2023-06-02 12:32:47','Vaktec B.V.',NULL,0,'Kielerbocht 29A\n9723 JA\nGroningen','vaktec-b-v',0,1),(1435,'2023-06-09 03:15:45','2023-06-09 03:15:45','VOPAK VIETNAM CO., LTD',NULL,0,'Dong Nai province, Viet Nam','vopak-vietnam-co-ltd',0,1),(1441,'2023-06-12 16:22:46','2023-06-12 16:35:35','Zwarttechniek',NULL,0,'Middenhavenstraat 72','zwarttechniek',0,0),(1444,'2023-06-12 19:42:55','2023-06-12 19:42:55','Plant Solutions Noord Oost BV',NULL,0,'Dokter Spanjaarweg 21A, 8025 BT Zwolle','plant-solutions-noord-oost-bv',0,0),(1453,'2023-06-13 11:06:20','2023-06-13 15:25:46','Sensia UK Ltd','Turnbridge Wells',0,'Jiskoot Technology Centre,\nLongfield Road, Tunbridge Wells\nUnited Kingdom\nTN2 3EY','sensia-uk-ltd',0,0),(1462,'2023-06-15 16:21:12','2023-06-15 16:29:12','Seven Turbine Power BV',NULL,0,'Molendijk 3c\n3214 VG  ZUIDLAND\nThe Netherlands','seven-turbine-power-bv',0,0),(1465,'2023-06-30 15:53:47','2023-07-03 08:45:53','Hoppecke Batterijen Nederland BV',NULL,0,'Het Eek 9a\n4004 LM\nTiel','hoppecke-batterijen-nederland-bv',0,0),(1468,'2023-07-13 10:15:03','2025-07-15 01:33:19','TEAM Technical Services B.V.',NULL,0,'Marrewijklaan 11\n3201 BH\nSpijkenisse','team-technical-services-b-v',0,1),(1471,'2023-07-14 12:40:15','2023-07-14 16:52:54','Geerdink',NULL,0,'Seggeweg 13','geerdink',0,0),(1474,'2023-07-18 13:22:20','2023-07-18 13:30:17','Hot Rock Projects Limited',NULL,0,'10 Veasy Park, \nPlymouth, \nDevon PL9 0ES, \nUnited Kingdom','hot-rock-projects-limited',0,0),(1477,'2023-07-18 18:01:05','2024-07-22 00:43:21','TEST',NULL,0,'nvt','test',0,1),(1480,'2023-07-18 18:22:02','2023-07-19 10:04:36','ROSEN Europe BV',NULL,0,'Zutphenstraat 15\n7575EJ Oldenzaal \nNetherlands','rosen-europe-bv',0,0),(1486,'2023-08-22 13:32:19','2023-08-22 13:32:19','Skelar2023!',NULL,0,'Ocean','skelar2023',0,0),(1489,'2023-08-25 12:28:46','2023-08-25 14:17:02','Atlas Copco',NULL,0,'Merwedeweg 7,  \n3336 LG, Zwijndrecht, \nNetherlands','atlas-copco',0,0),(1492,'2023-08-31 15:15:00','2023-08-31 15:15:00','SGS Nederland',NULL,0,'Malledijk 18, 3208 LA Spijkenisse','sgs-nederland',0,1),(1498,'2023-09-06 11:39:25','2025-09-09 01:41:16','Coöperatie Aardwarmte Beheer Nederland U.A,',NULL,0,'Zwethlaan 52\n2675 LB\nHonselersdijk','cooeperatie-aardwarmte-beheer-nederland-u-a',0,0),(1501,'2023-09-13 13:23:01','2023-09-13 14:38:15','SSB Offshore',NULL,0,'52 Stephensonstraat\n7903AW Hoogeveen','ssb-offshore',0,0),(1504,'2023-09-14 10:30:14','2023-09-14 10:39:47','Safehouse habitats LTD.',NULL,0,'Strathmore House Charles Bowman Avenue\nClaverhouse Ind Park','safehouse-habitats-ltd',0,0),(1507,'2023-09-14 10:49:39','2023-09-14 10:49:39','JS Energy Well Services BV',NULL,0,'Langewijck 11\n1462 NG Middenbeemster','js-energy-well-services-bv',0,1),(1516,'2023-09-18 10:57:58','2023-09-18 10:57:58','Integrated Drive Systems LLC',NULL,0,'1250 Fife St, Winnipeg, MB R2X 2N6, Canada\n1250 Fife St, Winnipeg, MB R2X 2N6, Canada','integrated-drive-systems-llc',0,0),(1540,'2023-09-21 22:51:49','2023-09-22 10:11:07','CPI',NULL,0,'Harregatplein 17\nZuidland','cpi',0,0),(1543,'2023-09-28 16:17:41','2023-10-02 11:09:36','nVent Thermal Management',NULL,0,'Van Heuven Goedhartlaan 117 \n1181KK Amstelveen \nThe Netherlands','nvent-thermal-management',0,0),(1552,'2023-10-02 16:42:56','2023-10-02 16:42:56','Hitachi Energy the Netherlands B.V.',NULL,0,'George Hintzenweg 81\n3068 AX Rotterdam','hitachi-energy-the-netherlands-b-v',0,1),(1558,'2023-10-04 10:42:09','2023-10-04 10:42:09','Performance Energy Limited',NULL,0,'132 Winchester Road, Suite B, First Floor\nChandlers Ford','performance-energy-limited',0,0),(1564,'2023-10-04 13:11:56','2023-10-04 13:11:56','NAM',NULL,0,'Schepersmaat 2','nam',0,1),(1576,'2023-10-05 15:37:28','2023-10-09 15:29:19','High Climb',NULL,0,'PN Arntzeniusweg\n1098GM Amsterdam','high-climb',0,0),(1585,'2023-10-06 16:29:38','2023-10-07 18:05:43','Hunting Energy Services BV',NULL,0,'Olieweg 10, 1951NH Velsen Noord,','hunting-energy-services-bv',0,0),(1597,'2023-10-10 10:52:09','2023-10-10 12:09:11','Baker Hughes',NULL,0,'Stoneywood Park North,\nDyce,\nAberdeen\nAB21 7EA\nScotland','baker-hughes',0,0),(1600,'2023-10-12 17:59:30','2023-10-12 17:59:30','Vukuzenzele Echnologies (Pty) Ltd',NULL,0,'Stand 45 Wilge Voltargo, Ogies (2226)','vukuzenzele-echnologies-pty-ltd',0,0),(1606,'2023-10-16 20:37:29','2023-10-16 20:37:29','Weatherford',NULL,0,'Schrijnwerkersweg','weatherford',0,1),(1615,'2023-10-17 21:16:59','2023-10-17 21:16:59','Undisclosed',NULL,0,'sadasdas 23','undisclosed',0,0),(1618,'2023-10-17 21:35:24','2023-10-17 21:41:26','Mechanic Worx',NULL,0,'Industrieweg 26A\n1613KV Grootebroek','mechanic-worx',0,0),(1621,'2023-10-19 08:53:54','2023-10-19 10:37:30','EJ de Korne THAB BV',NULL,0,'Verbindingsweg 2\n5411 NP Zeeland','ej-de-korne-thab-bv',0,0),(1642,'2023-11-02 13:02:26','2023-11-02 13:02:26','SC Rostoryteller SRL',NULL,0,'Street Ion Luca Caragiale 18, Baicoi, Prahova, Romania','sc-rostoryteller-srl',0,1),(1645,'2023-11-02 13:33:50','2023-11-02 14:01:50','KCI the Engineers B.V.',NULL,0,'De Brauwweg 62\n3125 AE Schiedam\nThe Netherlands','kci-the-engineers-b-v',0,0),(1657,'2023-11-07 09:59:21','2023-11-07 11:01:46','Femke Oepts Beeldstrateeg',NULL,0,'De OndernemersTuin\nt.a.v. Femke Oepts Beeldstrateeg, unit 1.02\nBerenkoog 35\n1822 BH  ALKMAAR','femke-oepts-beeldstrateeg',0,0),(1660,'2023-11-08 22:59:14','2023-11-08 22:59:14','Kimja',NULL,0,'Bart verhallenplein 167\n3122TJ schiedam','kimja',0,1),(1675,'2023-11-28 16:06:23','2025-11-28 23:09:01','JonTech BV',NULL,0,'Apolloweg 2M\n8239 DA Lelystad','jontech-bv',0,1),(1681,'2023-12-05 14:32:33','2023-12-05 16:47:30','Staatstoezicht op de Mijnen',NULL,0,'Henri Faasdreef 312\n2492 JP  DEN HAAG','staatstoezicht-op-de-mijnen',0,0),(1690,'2023-12-19 11:35:17','2023-12-19 11:35:17','Compressor Products International',NULL,0,'Harregatplein 17\nNL-3217 VP, Zuidland','compressor-products-international',0,1),(1693,'2023-12-19 13:23:21','2024-01-09 13:17:57','Lincotech BV',NULL,0,'Dolderweg 28\n8331 LL   STEENWIJK','lincotech-bv',0,0),(1702,'2023-12-28 21:51:34','2023-12-28 21:51:34','Fabricom / Equans',NULL,0,'Koperslagersweg 23\n1786RA Den Helder','fabricom-equans',0,1),(1705,'2024-01-10 10:44:07','2024-09-30 13:39:13','Runwell Energy Services B.V.',NULL,0,'Industrieweg 31\n7761 PV Schoonebeek','runwell-energy-services-b-v',0,0),(1711,'2024-01-17 14:48:05','2024-01-17 14:51:07','Mykola Manko',NULL,0,'Rua Ricardo Reis 1, 6ºA\n2675-239 Odivelas\nPortugal','mykola-manko',0,1),(1735,'2024-02-07 14:27:14','2025-03-03 11:11:00','Optimus brandbeveiliging','null',0,'Blokmakerstraat 6\n9403 VD Assen','optimus-brandbeveiliging',0,1),(1741,'2024-02-12 10:30:09','2025-03-03 11:13:43','Gasunie','null',0,'Concourslaan 17','gasunie',0,1),(1747,'2024-02-13 15:07:23','2024-02-13 15:20:54','ClampOn AS','Bergen Norway',0,'Vaagsgaten 10, NO-5160 LAKSEVAAG, Bergen','clampon',0,0),(1759,'2024-02-27 13:23:56','2024-02-28 14:09:32','Calderys The Netherlands B.V.',NULL,0,'Energieweg 25, 4906 CG Oosterhout','calderys-the-netherlands-b-v',0,0),(1762,'2024-03-04 13:38:33','2024-03-08 16:59:18','WSG Industrial Services B.V.','Emmen',0,'Charles Darwinstraat 5\n7825 AB Emmen','wsg-industrial-services-b-v',0,0),(1765,'2024-03-15 10:00:47','2024-03-15 17:08:14','Armac B.V.',NULL,0,'Buskesdries 2\n6673 DP Andelst\nNetherlands','armac-b-v',0,0),(1771,'2024-03-22 16:50:37','2024-03-26 12:41:03','Mako Offshore',NULL,0,'Unit 3, Craigearn Business Park, \nKintore, Inverurie \nAB510TH','mako-offshore',0,0),(1777,'2024-04-02 11:31:23','2025-04-03 01:25:42','Sagro Decom B.V.',NULL,0,'Heinkenszandseweg 22\n4453 VG \\\'s-Heerenhoek','sagro-decom-b-v',0,0),(1780,'2024-04-06 14:34:57','2024-04-06 14:34:57','BSTE B.V.',NULL,0,'Rossinistraat 688','bste-b-v',0,1),(1783,'2024-04-08 19:42:31','2024-04-08 19:42:31','Arrowflex',NULL,0,'ruud@arrowflex.nl','arrowflex',0,0),(1792,'2024-04-09 11:57:24','2024-04-09 13:22:26','Electromach',NULL,0,'Jan Tinbergenstraat 193\n7559 SP Hengelo','electromach',0,0),(1795,'2024-04-12 08:00:49','2024-04-12 08:00:49','JGC Arabia Ltd',NULL,0,'Jubail, KSA','jgc-arabia-ltd',0,0),(1801,'2024-04-17 13:26:21','2024-04-17 15:15:10','Iv-Infra B.V.',NULL,0,'Trapezium 322, 3364 DL Sliedrecht','iv-infra-b-v',0,0),(1804,'2024-04-18 11:20:43','2024-04-18 14:41:16','Omexom',NULL,0,'Korenmaat 4\n9405 TJ  Assen\nNetherlands','omexom',0,0),(1807,'2024-04-24 15:14:21','2024-04-26 10:23:23','Pike Moerland / Ecotax','null',0,'Steenpad 13\n4797 SG','pike-moerland',0,1),(1810,'2024-05-21 14:32:01','2024-05-21 14:32:01','STAR Technical Services',NULL,0,'Plaza 2, 4782 SK Moerdijk','star-technical-services',0,1),(1816,'2024-05-29 21:25:51','2024-05-29 21:25:51','ROPE ACCESS SERVICE PIOTR TEMPSKI',NULL,0,'ŚCIEŻKI1/1 \n80-732 GDAŃSK\nPOLAND','rope-access-service-piotr-tempski',0,0),(1819,'2024-05-30 08:49:35','2025-05-30 02:32:11','STAR Group Nederland B.V.',NULL,0,'Plaza 2\n4782 SK Moerdijk','star-group-nederland-b-v',0,0),(1825,'2024-07-31 12:09:02','2024-07-31 13:57:25','Pinto.Services BV',NULL,0,'Broersvest 135B 3111EE Schiedam','pinto-services-bv',0,0),(1828,'2024-07-31 15:35:59','2024-08-02 10:44:43','Timing',NULL,0,'Deventerstraat 15-2\nApeldoorn\n7311BH','timing',0,0),(1831,'2024-07-31 16:16:17','2024-07-31 16:16:17','Skelar',NULL,0,'Netherlands','skelar',0,1),(1834,'2024-08-15 12:26:25','2024-08-15 12:40:16','Mistras Group BV.',NULL,0,'Mistras Group B.v.\nHofweg 15, 3208LE\nSpijkenisse','mistras-group-bv',0,0),(1837,'2024-08-16 11:47:12','2024-08-16 11:47:12','My Safety',NULL,0,'3031ac Admiraal de Ruyterweg 22 B','my-safety',0,1),(1840,'2024-08-19 16:56:20','2024-08-19 16:56:20','Skeye',NULL,0,'Sikkel 22A','skeye',0,1),(1843,'2024-08-26 15:11:11','2024-08-26 16:47:01','Stratt+ Industrial Management Projecten BV',NULL,0,'H.A. Lorentzstraat 1A\n3331 EE, Zwijndrecht','stratt-industrial-management-projecten-bv',0,0),(1846,'2024-08-29 14:43:52','2024-08-29 15:43:16','Hydrauflush International B.V.',NULL,0,'Industrieweg 26\n1521 NE\nWormerveer','hydrauflush-international-b-v',0,0),(1849,'2024-09-04 10:31:13','2024-09-04 10:31:13','Kaefer',NULL,0,'P.Zeemanweg 145 3316GZ Dordrecht','kaefer',0,1),(1852,'2024-09-04 15:45:24','2024-09-04 15:45:24','asdasd',NULL,0,'asdasdasdasd 23','asdasd',0,0),(1855,'2024-09-05 09:41:17','2025-02-28 14:15:52','Bender Benelux B.V.',NULL,0,'Takkebijsters 54\n4817 BL  BREDA','bender-benelux-b-v',0,0),(1864,'2024-09-17 17:12:50','2024-09-17 18:29:07','HSEquipment',NULL,0,'Weide 20\n4206 CJ  Gorinchem\nThe Netherlands','hsequipment',0,0),(1867,'2024-09-21 11:37:57','2024-09-21 13:14:16','Greussing Kranservice',NULL,0,'Bersbuch 745\n6866 Andelsbuch\nAustria','greussing-kranservice',0,0),(1870,'2024-10-03 10:16:04','2024-10-03 10:16:04','Benning NL',NULL,0,'42 Peppelkade\n3992 AK Houten','benning-nl',0,0),(1873,'2024-10-04 14:14:18','2024-10-04 14:14:18','Inwatec',NULL,0,'Phileas Foggstraat 120,7825 AM Emmen','inwatec',0,1),(1879,'2024-10-14 08:34:45','2024-10-14 08:34:45','Bakker Oilfield Supply',NULL,0,'De Hulteweg 10\n7741 LE Coevorden\nThe Netherlands','bakker-oilfield-supply',0,1),(1882,'2024-10-15 09:24:29','2024-10-15 12:29:57','EMHA B.V.',NULL,0,'Noordeinde 13, 3341 LW  Hendrik Ido Ambacht','emha-b-v',0,0),(1897,'2024-11-11 12:47:28','2024-11-11 13:48:40','Antea Group',NULL,0,'Tolhuisweg 57\n8440 AA Heerenveen','antea-group',0,0),(1906,'2025-01-21 11:39:02','2025-01-21 11:39:02','Tuxedo Holdings',NULL,0,'89 Seamount Court\nAberdeen AB251DS','tuxedo-holdings',0,1),(1909,'2025-01-22 05:20:05','2025-01-22 05:20:05','RJGM',NULL,0,'8464E Trabajo Street Barangay Olympia','rjgm',0,1),(1912,'2025-01-30 13:18:53','2025-01-30 13:18:53','Undisclosed Holding',NULL,0,'none','undisclosed-holding',0,1),(1915,'2025-01-30 13:22:17','2025-01-30 13:26:22','Undisclosed BV',NULL,0,'none','undisclosed-bv',0,0),(1918,'2025-03-05 14:23:18','2025-03-05 14:23:18','HeidTech',NULL,0,'Commandeurssingel 36\n1792AV Oudeschild','heidtech',0,1),(1924,'2025-05-07 11:43:13','2025-05-07 11:43:13','Dräger Marine & Offshore',NULL,0,'Beurtschipperstraat 1\n3194DK Hoogvliet','draeger-marine-and-offshore',0,1),(1930,'2025-06-24 08:24:26','2025-06-24 08:28:58','Noordgastransport (NGT)',NULL,0,'Middenweg 2,\n9981 VG Uithuizen','noordgastransport-ngt',0,0),(1936,'2025-11-03 06:26:19','2025-11-03 06:26:19','Balance point control BV',NULL,0,'Karel Doormanstraat 4\n7825VT Emmen','balance-point-control-bv',0,1),(1937,'2025-11-04 10:23:23','2025-11-04 10:23:23','e-Power B.V.',NULL,0,'Molenwerf 1a, 1911DB, Uitgeest','e-power-b-v',0,1),(1938,'2025-12-18 12:56:08','2025-12-18 15:17:41','HZ Marine & Offshore',NULL,0,'tt Vasumweg 294 \n1033 SJ Amsterdam','hz-marine-and-offshore',0,0);

--
-- Table structure for table `companies_has_region`
--

CREATE TABLE `companies_has_region` (
  `id` int NOT NULL AUTO_INCREMENT,
  `companies_id` int NOT NULL,
  `region_id` int NOT NULL,
  PRIMARY KEY (`id`),
  KEY `IX_company_region_region_id` (`region_id`),
  KEY `IX_company_region_companies_id` (`companies_id`),
  CONSTRAINT `FK_A6D44FB96AE4741E` FOREIGN KEY (`companies_id`) REFERENCES `companies` (`id`) ON DELETE CASCADE,
  CONSTRAINT `FK_A6D44FB998260155` FOREIGN KEY (`region_id`) REFERENCES `region` (`id`) ON DELETE CASCADE
) ENGINE=InnoDB AUTO_INCREMENT=9232 DEFAULT CHARSET=utf8mb4 COLLATE=utf8mb4_unicode_ci;

--
-- Dumping data for table `companies_has_region`
--

INSERT INTO `companies_has_region` VALUES (116,116,1),(154,154,1),(442,116,5),(550,154,5),(1880,398,1),(1886,398,5),(2069,335,1),(2075,335,5),(2131,211,1),(2137,211,5),(2164,19,1),(2170,19,5),(2173,295,1),(2179,295,5),(2180,389,1),(2186,389,5),(2206,131,1),(2212,131,5),(2213,124,1),(2219,124,5),(2222,39,1),(2228,39,5),(2248,158,1),(2254,158,5),(2255,171,1),(2261,171,5),(2263,172,1),(2269,172,5),(2272,23,1),(2278,23,5),(2303,348,1),(2309,348,5),(2321,148,1),(2327,148,5),(2345,230,1),(2351,230,5),(2354,143,1),(2360,143,5),(2371,177,1),(2377,177,5),(2431,221,1),(2437,221,5),(2455,166,1),(2461,166,5),(2479,301,1),(2485,301,5),(2494,40,1),(2500,40,5),(2537,239,1),(2543,239,5),(2545,147,1),(2551,147,5),(2554,214,1),(2560,214,5),(2561,140,1),(2567,140,5),(2585,103,1),(2591,103,5),(2594,149,1),(2600,149,5),(2611,199,1),(2617,199,5),(2633,267,1),(2639,267,5),(2648,29,1),(2654,29,5),(2672,226,1),(2678,226,5),(2720,274,1),(2726,274,5),(2729,263,1),(2735,263,5),(2738,123,1),(2744,123,5),(2755,117,1),(2761,117,5),(2764,108,1),(2770,108,5),(2816,329,1),(2822,329,5),(2824,379,1),(2830,379,5),(2839,255,1),(2845,255,5),(2864,339,1),(2870,339,5),(2899,259,1),(2905,259,5),(2963,155,1),(2969,155,5),(2995,315,1),(3001,315,5),(3011,34,1),(3017,34,5),(3019,122,1),(3025,122,5),(3077,382,1),(3083,382,5),(3092,136,1),(3098,136,5),(3101,142,1),(3107,142,5),(3110,170,1),(3116,170,5),(3137,24,1),(3143,24,5),(3146,237,1),(3152,237,5),(3161,4,1),(3167,4,5),(3169,262,1),(3175,262,5),(3184,236,1),(3190,236,5),(3218,238,1),(3224,238,5),(3286,137,1),(3292,137,5),(3293,127,1),(3299,127,5),(3319,18,1),(3325,18,5),(3353,232,1),(3359,232,5),(3371,119,1),(3377,119,5),(3380,192,1),(3386,192,5),(3395,26,1),(3401,26,5),(3446,21,1),(3452,21,5),(3461,111,1),(3467,111,5),(3484,36,1),(3490,36,5),(3499,395,1),(3505,395,5),(3506,298,1),(3512,298,5),(3515,162,1),(3521,162,5),(3523,186,1),(3529,186,5),(3539,185,1),(3545,185,5),(3604,160,1),(3610,160,5),(3620,164,1),(3626,164,5),(3635,193,1),(3641,193,5),(3653,100,1),(3659,100,5),(3694,330,1),(3700,330,5),(3710,157,1),(3716,157,5),(3733,105,1),(3739,105,5),(3757,228,1),(3763,228,5),(3766,286,1),(3772,286,5),(3773,219,1),(3779,219,5),(3799,163,1),(3805,163,5),(3830,260,1),(3836,260,5),(3838,385,1),(3844,385,5),(3847,152,1),(3853,152,5),(3914,9,1),(3920,9,5),(3922,318,1),(3928,318,5),(3929,188,1),(3935,188,5),(3956,102,1),(3962,102,5),(3988,151,1),(3994,151,5),(4030,404,1),(4036,404,5),(4154,416,1),(4160,416,5),(4301,28,13),(4304,28,1),(4310,28,5),(4381,427,13),(4384,427,1),(4390,427,5),(4403,425,13),(4406,425,1),(4412,425,5),(4414,430,1),(4420,430,5),(4438,436,1),(4444,436,5),(4473,447,1),(4479,447,5),(4488,257,1),(4494,257,5),(4495,451,1),(4501,451,5),(4504,454,1),(4510,454,5),(4530,462,1),(4536,462,5),(4579,465,1),(4585,465,5),(4596,471,1),(4602,471,5),(4629,480,1),(4635,480,5),(4638,483,1),(4644,483,5),(4654,487,1),(4660,487,5),(4672,493,1),(4678,493,5),(4681,496,1),(4701,501,1),(4707,501,5),(4716,504,1),(4722,504,5),(4755,374,1),(4761,374,5),(4810,526,1),(4816,526,5),(4846,534,1),(4852,534,5),(4854,537,1),(4860,537,5),(4924,134,1),(4930,134,5),(4977,558,1),(4983,558,5),(4995,564,1),(5001,564,5),(5054,584,1),(5072,593,1),(5075,593,5),(5082,597,1),(5085,597,5),(5115,606,1),(5147,614,1),(5150,614,5),(5151,615,1),(5154,615,5),(5186,626,1),(5189,626,5),(5202,630,1),(5205,630,5),(5240,644,1),(5243,644,5),(5283,653,1),(5286,653,5),(5292,654,1),(5295,654,5),(5316,660,1),(5319,660,5),(5334,666,1),(5337,666,5),(5351,671,1),(5354,671,5),(5367,674,1),(5370,674,3),(5373,674,5),(5409,684,1),(5412,684,5),(5420,689,1),(5423,689,5),(5448,699,1),(5451,699,5),(5460,701,1),(5463,701,5),(5487,714,1),(5490,714,5),(5499,716,1),(5502,716,5),(5510,722,1),(5549,740,1),(5552,740,5),(5574,741,1),(5577,741,5),(5627,761,1),(5630,761,5),(5655,771,1),(5658,771,5),(5670,783,1),(5687,693,1),(5690,693,5),(5696,797,33),(5714,812,33),(5723,818,33),(5729,824,1),(5732,824,5),(5738,827,33),(5753,839,1),(5756,839,5),(5759,842,33),(5762,845,33),(5783,863,33),(5822,902,1),(5828,908,33),(5837,917,1),(5840,917,5),(5891,403,1),(5894,403,5),(5999,986,1),(6011,138,1),(6014,138,5),(6020,138,33),(6032,32,1),(6035,32,5),(6050,169,1),(6053,169,5),(6059,125,1),(6062,125,5),(6119,1007,1),(6122,1007,5),(6131,1013,1),(6134,1013,5),(6143,1019,1),(6146,165,1),(6149,165,5),(6173,1028,1),(6176,1028,5),(6206,1037,33),(6209,1040,33),(6221,135,1),(6224,135,5),(6245,1061,1),(6248,1064,1),(6251,1064,5),(6263,1076,1),(6266,1076,5),(6269,241,1),(6272,241,5),(6287,1079,1),(6290,1079,5),(6313,1093,1),(6316,1093,5),(6319,1096,1),(6322,1096,5),(6331,1102,1),(6334,1102,5),(6337,1090,1),(6340,1090,5),(6364,1108,1),(6367,1108,2),(6370,1108,3),(6373,1108,4),(6376,1108,5),(6379,1111,1),(6382,1111,5),(6385,1114,1),(6388,1114,5),(6397,1117,1),(6400,1117,5),(6406,1123,1),(6409,1123,5),(6412,220,1),(6415,220,5),(6418,1126,1),(6421,1126,5),(6424,1129,1),(6427,1129,5),(6430,1132,1),(6433,1132,5),(6436,1135,33),(6445,713,1),(6448,713,5),(6451,1141,33),(6457,1147,1),(6460,1147,5),(6463,1150,1),(6466,1150,5),(6469,1153,1),(6472,1153,5),(6475,1156,1),(6478,1156,5),(6481,1159,1),(6484,1159,5),(6487,1162,1),(6490,1162,5),(6493,1165,1),(6496,1165,5),(6499,1168,1),(6502,1168,5),(6505,1171,33),(6514,920,1),(6517,920,5),(6520,1177,1),(6523,1177,5),(6526,1180,1),(6529,1180,5),(6532,1183,1),(6535,1183,5),(6538,1186,1),(6541,1189,1),(6544,1192,1),(6553,1201,1),(6583,1213,1),(6586,1213,3),(6589,1204,1),(6592,1204,3),(6595,1216,1),(6598,1216,3),(6613,1219,1),(6616,1219,3),(6619,1219,5),(6622,1222,1),(6625,1222,3),(6628,1225,1),(6631,1225,5),(6640,1231,1),(6652,1237,1),(6655,1237,37),(6658,1240,1),(6661,1240,3),(6667,1243,1),(6670,1243,5),(6673,1246,1),(6676,1246,5),(6691,1252,1),(6694,1252,5),(6697,1144,1),(6700,1144,33),(6709,1258,1),(6712,1258,5),(6718,1261,1),(6724,1264,1),(6727,1234,1),(6730,1234,5),(6733,1267,1),(6742,1270,1),(6745,1270,5),(6748,1276,1),(6751,1276,5),(6757,1085,1),(6760,1085,5),(6775,1288,1),(6778,1288,5),(6784,1249,1),(6787,983,1),(6790,983,5),(6793,1294,1),(6796,1294,5),(6799,1297,1),(6802,1297,5),(6805,780,1),(6808,780,5),(6811,1300,1),(6814,1303,1),(6817,1207,1),(6820,1207,3),(6823,1207,5),(6826,1306,1),(6835,1309,1),(6838,1309,5),(6841,1312,1),(6844,1312,5),(6853,1315,1),(6856,1315,5),(6874,1321,1),(6877,1321,37),(6880,1324,1),(6883,1324,5),(6895,3,1),(6898,3,3),(6901,3,5),(6904,3,37),(6913,128,1),(6916,128,5),(6919,1318,1),(6922,1318,5),(6925,1333,1),(6928,1333,5),(6934,3,33),(6937,4,33),(6940,6,33),(6943,9,33),(6952,18,33),(6955,19,33),(6958,21,33),(6961,23,33),(6964,24,33),(6967,26,33),(6970,28,33),(6973,29,33),(6976,32,33),(6979,34,33),(6982,36,33),(6988,39,33),(6991,40,33),(6994,100,33),(6997,102,33),(7000,103,33),(7003,105,33),(7006,108,33),(7012,111,33),(7015,116,33),(7018,117,33),(7021,119,33),(7024,122,33),(7027,123,33),(7030,124,33),(7033,125,33),(7039,127,33),(7042,128,33),(7045,131,33),(7054,134,33),(7057,135,33),(7060,136,33),(7063,137,33),(7066,140,33),(7069,142,33),(7072,143,33),(7075,147,33),(7078,148,33),(7081,149,33),(7084,151,33),(7087,152,33),(7090,154,33),(7093,155,33),(7096,157,33),(7099,158,33),(7102,160,33),(7105,162,33),(7108,163,33),(7111,164,33),(7114,165,33),(7117,166,33),(7120,169,33),(7123,170,33),(7126,171,33),(7129,172,33),(7135,177,33),(7141,185,33),(7144,186,33),(7147,188,33),(7150,192,33),(7153,193,33),(7162,199,33),(7165,211,33),(7168,214,33),(7171,219,33),(7174,220,33),(7177,221,33),(7180,226,33),(7183,228,33),(7186,230,33),(7189,232,33),(7192,236,33),(7195,237,33),(7198,238,33),(7201,239,33),(7204,241,33),(7216,255,33),(7219,257,33),(7222,259,33),(7225,260,33),(7228,262,33),(7231,263,33),(7234,267,33),(7237,274,33),(7240,286,33),(7246,295,33),(7249,298,33),(7252,301,33),(7255,315,33),(7258,318,33),(7261,329,33),(7264,330,33),(7267,335,33),(7270,339,33),(7273,348,33),(7276,374,33),(7279,379,33),(7282,382,33),(7285,385,33),(7288,389,33),(7291,395,33),(7294,398,33),(7297,403,33),(7300,404,33),(7303,416,33),(7306,425,33),(7309,427,33),(7312,430,33),(7315,436,33),(7318,447,33),(7321,451,33),(7324,454,33),(7327,462,33),(7330,465,33),(7333,471,33),(7339,480,33),(7342,483,33),(7345,487,33),(7348,493,33),(7351,496,33),(7354,501,33),(7357,504,33),(7360,526,33),(7363,534,33),(7366,537,33),(7369,558,33),(7372,564,33),(7375,584,33),(7381,593,33),(7384,597,33),(7387,606,33),(7390,614,33),(7393,615,33),(7396,626,33),(7399,630,33),(7402,644,33),(7405,653,33),(7408,654,33),(7411,660,33),(7414,666,33),(7417,671,33),(7420,674,33),(7423,684,33),(7426,689,33),(7429,693,33),(7432,699,33),(7435,701,33),(7438,713,33),(7441,714,33),(7444,716,33),(7447,722,33),(7453,740,33),(7456,741,33),(7465,761,33),(7468,771,33),(7471,780,33),(7474,783,33),(7477,824,33),(7480,839,33),(7483,902,33),(7486,917,33),(7489,920,33),(7492,983,33),(7495,986,33),(7498,1007,33),(7501,1013,33),(7504,1019,33),(7507,1028,33),(7510,1061,33),(7513,1064,33),(7516,1076,33),(7519,1079,33),(7525,1085,33),(7528,1090,33),(7531,1093,33),(7534,1096,33),(7537,1102,33),(7540,1108,33),(7543,1111,33),(7546,1114,33),(7549,1117,33),(7552,1123,33),(7555,1126,33),(7558,1129,33),(7561,1132,33),(7567,1147,33),(7570,1150,33),(7573,1153,33),(7576,1156,33),(7579,1159,33),(7582,1162,33),(7585,1165,33),(7588,1168,33),(7594,1177,33),(7597,1180,33),(7600,1183,33),(7603,1186,33),(7606,1189,33),(7609,1192,33),(7612,1201,33),(7615,1204,33),(7618,1207,33),(7624,1213,33),(7627,1216,33),(7630,1219,33),(7633,1222,33),(7636,1225,33),(7642,1231,33),(7645,1234,33),(7648,1237,33),(7651,1240,33),(7654,1243,33),(7657,1246,33),(7660,1249,33),(7663,1252,33),(7669,1258,33),(7672,1261,33),(7675,1264,33),(7678,1267,33),(7681,1270,33),(7687,1276,33),(7690,1288,33),(7696,1294,33),(7699,1297,33),(7702,1300,33),(7705,1303,33),(7708,1306,33),(7711,1309,33),(7714,1312,33),(7717,1315,33),(7720,1318,33),(7723,1321,33),(7726,1324,33),(7729,1333,33),(7738,1339,1),(7741,1339,33),(7750,126,1),(7753,126,5),(7756,126,33),(7759,1327,1),(7762,1327,2),(7765,1327,3),(7768,1327,4),(7771,1327,5),(7774,1327,13),(7777,1327,24),(7780,1327,25),(7783,1327,33),(7786,1327,36),(7789,1327,37),(7792,1327,40),(7795,413,1),(7798,413,2),(7801,413,3),(7804,413,4),(7807,413,5),(7810,413,13),(7813,413,24),(7816,413,25),(7819,413,33),(7822,413,36),(7825,413,37),(7828,413,40),(7831,1345,1),(7834,1345,33),(7837,1348,1),(7840,1348,33),(7843,1351,1),(7846,1351,33),(7855,1357,1),(7858,1357,33),(7861,38,1),(7864,38,5),(7867,38,33),(7870,1360,1),(7873,1360,33),(7891,1363,1),(7894,1363,5),(7897,1363,33),(7900,1366,1),(7903,1366,33),(7915,1369,1),(7918,1369,33),(7927,1375,1),(7930,1375,33),(7951,1174,1),(7954,1174,5),(7957,1174,33),(7960,1384,1),(7963,1384,5),(7966,1384,33),(7969,133,1),(7972,133,5),(7975,133,33),(7978,1387,1),(7981,1387,33),(7990,1393,1),(7993,1393,33),(8005,1399,1),(8008,1399,33),(8017,1405,1),(8020,1405,33),(8029,1411,1),(8032,1411,33),(8035,1414,1),(8038,1414,33),(8047,1417,1),(8050,1417,33),(8053,1420,1),(8056,1420,33),(8059,1423,1),(8062,1423,33),(8065,1426,1),(8068,1426,33),(8071,1429,1),(8074,1429,33),(8077,1432,1),(8080,1432,33),(8083,1435,1),(8086,1435,33),(8095,1441,1),(8098,1441,33),(8101,1444,1),(8104,1444,33),(8125,1453,1),(8128,1453,33),(8143,1462,1),(8146,1462,33),(8149,1465,1),(8152,1465,33),(8155,1468,1),(8158,1468,33),(8161,1471,1),(8164,1471,33),(8167,1474,1),(8170,1474,33),(8173,1477,1),(8176,1477,33),(8179,1480,1),(8182,1480,33),(8191,1486,1),(8194,1486,33),(8197,1489,1),(8200,1489,33),(8203,1492,1),(8206,1492,33),(8215,1498,1),(8218,1498,33),(8221,1501,1),(8224,1501,33),(8227,1504,1),(8230,1504,33),(8233,1507,1),(8236,1507,33),(8251,1516,1),(8254,1516,33),(8275,252,1),(8278,252,5),(8281,252,33),(8308,1540,1),(8311,1540,33),(8314,1543,1),(8317,1543,33),(8332,1552,1),(8335,1552,33),(8344,1558,1),(8347,1558,33),(8356,1564,1),(8359,1564,33),(8380,1576,1),(8383,1576,33),(8398,1585,1),(8401,1585,33),(8431,180,1),(8434,180,5),(8437,180,33),(8440,1597,1),(8443,1597,33),(8446,1600,1),(8449,1600,33),(8458,1606,1),(8461,1606,33),(8476,1615,1),(8479,1615,33),(8482,1618,1),(8485,1618,33),(8488,1621,1),(8491,1621,33),(8530,1642,1),(8533,1642,33),(8536,1645,1),(8539,1645,33),(8560,1657,1),(8563,1657,33),(8566,1660,1),(8569,1660,33),(8596,1675,1),(8599,1675,33),(8617,1138,1),(8620,1138,5),(8623,1138,33),(8626,1681,1),(8629,1681,33),(8644,1690,1),(8647,1690,33),(8650,1693,1),(8653,1693,33),(8668,1702,1),(8671,1702,33),(8674,1705,1),(8677,1705,33),(8686,1711,1),(8689,1711,33),(8779,1747,1),(8782,1747,5),(8785,1747,33),(8806,1759,1),(8809,1759,33),(8818,1762,1),(8821,1762,33),(8824,1765,1),(8827,1765,33),(8836,1771,1),(8839,1771,33),(8848,1777,1),(8851,1777,33),(8854,1780,1),(8857,1780,33),(8860,1783,1),(8863,1783,33),(8878,1792,1),(8881,1792,33),(8884,1795,1),(8887,1795,33),(8890,755,1),(8893,755,5),(8896,755,33),(8905,1801,1),(8908,1801,33),(8911,1804,1),(8914,1804,33),(8917,1082,1),(8920,1082,5),(8923,1082,33),(8938,1807,1),(8941,1807,33),(8944,1810,1),(8947,1810,33),(8956,1816,1),(8959,1816,33),(8962,1819,1),(8965,1819,33),(8974,1825,1),(8977,1825,33),(8980,1828,1),(8983,1828,33),(8986,1831,1),(8989,1831,33),(8992,1834,1),(8995,1834,33),(8998,1837,1),(9001,1837,33),(9004,1840,1),(9007,1840,33),(9010,1843,1),(9013,1843,33),(9016,1846,1),(9019,1846,33),(9022,1849,1),(9025,1849,33),(9028,1852,1),(9031,1852,33),(9034,1855,1),(9037,1855,33),(9052,1864,1),(9055,1864,33),(9058,1867,1),(9061,1867,33),(9064,1870,1),(9067,1870,33),(9070,1873,1),(9073,1873,33),(9082,1879,1),(9085,1879,33),(9088,1882,1),(9091,1882,33),(9136,1897,1),(9139,1897,33),(9154,1906,1),(9157,1906,33),(9160,1909,1),(9163,1909,33),(9166,1912,1),(9169,1912,33),(9172,1915,1),(9175,1915,33),(9178,1735,1),(9181,1735,33),(9184,1741,1),(9187,1741,33),(9190,1918,1),(9193,1918,33),(9202,1924,1),(9205,1924,33),(9214,1930,1),(9217,1930,33),(9226,1936,1),(9227,1936,33),(9228,1937,1),(9229,1937,33),(9230,1938,1),(9231,1938,33);

--
-- Table structure for table `country`
--

CREATE TABLE `country` (
  `id` int NOT NULL AUTO_INCREMENT,
  `created_at` datetime(6) NOT NULL,
  `updated_at` datetime(6) NOT NULL,
  `name` varchar(255) CHARACTER SET utf8mb4 COLLATE utf8mb4_unicode_ci DEFAULT NULL,
  `shortname` longtext CHARACTER SET utf8mb4 COLLATE utf8mb4_unicode_ci,
  `locale` longtext CHARACTER SET utf8mb4 COLLATE utf8mb4_unicode_ci,
  PRIMARY KEY (`id`)
) ENGINE=InnoDB AUTO_INCREMENT=251 DEFAULT CHARSET=utf8mb4 COLLATE=utf8mb4_unicode_ci;

--
-- Dumping data for table `country`
--

INSERT INTO `country` VALUES (1,'2019-02-20 14:38:21.054000','2019-02-20 14:38:21.054000','Afghanistan','AF',''),(2,'2019-02-20 14:38:21.054000','2019-02-20 14:38:21.054000','Aland Islands','AX',''),(3,'2019-02-20 14:38:21.054000','2019-02-20 14:38:21.054000','Albania','AL',''),(4,'2019-02-20 14:38:21.054000','2019-02-20 14:38:21.054000','Algeria','DZ',''),(5,'2019-02-20 14:38:21.054000','2019-02-20 14:38:21.054000','American Samoa','AS',''),(6,'2019-02-20 14:38:21.054000','2019-02-20 14:38:21.054000','Andorra','AD',''),(7,'2019-02-20 14:38:21.054000','2019-02-20 14:38:21.054000','Angola','AO',''),(8,'2019-02-20 14:38:21.054000','2019-02-20 14:38:21.054000','Anguilla','AI',''),(9,'2019-02-20 14:38:21.054000','2019-02-20 14:38:21.054000','Antarctica','AQ',''),(10,'2019-02-20 14:38:21.054000','2019-02-20 14:38:21.054000','Antigua and Barbuda','AG',''),(11,'2019-02-20 14:38:21.054000','2019-02-20 14:38:21.054000','Argentina','AR',''),(12,'2019-02-20 14:38:21.054000','2019-02-20 14:38:21.054000','Armenia','AM',''),(13,'2019-02-20 14:38:21.054000','2019-02-20 14:38:21.054000','Aruba','AW',''),(14,'2019-02-20 14:38:21.054000','2019-02-20 14:38:21.054000','Australia','AU',''),(15,'2019-02-20 14:38:21.054000','2019-02-20 14:38:21.054000','Austria','AT',''),(16,'2019-02-20 14:38:21.054000','2019-02-20 14:38:21.054000','Azerbaijan','AZ',''),(17,'2019-02-20 14:38:21.054000','2019-02-20 14:38:21.054000','Bahamas','BS',''),(18,'2019-02-20 14:38:21.054000','2019-02-20 14:38:21.054000','Bahrain','BH',''),(19,'2019-02-20 14:38:21.054000','2019-02-20 14:38:21.054000','Bangladesh','BD',''),(20,'2019-02-20 14:38:21.054000','2019-02-20 14:38:21.054000','Barbados','BB',''),(21,'2019-02-20 14:38:21.054000','2019-02-20 14:38:21.054000','Belarus','BY',''),(22,'2019-02-20 14:38:21.054000','2019-02-20 14:38:21.054000','Belgium','BE',''),(23,'2019-02-20 14:38:21.054000','2019-02-20 14:38:21.054000','Belize','BZ',''),(24,'2019-02-20 14:38:21.054000','2019-02-20 14:38:21.054000','Benin','BJ',''),(25,'2019-02-20 14:38:21.054000','2019-02-20 14:38:21.054000','Bermuda','BM',''),(26,'2019-02-20 14:38:21.054000','2019-02-20 14:38:21.054000','Bhutan','BT',''),(27,'2019-02-20 14:38:21.054000','2019-02-20 14:38:21.054000','Bolivia','BO',''),(28,'2019-02-20 14:38:21.054000','2019-02-20 14:38:21.054000','Bonaire, Saint Eustatius and Saba','BQ',''),(29,'2019-02-20 14:38:21.054000','2019-02-20 14:38:21.054000','Bosnia and Herzegovina','BA',''),(30,'2019-02-20 14:38:21.054000','2019-02-20 14:38:21.054000','Botswana','BW',''),(31,'2019-02-20 14:38:21.054000','2019-02-20 14:38:21.054000','Bouvet Island','BV',''),(32,'2019-02-20 14:38:21.054000','2019-02-20 14:38:21.054000','Brazil','BR',''),(33,'2019-02-20 14:38:21.054000','2019-02-20 14:38:21.054000','British Indian Ocean Territory','IO',''),(34,'2019-02-20 14:38:21.054000','2019-02-20 14:38:21.054000','British Virgin Islands','VG',''),(35,'2019-02-20 14:38:21.054000','2019-02-20 14:38:21.054000','Brunei','BN',''),(36,'2019-02-20 14:38:21.054000','2019-02-20 14:38:21.054000','Bulgaria','BG',''),(37,'2019-02-20 14:38:21.054000','2019-02-20 14:38:21.054000','Burkina Faso','BF',''),(38,'2019-02-20 14:38:21.054000','2019-02-20 14:38:21.054000','Burundi','BI',''),(39,'2019-02-20 14:38:21.054000','2019-02-20 14:38:21.054000','Cambodia','KH',''),(40,'2019-02-20 14:38:21.054000','2019-02-20 14:38:21.054000','Cameroon','CM',''),(41,'2019-02-20 14:38:21.054000','2019-02-20 14:38:21.054000','Canada','CA',''),(42,'2019-02-20 14:38:21.054000','2019-02-20 14:38:21.054000','Cape Verde','CV',''),(43,'2019-02-20 14:38:21.054000','2019-02-20 14:38:21.054000','Cayman Islands','KY',''),(44,'2019-02-20 14:38:21.054000','2019-02-20 14:38:21.054000','Central African Republic','CF',''),(45,'2019-02-20 14:38:21.054000','2019-02-20 14:38:21.054000','Chad','TD',''),(46,'2019-02-20 14:38:21.054000','2019-02-20 14:38:21.054000','Chile','CL',''),(47,'2019-02-20 14:38:21.054000','2019-02-20 14:38:21.054000','China','CN',''),(48,'2019-02-20 14:38:21.054000','2019-02-20 14:38:21.054000','Christmas Island','CX',''),(49,'2019-02-20 14:38:21.054000','2019-02-20 14:38:21.054000','Cocos Islands','CC',''),(50,'2019-02-20 14:38:21.054000','2019-02-20 14:38:21.054000','Colombia','CO',''),(51,'2019-02-20 14:38:21.054000','2019-02-20 14:38:21.054000','Comoros','KM',''),(52,'2019-02-20 14:38:21.054000','2019-02-20 14:38:21.054000','Cook Islands','CK',''),(53,'2019-02-20 14:38:21.054000','2019-02-20 14:38:21.054000','Costa Rica','CR',''),(54,'2019-02-20 14:38:21.054000','2019-02-20 14:38:21.054000','Croatia','HR',''),(55,'2019-02-20 14:38:21.054000','2019-02-20 14:38:21.054000','Cuba','CU',''),(56,'2019-02-20 14:38:21.054000','2019-02-20 14:38:21.054000','Curacao','CW',''),(57,'2019-02-20 14:38:21.054000','2019-02-20 14:38:21.054000','Cyprus','CY',''),(58,'2019-02-20 14:38:21.054000','2019-02-20 14:38:21.054000','Czech Republic','CZ',''),(59,'2019-02-20 14:38:21.054000','2019-02-20 14:38:21.054000','Democratic Republic of the Congo','CD',''),(60,'2019-02-20 14:38:21.054000','2019-02-20 14:38:21.054000','Denmark','DK',''),(61,'2019-02-20 14:38:21.054000','2019-02-20 14:38:21.054000','Djibouti','DJ',''),(62,'2019-02-20 14:38:21.054000','2019-02-20 14:38:21.054000','Dominica','DM',''),(63,'2019-02-20 14:38:21.054000','2019-02-20 14:38:21.054000','Dominican Republic','DO',''),(64,'2019-02-20 14:38:21.054000','2019-02-20 14:38:21.054000','East Timor','TL',''),(65,'2019-02-20 14:38:21.054000','2019-02-20 14:38:21.054000','Ecuador','EC',''),(66,'2019-02-20 14:38:21.054000','2019-02-20 14:38:21.054000','Egypt','EG',''),(67,'2019-02-20 14:38:21.054000','2019-02-20 14:38:21.054000','El Salvador','SV',''),(68,'2019-02-20 14:38:21.054000','2019-02-20 14:38:21.054000','Equatorial Guinea','GQ',''),(69,'2019-02-20 14:38:21.054000','2019-02-20 14:38:21.054000','Eritrea','ER',''),(70,'2019-02-20 14:38:21.054000','2019-02-20 14:38:21.054000','Estonia','EE',''),(71,'2019-02-20 14:38:21.054000','2019-02-20 14:38:21.054000','Ethiopia','ET',''),(72,'2019-02-20 14:38:21.054000','2019-02-20 14:38:21.054000','Falkland Islands','FK',''),(73,'2019-02-20 14:38:21.054000','2019-02-20 14:38:21.054000','Faroe Islands','FO',''),(74,'2019-02-20 14:38:21.054000','2019-02-20 14:38:21.054000','Fiji','FJ',''),(75,'2019-02-20 14:38:21.054000','2019-02-20 14:38:21.054000','Finland','FI',''),(76,'2019-02-20 14:38:21.054000','2019-02-20 14:38:21.054000','France','FR',''),(77,'2019-02-20 14:38:21.054000','2019-02-20 14:38:21.054000','French Guiana','GF',''),(78,'2019-02-20 14:38:21.054000','2019-02-20 14:38:21.054000','French Polynesia','PF',''),(79,'2019-02-20 14:38:21.054000','2019-02-20 14:38:21.054000','French Southern Territories','TF',''),(80,'2019-02-20 14:38:21.054000','2019-02-20 14:38:21.054000','Gabon','GA',''),(81,'2019-02-20 14:38:21.054000','2019-02-20 14:38:21.054000','Gambia','GM',''),(82,'2019-02-20 14:38:21.054000','2019-02-20 14:38:21.054000','Georgia','GE',''),(83,'2019-02-20 14:38:21.054000','2019-02-20 14:38:21.054000','Germany','DE',''),(84,'2019-02-20 14:38:21.054000','2019-02-20 14:38:21.054000','Ghana','GH',''),(85,'2019-02-20 14:38:21.054000','2019-02-20 14:38:21.054000','Gibraltar','GI',''),(86,'2019-02-20 14:38:21.054000','2019-02-20 14:38:21.054000','Greece','GR',''),(87,'2019-02-20 14:38:21.054000','2019-02-20 14:38:21.054000','Greenland','GL',''),(88,'2019-02-20 14:38:21.054000','2019-02-20 14:38:21.054000','Grenada','GD',''),(89,'2019-02-20 14:38:21.054000','2019-02-20 14:38:21.054000','Guadeloupe','GP',''),(90,'2019-02-20 14:38:21.054000','2019-02-20 14:38:21.054000','Guam','GU',''),(91,'2019-02-20 14:38:21.054000','2019-02-20 14:38:21.054000','Guatemala','GT',''),(92,'2019-02-20 14:38:21.054000','2019-02-20 14:38:21.054000','Guernsey','GG',''),(93,'2019-02-20 14:38:21.054000','2019-02-20 14:38:21.054000','Guinea','GN',''),(94,'2019-02-20 14:38:21.054000','2019-02-20 14:38:21.054000','Guinea-Bissau','GW',''),(95,'2019-02-20 14:38:21.054000','2019-02-20 14:38:21.054000','Guyana','GY',''),(96,'2019-02-20 14:38:21.054000','2019-02-20 14:38:21.054000','Haiti','HT',''),(97,'2019-02-20 14:38:21.054000','2019-02-20 14:38:21.054000','Heard Island and McDonald Islands','HM',''),(98,'2019-02-20 14:38:21.054000','2019-02-20 14:38:21.054000','Honduras','HN',''),(99,'2019-02-20 14:38:21.054000','2019-02-20 14:38:21.054000','Hong Kong','HK',''),(100,'2019-02-20 14:38:21.054000','2019-02-20 14:38:21.054000','Hungary','HU',''),(101,'2019-02-20 14:38:21.054000','2019-02-20 14:38:21.054000','Iceland','IS',''),(102,'2019-02-20 14:38:21.054000','2019-02-20 14:38:21.054000','India','IN',''),(103,'2019-02-20 14:38:21.054000','2019-02-20 14:38:21.054000','Indonesia','ID',''),(104,'2019-02-20 14:38:21.054000','2019-02-20 14:38:21.054000','Iran','IR',''),(105,'2019-02-20 14:38:21.054000','2019-02-20 14:38:21.054000','Iraq','IQ',''),(106,'2019-02-20 14:38:21.054000','2019-02-20 14:38:21.054000','Ireland','IE',''),(107,'2019-02-20 14:38:21.054000','2019-02-20 14:38:21.054000','Isle of Man','IM',''),(108,'2019-02-20 14:38:21.054000','2019-02-20 14:38:21.054000','Israel','IL',''),(109,'2019-02-20 14:38:21.054000','2019-02-20 14:38:21.054000','Italy','IT',''),(110,'2019-02-20 14:38:21.054000','2019-02-20 14:38:21.054000','Ivory Coast','CI',''),(111,'2019-02-20 14:38:21.054000','2019-02-20 14:38:21.054000','Jamaica','JM',''),(112,'2019-02-20 14:38:21.054000','2019-02-20 14:38:21.054000','Japan','JP',''),(113,'2019-02-20 14:38:21.054000','2019-02-20 14:38:21.054000','Jersey','JE',''),(114,'2019-02-20 14:38:21.054000','2019-02-20 14:38:21.054000','Jordan','JO',''),(115,'2019-02-20 14:38:21.054000','2019-02-20 14:38:21.054000','Kazakhstan','KZ',''),(116,'2019-02-20 14:38:21.054000','2019-02-20 14:38:21.054000','Kenya','KE',''),(117,'2019-02-20 14:38:21.054000','2019-02-20 14:38:21.054000','Kiribati','KI',''),(118,'2019-02-20 14:38:21.054000','2019-02-20 14:38:21.054000','Kosovo','XK',''),(119,'2019-02-20 14:38:21.054000','2019-02-20 14:38:21.054000','Kuwait','KW',''),(120,'2019-02-20 14:38:21.054000','2019-02-20 14:38:21.054000','Kyrgyzstan','KG',''),(121,'2019-02-20 14:38:21.054000','2019-02-20 14:38:21.054000','Laos','LA',''),(122,'2019-02-20 14:38:21.054000','2019-02-20 14:38:21.054000','Latvia','LV',''),(123,'2019-02-20 14:38:21.054000','2019-02-20 14:38:21.054000','Lebanon','LB',''),(124,'2019-02-20 14:38:21.054000','2019-02-20 14:38:21.054000','Lesotho','LS',''),(125,'2019-02-20 14:38:21.054000','2019-02-20 14:38:21.054000','Liberia','LR',''),(126,'2019-02-20 14:38:21.054000','2019-02-20 14:38:21.054000','Libya','LY',''),(127,'2019-02-20 14:38:21.054000','2019-02-20 14:38:21.054000','Liechtenstein','LI',''),(128,'2019-02-20 14:38:21.054000','2019-02-20 14:38:21.054000','Lithuania','LT',''),(129,'2019-02-20 14:38:21.054000','2019-02-20 14:38:21.054000','Luxembourg','LU',''),(130,'2019-02-20 14:38:21.054000','2019-02-20 14:38:21.054000','Macao','MO',''),(131,'2019-02-20 14:38:21.054000','2019-02-20 14:38:21.054000','Macedonia','MK','mk_MK'),(132,'2019-02-20 14:38:21.054000','2019-02-20 14:38:21.054000','Madagascar','MG',''),(133,'2019-02-20 14:38:21.054000','2019-02-20 14:38:21.054000','Malawi','MW',''),(134,'2019-02-20 14:38:21.054000','2019-02-20 14:38:21.054000','Malaysia','MY',''),(135,'2019-02-20 14:38:21.054000','2019-02-20 14:38:21.054000','Maldives','MV',''),(136,'2019-02-20 14:38:21.054000','2019-02-20 14:38:21.054000','Mali','ML',''),(137,'2019-02-20 14:38:21.054000','2019-02-20 14:38:21.054000','Malta','MT',''),(138,'2019-02-20 14:38:21.054000','2019-02-20 14:38:21.054000','Marshall Islands','MH',''),(139,'2019-02-20 14:38:21.054000','2019-02-20 14:38:21.054000','Martinique','MQ',''),(140,'2019-02-20 14:38:21.054000','2019-02-20 14:38:21.054000','Mauritania','MR',''),(141,'2019-02-20 14:38:21.054000','2019-02-20 14:38:21.054000','Mauritius','MU',''),(142,'2019-02-20 14:38:21.054000','2019-02-20 14:38:21.054000','Mayotte','YT',''),(143,'2019-02-20 14:38:21.054000','2019-02-20 14:38:21.054000','Mexico','MX',''),(144,'2019-02-20 14:38:21.054000','2019-02-20 14:38:21.054000','Micronesia','FM',''),(145,'2019-02-20 14:38:21.054000','2019-02-20 14:38:21.054000','Moldova','MD',''),(146,'2019-02-20 14:38:21.054000','2019-02-20 14:38:21.054000','Monaco','MC',''),(147,'2019-02-20 14:38:21.054000','2019-02-20 14:38:21.054000','Mongolia','MN',''),(148,'2019-02-20 14:38:21.054000','2019-02-20 14:38:21.054000','Montenegro','ME',''),(149,'2019-02-20 14:38:21.054000','2019-02-20 14:38:21.054000','Montserrat','MS',''),(150,'2019-02-20 14:38:21.054000','2019-02-20 14:38:21.054000','Morocco','MA',''),(151,'2019-02-20 14:38:21.054000','2019-02-20 14:38:21.054000','Mozambique','MZ',''),(152,'2019-02-20 14:38:21.054000','2019-02-20 14:38:21.054000','Myanmar','MM',''),(153,'2019-02-20 14:38:21.054000','2019-02-20 14:38:21.054000','Namibia','NA',''),(154,'2019-02-20 14:38:21.054000','2019-02-20 14:38:21.054000','Nauru','NR',''),(155,'2019-02-20 14:38:21.054000','2019-02-20 14:38:21.054000','Nepal','NP',''),(156,'2019-02-20 14:38:21.054000','2019-02-20 14:38:21.054000','Netherlands','NL','nl_NL'),(157,'2019-02-20 14:38:21.054000','2019-02-20 14:38:21.054000','New Caledonia','NC',''),(158,'2019-02-20 14:38:21.054000','2019-02-20 14:38:21.054000','New Zealand','NZ',''),(159,'2019-02-20 14:38:21.054000','2019-02-20 14:38:21.054000','Nicaragua','NI',''),(160,'2019-02-20 14:38:21.054000','2019-02-20 14:38:21.054000','Niger','NE',''),(161,'2019-02-20 14:38:21.054000','2019-02-20 14:38:21.054000','Nigeria','NG',''),(162,'2019-02-20 14:38:21.054000','2019-02-20 14:38:21.054000','Niue','NU',''),(163,'2019-02-20 14:38:21.054000','2019-02-20 14:38:21.054000','Norfolk Island','NF',''),(164,'2019-02-20 14:38:21.054000','2019-02-20 14:38:21.054000','North Korea','KP',''),(165,'2019-02-20 14:38:21.054000','2019-02-20 14:38:21.054000','Northern Mariana Islands','MP',''),(166,'2019-02-20 14:38:21.054000','2019-02-20 14:38:21.054000','Norway','NO',''),(167,'2019-02-20 14:38:21.054000','2019-02-20 14:38:21.054000','Oman','OM',''),(168,'2019-02-20 14:38:21.054000','2019-02-20 14:38:21.054000','Pakistan','PK',''),(169,'2019-02-20 14:38:21.054000','2019-02-20 14:38:21.054000','Palau','PW',''),(170,'2019-02-20 14:38:21.054000','2019-02-20 14:38:21.054000','Palestinian Territory','PS',''),(171,'2019-02-20 14:38:21.054000','2019-02-20 14:38:21.054000','Panama','PA',''),(172,'2019-02-20 14:38:21.054000','2019-02-20 14:38:21.054000','Papua New Guinea','PG',''),(173,'2019-02-20 14:38:21.054000','2019-02-20 14:38:21.054000','Paraguay','PY',''),(174,'2019-02-20 14:38:21.054000','2019-02-20 14:38:21.054000','Peru','PE',''),(175,'2019-02-20 14:38:21.054000','2019-02-20 14:38:21.054000','Philippines','PH',''),(176,'2019-02-20 14:38:21.054000','2019-02-20 14:38:21.054000','Pitcairn','PN',''),(177,'2019-02-20 14:38:21.054000','2019-02-20 14:38:21.054000','Poland','PL',''),(178,'2019-02-20 14:38:21.054000','2019-02-20 14:38:21.054000','Portugal','PT',''),(179,'2019-02-20 14:38:21.054000','2019-02-20 14:38:21.054000','Puerto Rico','PR',''),(180,'2019-02-20 14:38:21.054000','2019-02-20 14:38:21.054000','Qatar','QA',''),(181,'2019-02-20 14:38:21.054000','2019-02-20 14:38:21.054000','Republic of the Congo','CG',''),(182,'2019-02-20 14:38:21.054000','2019-02-20 14:38:21.054000','Reunion','RE',''),(183,'2019-02-20 14:38:21.054000','2019-02-20 14:38:21.054000','Romania','RO',''),(184,'2019-02-20 14:38:21.054000','2019-02-20 14:38:21.054000','Russia','RU',''),(185,'2019-02-20 14:38:21.054000','2019-02-20 14:38:21.054000','Rwanda','RW',''),(186,'2019-02-20 14:38:21.054000','2019-02-20 14:38:21.054000','Saint Barthelemy','BL',''),(187,'2019-02-20 14:38:21.054000','2019-02-20 14:38:21.054000','Saint Helena','SH',''),(188,'2019-02-20 14:38:21.054000','2019-02-20 14:38:21.054000','Saint Kitts and Nevis','KN',''),(189,'2019-02-20 14:38:21.054000','2019-02-20 14:38:21.054000','Saint Lucia','LC',''),(190,'2019-02-20 14:38:21.054000','2019-02-20 14:38:21.054000','Saint Martin','MF',''),(191,'2019-02-20 14:38:21.054000','2019-02-20 14:38:21.054000','Saint Pierre and Miquelon','PM',''),(192,'2019-02-20 14:38:21.054000','2019-02-20 14:38:21.054000','Saint Vincent and the Grenadines','VC',''),(193,'2019-02-20 14:38:21.054000','2019-02-20 14:38:21.054000','Samoa','WS',''),(194,'2019-02-20 14:38:21.054000','2019-02-20 14:38:21.054000','San Marino','SM',''),(195,'2019-02-20 14:38:21.054000','2019-02-20 14:38:21.054000','Sao Tome and Principe','ST',''),(196,'2019-02-20 14:38:21.054000','2019-02-20 14:38:21.054000','Saudi Arabia','SA',''),(197,'2019-02-20 14:38:21.054000','2019-02-20 14:38:21.054000','Senegal','SN',''),(198,'2019-02-20 14:38:21.054000','2019-02-20 14:38:21.054000','Serbia','RS',''),(199,'2019-02-20 14:38:21.054000','2019-02-20 14:38:21.054000','Seychelles','SC',''),(200,'2019-02-20 14:38:21.054000','2019-02-20 14:38:21.054000','Sierra Leone','SL',''),(201,'2019-02-20 14:38:21.054000','2019-02-20 14:38:21.054000','Singapore','SG',''),(202,'2019-02-20 14:38:21.054000','2019-02-20 14:38:21.054000','Sint Maarten','SX',''),(203,'2019-02-20 14:38:21.054000','2019-02-20 14:38:21.054000','Slovakia','SK',''),(204,'2019-02-20 14:38:21.054000','2019-02-20 14:38:21.054000','Slovenia','SI',''),(205,'2019-02-20 14:38:21.054000','2019-02-20 14:38:21.054000','Solomon Islands','SB',''),(206,'2019-02-20 14:38:21.054000','2019-02-20 14:38:21.054000','Somalia','SO',''),(207,'2019-02-20 14:38:21.054000','2019-02-20 14:38:21.054000','South Africa','ZA',''),(208,'2019-02-20 14:38:21.054000','2019-02-20 14:38:21.054000','South Georgia and the South Sandwich Islands','GS',''),(209,'2019-02-20 14:38:21.054000','2019-02-20 14:38:21.054000','South Korea','KR',''),(210,'2019-02-20 14:38:21.054000','2019-02-20 14:38:21.054000','South Sudan','SS',''),(211,'2019-02-20 14:38:21.054000','2019-02-20 14:38:21.054000','Spain','ES',''),(212,'2019-02-20 14:38:21.054000','2019-02-20 14:38:21.054000','Sri Lanka','LK',''),(213,'2019-02-20 14:38:21.054000','2019-02-20 14:38:21.054000','Sudan','SD',''),(214,'2019-02-20 14:38:21.054000','2019-02-20 14:38:21.054000','Suriname','SR',''),(215,'2019-02-20 14:38:21.054000','2019-02-20 14:38:21.054000','Svalbard and Jan Mayen','SJ',''),(216,'2019-02-20 14:38:21.054000','2019-02-20 14:38:21.054000','Swaziland','SZ',''),(217,'2019-02-20 14:38:21.054000','2019-02-20 14:38:21.054000','Sweden','SE',''),(218,'2019-02-20 14:38:21.054000','2019-02-20 14:38:21.054000','Switzerland','CH',''),(219,'2019-02-20 14:38:21.054000','2019-02-20 14:38:21.054000','Syria','SY',''),(220,'2019-02-20 14:38:21.054000','2019-02-20 14:38:21.054000','Taiwan','TW',''),(221,'2019-02-20 14:38:21.054000','2019-02-20 14:38:21.054000','Tajikistan','TJ',''),(222,'2019-02-20 14:38:21.054000','2019-02-20 14:38:21.054000','Tanzania','TZ',''),(223,'2019-02-20 14:38:21.054000','2019-02-20 14:38:21.054000','Thailand','TH',''),(224,'2019-02-20 14:38:21.054000','2019-02-20 14:38:21.054000','Togo','TG',''),(225,'2019-02-20 14:38:21.054000','2019-02-20 14:38:21.054000','Tokelau','TK',''),(226,'2019-02-20 14:38:21.054000','2019-02-20 14:38:21.054000','Tonga','TO',''),(227,'2019-02-20 14:38:21.054000','2019-02-20 14:38:21.054000','Trinidad and Tobago','TT',''),(228,'2019-02-20 14:38:21.054000','2019-02-20 14:38:21.054000','Tunisia','TN',''),(229,'2019-02-20 14:38:21.054000','2019-02-20 14:38:21.054000','Turkey','TR',''),(230,'2019-02-20 14:38:21.054000','2019-02-20 14:38:21.054000','Turkmenistan','TM',''),(231,'2019-02-20 14:38:21.054000','2019-02-20 14:38:21.054000','Turks and Caicos Islands','TC',''),(232,'2019-02-20 14:38:21.054000','2019-02-20 14:38:21.054000','Tuvalu','TV',''),(233,'2019-02-20 14:38:21.054000','2019-02-20 14:38:21.054000','U.S. Virgin Islands','VI',''),(234,'2019-02-20 14:38:21.054000','2019-02-20 14:38:21.054000','Uganda','UG',''),(235,'2019-02-20 14:38:21.054000','2019-02-20 14:38:21.054000','Ukraine','UA',''),(236,'2019-02-20 14:38:21.054000','2019-02-20 14:38:21.054000','United Arab Emirates','AE',''),(237,'2019-02-20 14:38:21.054000','2019-02-20 14:38:21.054000','United Kingdom','GB','en_UK'),(238,'2019-02-20 14:38:21.054000','2019-02-20 14:38:21.054000','United States','US','en_US'),(239,'2019-02-20 14:38:21.054000','2019-02-20 14:38:21.054000','United States Minor Outlying Islands','UM',''),(240,'2019-02-20 14:38:21.054000','2019-02-20 14:38:21.054000','Uruguay','UY',''),(241,'2019-02-20 14:38:21.054000','2019-02-20 14:38:21.054000','Uzbekistan','UZ',''),(242,'2019-02-20 14:38:21.054000','2019-02-20 14:38:21.054000','Vanuatu','VU',''),(243,'2019-02-20 14:38:21.054000','2019-02-20 14:38:21.054000','Vatican','VA',''),(244,'2019-02-20 14:38:21.054000','2019-02-20 14:38:21.054000','Venezuela','VE',''),(245,'2019-02-20 14:38:21.054000','2019-02-20 14:38:21.054000','Vietnam','VN',''),(246,'2019-02-20 14:38:21.054000','2019-02-20 14:38:21.054000','Wallis and Futuna','WF',''),(247,'2019-02-20 14:38:21.054000','2019-02-20 14:38:21.054000','Western Sahara','EH',''),(248,'2019-02-20 14:38:21.054000','2019-02-20 14:38:21.054000','Yemen','YE',''),(249,'2019-02-20 14:38:21.054000','2019-02-20 14:38:21.054000','Zambia','ZM',''),(250,'2019-02-20 14:38:21.054000','2019-02-20 14:38:21.054000','Zimbabwe','ZW','');

--
-- Table structure for table `migration_versions`
--

CREATE TABLE `migration_versions` (
  `version` varchar(14) CHARACTER SET utf8mb4 COLLATE utf8mb4_unicode_ci NOT NULL,
  `executed_at` datetime NOT NULL COMMENT '(DC2Type:datetime_immutable)',
  PRIMARY KEY (`version`)
) ENGINE=InnoDB DEFAULT CHARSET=utf8mb4 COLLATE=utf8mb4_unicode_ci;

--
-- Dumping data for table `migration_versions`
--

INSERT INTO `migration_versions` VALUES ('20210910091738','2021-09-10 18:40:20'),('20221104204616','2023-02-15 05:40:11'),('20221130161216','2023-02-15 06:18:29'),('20230215101700','2023-02-15 14:01:22'),('20230224103900','2023-02-24 09:45:30');

--
-- Table structure for table `package_has_acl`
--

CREATE TABLE `package_has_acl` (
  `id` int NOT NULL AUTO_INCREMENT,
  `ad_sources_id` int NOT NULL,
  `packages_id` int NOT NULL,
  PRIMARY KEY (`id`),
  KEY `IDX_71B556422D8834D` (`ad_sources_id`),
  KEY `IDX_71B5564CA871E03` (`packages_id`),
  CONSTRAINT `FK_71B556422D8834D` FOREIGN KEY (`ad_sources_id`) REFERENCES `acl_sources` (`id`) ON DELETE CASCADE,
  CONSTRAINT `FK_71B5564CA871E03` FOREIGN KEY (`packages_id`) REFERENCES `packages` (`id`) ON DELETE CASCADE
) ENGINE=InnoDB AUTO_INCREMENT=743 DEFAULT CHARSET=utf8mb4 COLLATE=utf8mb4_unicode_ci;

--
-- Dumping data for table `package_has_acl`
--

INSERT INTO `package_has_acl` VALUES (1,1,1),(2,3,1),(3,4,1),(4,1,2),(5,3,2),(6,4,2),(7,1,3),(8,3,3),(9,4,3),(10,1,4),(11,3,4),(12,4,4),(13,1,5),(14,3,5),(15,4,5),(16,1,6),(17,3,6),(18,4,6),(19,1,7),(20,3,7),(21,4,7),(22,1,8),(23,3,8),(24,4,8),(25,6,4),(26,7,4),(27,6,1),(28,7,1),(29,6,2),(30,7,2),(31,6,3),(32,7,3),(33,6,5),(34,7,5),(35,6,6),(36,7,6),(37,6,7),(38,7,7),(40,2,1),(43,8,1),(46,2,3),(49,8,3),(52,2,4),(55,8,4),(58,2,5),(61,8,5),(64,2,8),(67,6,8),(70,7,8),(73,8,8),(76,1,11),(79,2,11),(82,3,11),(85,4,11),(88,6,11),(91,7,11),(94,8,11),(97,1,14),(100,2,14),(103,3,14),(106,4,14),(109,6,14),(112,7,14),(115,8,14),(118,1,17),(121,2,17),(124,3,17),(127,4,17),(130,6,17),(133,7,17),(136,8,17),(139,1,20),(142,2,20),(145,3,20),(148,4,20),(151,6,20),(154,7,20),(157,8,20),(160,1,23),(163,2,23),(166,3,23),(169,4,23),(172,6,23),(175,7,23),(178,8,23),(181,1,26),(184,2,26),(187,3,26),(190,4,26),(193,6,26),(196,7,26),(199,8,26),(202,1,29),(205,2,29),(208,3,29),(211,4,29),(214,6,29),(217,7,29),(220,8,29),(223,1,32),(226,2,32),(229,3,32),(232,4,32),(235,6,32),(238,7,32),(241,8,32),(244,1,35),(247,2,35),(250,3,35),(253,4,35),(256,6,35),(259,7,35),(262,8,35),(265,1,38),(268,2,38),(271,3,38),(274,4,38),(277,6,38),(280,7,38),(283,8,38),(286,1,41),(289,2,41),(292,3,41),(295,4,41),(298,6,41),(301,7,41),(304,8,41),(307,1,43),(310,2,43),(313,3,43),(316,4,43),(319,6,43),(322,7,43),(325,8,43),(328,1,46),(331,2,46),(334,3,46),(337,4,46),(340,6,46),(343,7,46),(346,8,46),(349,1,49),(352,2,49),(355,3,49),(358,4,49),(361,6,49),(364,7,49),(367,8,49),(370,1,52),(373,2,52),(376,3,52),(379,4,52),(382,6,52),(385,7,52),(388,8,52),(391,1,55),(394,2,55),(397,3,55),(400,4,55),(403,6,55),(406,7,55),(409,8,55),(433,10,41),(436,1,61),(439,2,61),(442,3,61),(445,4,61),(448,5,61),(451,6,61),(454,7,61),(457,8,61),(460,10,61),(463,13,61),(466,16,61),(481,16,46),(484,13,49),(487,13,52),(490,13,55),(724,1,58),(727,2,58),(730,3,58),(733,4,58),(736,6,58),(739,7,58),(742,8,58);

--
-- Table structure for table `package_subscriptions`
--

CREATE TABLE `package_subscriptions` (
  `id` int NOT NULL AUTO_INCREMENT,
  `packages_id` int NOT NULL,
  `companies_id` int DEFAULT NULL,
  `users_id` int DEFAULT NULL,
  `package_subscription_type` varchar(80) CHARACTER SET utf8mb4 COLLATE utf8mb4_unicode_ci NOT NULL,
  `start_date` datetime NOT NULL,
  `end_date` datetime NOT NULL,
  `trial_start_date` datetime DEFAULT NULL,
  `trial_end_date` datetime DEFAULT NULL,
  `created_at` datetime NOT NULL,
  `updated_at` datetime DEFAULT NULL,
  `mollie_subscriptions_id` varchar(255) CHARACTER SET utf8mb4 COLLATE utf8mb4_unicode_ci DEFAULT NULL,
  `is_active` smallint DEFAULT NULL,
  `cancel_date` datetime DEFAULT NULL,
  `super_companies_id` int DEFAULT NULL,
  `packages_template_id` int DEFAULT NULL,
  `withdraw_date` datetime DEFAULT NULL,
  `package_type` varchar(80) CHARACTER SET utf8mb4 COLLATE utf8mb4_unicode_ci DEFAULT NULL,
  `number_of_users` int NOT NULL DEFAULT '0',
  `sibling_id` int DEFAULT NULL,
  PRIMARY KEY (`id`),
  KEY `IDX_CAB272816AE4741E` (`companies_id`),
  KEY `IDX_CAB27281CA871E03` (`packages_id`),
  KEY `IDX_CAB2728167B3B43D` (`users_id`),
  KEY `IDX_CAB272814EFACB34` (`super_companies_id`),
  KEY `IDX_CAB27281D6BF503F` (`packages_template_id`),
  KEY `idx_package_subscriptions_sibling_id` (`sibling_id`),
  CONSTRAINT `FK_CAB272814EFACB34` FOREIGN KEY (`super_companies_id`) REFERENCES `companies` (`id`) ON DELETE CASCADE,
  CONSTRAINT `FK_CAB2728167B3B43D` FOREIGN KEY (`users_id`) REFERENCES `users` (`id`) ON DELETE CASCADE,
  CONSTRAINT `FK_CAB272816AE4741E` FOREIGN KEY (`companies_id`) REFERENCES `companies` (`id`) ON DELETE CASCADE,
  CONSTRAINT `FK_CAB27281CA871E03` FOREIGN KEY (`packages_id`) REFERENCES `packages` (`id`) ON DELETE CASCADE,
  CONSTRAINT `FK_CAB27281D6BF503F` FOREIGN KEY (`packages_template_id`) REFERENCES `packages` (`id`) ON DELETE CASCADE
) ENGINE=InnoDB AUTO_INCREMENT=3125 DEFAULT CHARSET=utf8mb4 COLLATE=utf8mb4_unicode_ci;

--
-- Dumping data for table `package_subscriptions`
--

INSERT INTO `package_subscriptions` VALUES (2,1,797,NULL,'company','2021-09-10 20:54:44','2026-09-10 10:54:44','2021-09-03 20:54:44','2021-09-10 19:58:40','2021-09-10 20:54:44','2025-09-10 00:09:01','sub_V6Ph4h8xu6',1,NULL,NULL,NULL,NULL,'membership',0,187),(11,1,812,NULL,'company','2021-09-21 13:39:53','2021-09-14 15:37:37','2021-09-14 13:39:53','2021-09-14 15:37:37','2021-09-14 13:39:53','2021-09-14 15:37:37',NULL,0,NULL,NULL,NULL,NULL,NULL,0,NULL),(14,2,812,NULL,'company','2021-09-21 15:37:37','2022-09-21 15:37:37','2021-09-14 15:37:37','2021-09-21 15:37:37','2021-09-14 15:37:37','2021-09-21 02:01:01',NULL,0,'2022-09-21 15:37:37',NULL,NULL,NULL,NULL,0,NULL),(17,1,818,NULL,'company','2021-09-15 16:02:23','2022-09-15 16:02:23','2021-09-08 16:02:23','2021-09-15 16:02:23','2021-09-15 16:02:23',NULL,'sub_bqEE8txKRB',0,NULL,NULL,NULL,NULL,NULL,0,NULL),(23,4,827,NULL,'company','2021-09-23 14:07:54','2022-09-23 14:07:54','2021-09-16 14:07:54','2021-09-23 14:07:54','2021-09-16 14:07:54','2021-09-23 02:01:01',NULL,0,NULL,NULL,NULL,NULL,NULL,0,NULL),(32,1,842,NULL,'company','2021-09-24 15:34:17','2022-09-24 15:34:17','2021-09-17 15:34:17','2021-09-24 15:34:17','2021-09-17 15:34:17','2021-09-24 02:01:01','sub_tw2MjEeQWN',0,NULL,NULL,NULL,NULL,NULL,0,NULL),(38,1,845,NULL,'company','2021-09-27 15:04:30','2026-09-27 15:04:30','2021-09-20 15:04:30','2021-09-27 15:04:30','2021-09-20 15:04:30','2025-09-27 00:09:01','sub_ecNfGSMzz4',1,NULL,NULL,NULL,NULL,'membership',0,178),(47,1,863,NULL,'company','2021-09-30 12:40:11','2022-09-30 12:40:11','2021-09-23 12:40:11','2021-09-30 12:40:11','2021-09-23 12:40:11','2021-09-30 02:01:01',NULL,0,NULL,NULL,NULL,NULL,NULL,0,NULL),(53,1,908,NULL,'company','2021-10-04 10:29:45','2022-10-04 10:29:45','2021-09-27 10:29:45','2021-10-04 10:29:45','2021-09-27 10:29:45','2021-10-04 02:01:01',NULL,0,NULL,NULL,NULL,NULL,NULL,0,NULL),(62,3,138,NULL,'company','2021-10-06 09:17:13','2022-11-15 08:00:47','2021-09-26 09:17:13','2021-10-05 09:17:13','2021-10-05 09:17:13','2022-11-15 08:00:47','sub_HkT2hTGNUx',0,NULL,NULL,NULL,NULL,NULL,0,NULL),(77,7,413,NULL,'company','2021-10-01 11:13:10','2022-11-01 14:53:15',NULL,NULL,'2021-10-14 11:13:10','2021-10-21 02:01:01',NULL,0,NULL,NULL,NULL,NULL,NULL,0,NULL),(83,1,1037,NULL,'company','2021-12-08 14:46:07','2022-12-08 14:46:07','2021-12-01 14:46:07','2021-12-08 14:46:07','2021-12-01 14:46:07','2021-12-08 02:01:01',NULL,0,NULL,NULL,NULL,NULL,NULL,0,NULL),(86,1,1040,NULL,'company','2021-12-09 18:49:25','2022-12-09 18:49:25','2021-12-02 18:49:25','2021-12-09 18:49:25','2021-12-02 18:49:25','2021-12-09 02:01:01',NULL,0,NULL,NULL,NULL,NULL,NULL,0,NULL),(89,2,413,NULL,'company','2025-10-21 11:13:10','2022-11-01 14:53:15',NULL,NULL,'2022-01-05 12:34:26','2022-01-05 12:34:26',NULL,0,NULL,NULL,NULL,NULL,NULL,0,NULL),(94,1,1135,NULL,'company','2022-06-10 13:52:38','2023-06-10 13:52:38','2022-06-03 13:52:38','2022-06-10 13:52:38','2022-06-03 13:52:38','2022-06-10 02:01:01',NULL,0,NULL,NULL,NULL,NULL,NULL,0,NULL),(97,4,1141,NULL,'company','2022-06-20 10:43:28','2023-06-20 10:43:28','2022-06-13 10:43:28','2022-06-20 10:43:28','2022-06-13 10:43:28','2022-06-20 02:01:01',NULL,0,NULL,NULL,NULL,NULL,NULL,0,NULL),(100,3,1144,NULL,'company','2022-06-27 13:08:38','2022-08-12 11:07:40','2022-06-20 13:08:38','2022-06-27 13:08:38','2022-06-20 13:08:38','2022-08-12 11:07:40','sub_syA6A4DoP9',0,NULL,NULL,NULL,NULL,NULL,0,NULL),(106,3,1171,NULL,'company','2022-08-02 14:10:18','2026-08-02 14:10:18','2022-07-26 14:10:18','2022-07-26 14:10:18','2022-07-26 14:10:18','2025-08-02 00:09:01',NULL,1,NULL,NULL,NULL,NULL,'membership',0,184),(109,4,1144,NULL,'company','2022-08-12 11:07:40','2026-08-12 11:07:40',NULL,NULL,'2022-08-12 11:07:40','2025-09-26 02:39:09','sub_wsFYSBpBqt',1,NULL,NULL,NULL,NULL,'membership',0,175),(112,4,138,NULL,'company','2022-11-15 08:00:47','2023-02-15 12:00:00',NULL,NULL,'2022-11-15 08:00:47','2022-11-15 08:00:47',NULL,0,NULL,NULL,NULL,NULL,NULL,0,NULL),(118,2,138,NULL,'company','2022-11-15 08:29:09','2023-02-15 12:00:00',NULL,NULL,'2022-11-15 08:29:09','2022-11-15 08:29:09',NULL,0,NULL,NULL,NULL,NULL,NULL,0,NULL),(121,2,138,NULL,'company','2022-11-15 08:29:27','2023-02-15 12:00:00',NULL,NULL,'2022-11-15 08:29:27','2022-11-15 08:29:27',NULL,0,NULL,NULL,NULL,NULL,NULL,0,NULL),(124,1,1327,NULL,'company','2023-02-07 09:38:46','2024-02-07 09:38:46','2023-01-31 09:38:46','2023-02-07 09:38:46','2023-01-31 09:38:46','2023-02-07 02:01:01',NULL,0,NULL,NULL,NULL,NULL,NULL,0,NULL),(127,61,413,NULL,'company','2022-11-01 14:53:15','2032-12-31 12:00:00',NULL,NULL,'2023-01-06 15:04:08','2023-01-06 15:04:08',NULL,1,NULL,NULL,NULL,NULL,'user-package',10,130),(130,61,413,NULL,'company','2022-11-01 14:53:15','2032-12-31 12:00:00',NULL,NULL,'2023-01-06 15:04:08','2023-01-06 15:04:08',NULL,1,NULL,NULL,NULL,NULL,'membership',0,127),(139,41,3,NULL,'company','2023-02-15 00:10:00','2026-02-14 00:10:00',NULL,NULL,'2022-12-27 19:26:52','2024-01-23 10:25:19',NULL,1,NULL,3,5,NULL,'user-package',150,NULL),(142,41,3,NULL,'company','2023-02-15 00:10:00','2026-02-14 00:10:00',NULL,NULL,'2022-12-27 19:26:52','2024-01-23 10:25:19',NULL,1,NULL,3,NULL,NULL,'membership',0,NULL),(145,43,137,NULL,'company','2023-02-15 00:10:00','2026-03-14 00:10:00',NULL,NULL,'2023-02-15 00:10:00','2025-03-14 00:09:01',NULL,1,NULL,NULL,NULL,NULL,'membership',0,148),(148,43,137,NULL,'company','2023-02-15 00:10:00','2026-03-14 00:10:00',NULL,NULL,'2023-02-15 00:10:00','2025-03-14 00:09:01',NULL,1,NULL,NULL,NULL,NULL,'user-package',10,145),(157,52,28,NULL,'company','2023-02-15 00:10:00','2027-01-01 00:10:00',NULL,NULL,'2023-02-15 00:10:00','2026-01-01 23:09:01',NULL,1,NULL,NULL,NULL,NULL,'membership',0,160),(160,52,28,NULL,'company','2023-02-15 00:10:00','2027-01-01 00:10:00',NULL,NULL,'2023-02-15 00:10:00','2026-01-01 23:09:01',NULL,1,NULL,NULL,NULL,NULL,'user-package',1050,157),(163,55,427,NULL,'company','2023-02-15 00:10:00','2027-01-01 00:10:00',NULL,NULL,'2023-02-15 00:10:00','2026-01-01 23:09:01',NULL,1,NULL,NULL,NULL,NULL,'user-package',750,166),(166,55,427,NULL,'company','2023-02-15 00:10:00','2027-01-01 00:10:00',NULL,NULL,'2023-02-15 00:10:00','2026-01-01 23:09:01',NULL,1,NULL,NULL,NULL,NULL,'membership',0,163),(169,49,425,NULL,'company','2023-02-15 00:10:00','2027-01-01 00:10:00',NULL,NULL,'2023-02-15 00:10:00','2026-01-01 23:09:01',NULL,1,NULL,NULL,NULL,NULL,'membership',0,172),(172,49,425,NULL,'company','2023-02-15 00:10:00','2027-01-01 00:10:00',NULL,NULL,'2023-02-15 00:10:00','2026-01-01 23:09:01',NULL,1,NULL,NULL,NULL,NULL,'user-package',100,169),(175,4,1144,NULL,'company','2022-08-12 11:07:40','2026-08-12 11:07:40',NULL,NULL,'2022-08-12 11:07:40','2025-08-12 00:09:01','sub_wsFYSBpBqt',1,NULL,NULL,NULL,NULL,'user-package',100,109),(178,1,845,NULL,'company','2021-09-27 15:04:30','2026-09-27 15:04:30','2021-09-20 15:04:30','2021-09-27 15:04:30','2021-09-20 15:04:30','2025-09-27 00:09:01','sub_ecNfGSMzz4',1,NULL,NULL,NULL,NULL,'user-package',10,38),(184,3,1171,NULL,'company','2022-08-02 14:10:18','2026-08-02 14:10:18','2022-07-26 14:10:18','2022-07-26 14:10:18','2022-07-26 14:10:18','2025-08-02 00:09:01',NULL,1,NULL,NULL,NULL,NULL,'user-package',50,106),(187,1,797,NULL,'company','2021-09-10 20:54:44','2026-09-10 10:54:44','2021-09-03 20:54:44','2021-09-10 19:58:40','2021-09-10 20:54:44','2025-09-10 00:09:01','sub_V6Ph4h8xu6',1,NULL,NULL,NULL,NULL,'user-package',10,2),(193,32,1216,NULL,'company','2023-02-01 07:48:39','2026-02-01 07:48:39',NULL,NULL,'2023-02-15 07:48:17','2025-02-19 20:40:18',NULL,1,NULL,NULL,NULL,NULL,'membership',0,NULL),(199,32,526,NULL,'company','2023-02-01 07:48:39','2026-02-01 07:48:39',NULL,NULL,'2023-02-15 07:48:17','2025-02-19 20:40:18',NULL,1,NULL,NULL,NULL,NULL,'membership',0,NULL),(202,32,154,NULL,'company','2023-02-01 07:48:39','2026-02-01 07:48:39',NULL,NULL,'2023-02-15 07:48:17','2025-02-19 20:40:18',NULL,1,NULL,NULL,NULL,NULL,'membership',0,NULL),(205,32,1264,NULL,'company','2023-02-01 07:48:39','2026-02-01 07:48:39',NULL,NULL,'2023-02-15 07:48:17','2025-02-19 20:40:18',NULL,1,NULL,NULL,NULL,NULL,'membership',0,NULL),(214,32,241,NULL,'company','2023-02-01 07:48:39','2026-02-01 07:48:39',NULL,NULL,'2023-02-15 07:48:17','2025-02-19 20:40:18',NULL,1,NULL,NULL,NULL,NULL,'membership',0,NULL),(226,32,496,NULL,'company','2023-02-01 07:48:39','2026-02-01 07:48:39',NULL,NULL,'2023-02-15 07:48:17','2025-02-19 20:40:18',NULL,1,NULL,NULL,NULL,NULL,'membership',0,NULL),(229,32,983,NULL,'company','2023-02-01 07:48:39','2026-02-01 07:48:39',NULL,NULL,'2023-02-15 07:48:17','2025-02-19 20:40:18',NULL,1,NULL,NULL,NULL,NULL,'membership',0,NULL),(232,32,19,NULL,'company','2023-02-01 07:48:39','2023-02-21 14:31:22',NULL,NULL,'2023-02-15 07:48:17','2023-02-21 14:31:22',NULL,0,NULL,NULL,NULL,NULL,'membership',0,NULL),(238,32,564,NULL,'company','2023-02-01 07:48:39','2026-02-01 07:48:39',NULL,NULL,'2023-02-15 07:48:17','2025-02-19 20:40:18',NULL,1,NULL,NULL,NULL,NULL,'membership',0,NULL),(241,32,32,NULL,'company','2023-02-01 07:48:39','2026-02-01 07:48:39',NULL,NULL,'2023-02-15 07:48:17','2025-02-19 20:40:18',NULL,1,NULL,NULL,NULL,NULL,'membership',0,NULL),(244,32,1079,NULL,'company','2023-02-01 07:48:39','2026-02-01 07:48:39',NULL,NULL,'2023-02-15 07:48:17','2025-02-19 20:40:18',NULL,1,NULL,NULL,NULL,NULL,'membership',0,NULL),(247,32,252,NULL,'company','2023-02-01 07:48:39','2026-02-01 07:48:39',NULL,NULL,'2023-02-15 07:48:17','2025-02-19 20:40:18',NULL,1,NULL,NULL,NULL,NULL,'membership',0,NULL),(250,32,335,NULL,'company','2023-02-01 07:48:39','2026-02-01 07:48:39',NULL,NULL,'2023-02-15 07:48:17','2025-02-19 20:40:18',NULL,1,NULL,NULL,NULL,NULL,'membership',0,NULL),(253,32,722,NULL,'company','2023-02-01 07:48:39','2026-02-01 07:48:39',NULL,NULL,'2023-02-15 07:48:17','2025-02-19 20:40:18',NULL,1,NULL,NULL,NULL,NULL,'membership',0,NULL),(259,32,180,NULL,'company','2023-02-01 07:48:39','2026-02-01 07:48:39',NULL,NULL,'2023-02-15 07:48:17','2025-02-19 20:40:18',NULL,1,NULL,NULL,NULL,NULL,'membership',0,NULL),(262,32,1168,NULL,'company','2023-02-01 07:48:39','2026-02-01 07:48:39',NULL,NULL,'2023-02-15 07:48:17','2025-02-19 20:40:18',NULL,1,NULL,NULL,NULL,NULL,'membership',0,NULL),(265,32,1037,NULL,'company','2023-02-01 07:48:39','2026-02-01 07:48:39',NULL,NULL,'2023-02-15 07:48:17','2025-02-19 20:40:18',NULL,1,NULL,NULL,NULL,NULL,'membership',0,NULL),(268,32,674,NULL,'company','2023-02-01 07:48:39','2026-02-01 07:48:39',NULL,NULL,'2023-02-15 07:48:17','2025-02-19 20:40:18',NULL,1,NULL,NULL,NULL,NULL,'membership',0,NULL),(271,32,398,NULL,'company','2023-02-01 07:48:39','2026-02-01 07:48:39',NULL,NULL,'2023-02-15 07:48:17','2025-02-19 20:40:18',NULL,1,NULL,NULL,NULL,NULL,'membership',0,NULL),(274,32,487,NULL,'company','2023-02-01 07:48:39','2026-02-01 07:48:39',NULL,NULL,'2023-02-15 07:48:17','2025-02-19 20:40:18',NULL,1,NULL,NULL,NULL,NULL,'membership',0,NULL),(277,32,483,NULL,'company','2023-02-01 07:48:39','2026-02-01 07:48:39',NULL,NULL,'2023-02-15 07:48:17','2025-02-19 20:40:18',NULL,1,NULL,NULL,NULL,NULL,'membership',0,NULL),(280,32,211,NULL,'company','2023-02-01 07:48:39','2026-02-01 07:48:39',NULL,NULL,'2023-02-15 07:48:17','2025-02-19 20:40:18',NULL,1,NULL,NULL,NULL,NULL,'membership',0,NULL),(286,32,783,NULL,'company','2023-02-01 07:48:39','2026-02-01 07:48:39',NULL,NULL,'2023-02-15 07:48:17','2025-02-19 20:40:18',NULL,1,NULL,NULL,NULL,NULL,'membership',0,NULL),(289,32,169,NULL,'company','2023-02-01 07:48:39','2026-02-01 07:48:39',NULL,NULL,'2023-02-15 07:48:17','2025-02-19 20:40:18',NULL,1,NULL,NULL,NULL,NULL,'membership',0,NULL),(292,32,125,NULL,'company','2023-02-01 07:48:39','2026-02-01 07:48:39',NULL,NULL,'2023-02-15 07:48:17','2025-02-19 20:40:18',NULL,1,NULL,NULL,NULL,NULL,'membership',0,NULL),(295,1,1165,NULL,'company','2023-02-01 07:48:39','2026-02-17 00:09:01',NULL,NULL,'2023-02-15 07:48:17','2024-02-01 00:09:01',NULL,1,NULL,NULL,NULL,NULL,'membership',10,NULL),(298,32,1333,NULL,'company','2023-02-01 07:48:39','2026-02-01 07:48:39',NULL,NULL,'2023-02-15 07:48:17','2025-02-19 20:40:18',NULL,1,NULL,NULL,NULL,NULL,'membership',0,NULL),(301,32,537,NULL,'company','2023-02-01 07:48:39','2026-02-01 07:48:39',NULL,NULL,'2023-02-15 07:48:17','2025-02-19 20:40:18',NULL,1,NULL,NULL,NULL,NULL,'membership',0,NULL),(304,32,295,NULL,'company','2023-02-01 07:48:39','2026-02-01 07:48:39',NULL,NULL,'2023-02-15 07:48:17','2025-02-19 20:40:18',NULL,1,NULL,NULL,NULL,NULL,'membership',0,NULL),(307,32,389,NULL,'company','2023-02-01 07:48:39','2026-02-01 07:48:39',NULL,NULL,'2023-02-15 07:48:17','2025-02-19 20:40:18',NULL,1,NULL,NULL,NULL,NULL,'membership',0,NULL),(310,32,1064,NULL,'company','2023-02-01 07:48:39','2026-02-01 07:48:39',NULL,NULL,'2023-02-15 07:48:17','2025-02-19 20:40:18',NULL,1,NULL,NULL,NULL,NULL,'membership',0,NULL),(313,32,615,NULL,'company','2023-02-01 07:48:39','2023-02-20 08:54:53',NULL,NULL,'2023-02-15 07:48:17','2023-02-20 08:54:53',NULL,0,NULL,NULL,NULL,NULL,'membership',0,NULL),(316,32,131,NULL,'company','2023-02-01 07:48:39','2023-02-27 11:06:40',NULL,NULL,'2023-02-15 07:48:17','2023-02-27 11:06:40',NULL,0,NULL,NULL,NULL,NULL,'membership',0,NULL),(319,32,124,NULL,'company','2023-02-01 07:48:39','2026-02-01 07:48:39',NULL,NULL,'2023-02-15 07:48:17','2025-02-19 20:40:18',NULL,1,NULL,NULL,NULL,NULL,'membership',0,NULL),(322,32,436,NULL,'company','2023-02-01 07:48:39','2026-02-01 07:48:39',NULL,NULL,'2023-02-15 07:48:17','2025-02-19 20:40:18',NULL,1,NULL,NULL,NULL,NULL,'membership',0,NULL),(325,32,39,NULL,'company','2023-02-01 07:48:39','2023-02-16 14:06:39',NULL,NULL,'2023-02-15 07:48:17','2023-02-16 14:06:39',NULL,0,NULL,NULL,NULL,NULL,'membership',0,NULL),(328,32,158,NULL,'company','2023-02-01 07:48:39','2026-02-01 07:48:39',NULL,NULL,'2023-02-15 07:48:17','2025-02-19 20:40:18',NULL,1,NULL,NULL,NULL,NULL,'membership',0,NULL),(331,32,454,NULL,'company','2023-02-01 07:48:39','2026-02-01 07:48:39',NULL,NULL,'2023-02-15 07:48:17','2025-02-19 20:40:18',NULL,1,NULL,NULL,NULL,NULL,'membership',0,NULL),(334,32,171,NULL,'company','2023-02-01 07:48:39','2026-02-01 07:48:39',NULL,NULL,'2023-02-15 07:48:17','2025-02-19 20:40:18',NULL,1,NULL,NULL,NULL,NULL,'membership',0,NULL),(337,32,653,NULL,'company','2023-02-01 07:48:39','2026-02-01 07:48:39',NULL,NULL,'2023-02-15 07:48:17','2025-02-19 20:40:18',NULL,1,NULL,NULL,NULL,NULL,'membership',0,NULL),(340,32,172,NULL,'company','2023-02-01 07:48:39','2026-02-01 07:48:39',NULL,NULL,'2023-02-15 07:48:17','2025-02-19 20:40:18',NULL,1,NULL,NULL,NULL,NULL,'membership',0,NULL),(343,32,23,NULL,'company','2023-02-01 07:48:39','2026-02-01 07:48:39',NULL,NULL,'2023-02-15 07:48:17','2025-02-19 20:40:18',NULL,1,NULL,NULL,NULL,NULL,'membership',0,NULL),(346,32,177,NULL,'company','2023-02-01 07:48:39','2023-06-14 11:15:11',NULL,NULL,'2023-02-15 07:48:17','2023-06-14 11:15:11',NULL,0,NULL,NULL,NULL,NULL,'membership',0,NULL),(349,32,1204,NULL,'company','2023-02-01 07:48:39','2026-02-01 07:48:39',NULL,NULL,'2023-02-15 07:48:17','2025-02-19 20:40:18',NULL,1,NULL,NULL,NULL,NULL,'membership',0,NULL),(352,32,761,NULL,'company','2023-02-01 07:48:39','2026-02-01 07:48:39',NULL,NULL,'2023-02-15 07:48:17','2025-02-19 20:40:18',NULL,1,NULL,NULL,NULL,NULL,'membership',0,NULL),(355,32,1174,NULL,'company','2023-02-01 07:48:39','2026-02-01 07:48:39',NULL,NULL,'2023-02-15 07:48:17','2025-02-19 20:40:18',NULL,1,NULL,NULL,NULL,NULL,'membership',0,NULL),(358,32,1192,NULL,'company','2023-02-01 07:48:39','2026-02-01 07:48:39',NULL,NULL,'2023-02-15 07:48:17','2025-02-19 20:40:18',NULL,1,NULL,NULL,NULL,NULL,'membership',0,NULL),(361,32,165,NULL,'company','2023-02-01 07:48:39','2026-02-01 07:48:39',NULL,NULL,'2023-02-15 07:48:17','2025-02-19 20:40:18',NULL,1,NULL,NULL,NULL,NULL,'membership',0,NULL),(364,32,920,NULL,'company','2023-02-01 07:48:39','2026-02-01 07:48:39',NULL,NULL,'2023-02-15 07:48:17','2025-02-19 20:40:18',NULL,1,NULL,NULL,NULL,NULL,'membership',0,NULL),(367,32,462,NULL,'company','2023-02-01 07:48:39','2026-02-01 07:48:39',NULL,NULL,'2023-02-15 07:48:17','2025-02-19 20:40:18',NULL,1,NULL,NULL,NULL,NULL,'membership',0,NULL),(370,32,713,NULL,'company','2023-02-01 07:48:39','2023-03-27 12:57:06',NULL,NULL,'2023-02-15 07:48:17','2023-03-27 12:57:06',NULL,0,NULL,NULL,NULL,NULL,'membership',0,NULL),(373,32,1090,NULL,'company','2023-02-01 07:48:39','2026-02-01 07:48:39',NULL,NULL,'2023-02-15 07:48:17','2025-02-19 20:40:18',NULL,1,NULL,NULL,NULL,NULL,'membership',0,NULL),(376,32,1213,NULL,'company','2023-02-01 07:48:39','2026-02-01 07:48:39',NULL,NULL,'2023-02-15 07:48:17','2025-02-19 20:40:18',NULL,1,NULL,NULL,NULL,NULL,'membership',0,NULL),(379,32,348,NULL,'company','2023-02-01 07:48:39','2025-02-01 07:48:39',NULL,NULL,'2023-02-15 07:48:17','2024-02-01 00:09:01',NULL,0,NULL,NULL,NULL,NULL,'membership',0,NULL),(382,32,504,NULL,'company','2023-02-01 07:48:39','2026-02-01 07:48:39',NULL,NULL,'2023-02-15 07:48:17','2025-02-19 20:40:18',NULL,1,NULL,NULL,NULL,NULL,'membership',0,NULL),(385,32,148,NULL,'company','2023-02-01 07:48:39','2026-02-01 07:48:39',NULL,NULL,'2023-02-15 07:48:17','2025-02-19 20:40:18',NULL,1,NULL,NULL,NULL,NULL,'membership',0,NULL),(388,32,116,NULL,'company','2023-02-01 07:48:39','2026-02-01 07:48:39',NULL,NULL,'2023-02-15 07:48:17','2025-02-19 20:40:18',NULL,1,NULL,NULL,NULL,NULL,'membership',0,NULL),(391,32,230,NULL,'company','2023-02-01 07:48:39','2026-02-01 07:48:39',NULL,NULL,'2023-02-15 07:48:17','2025-02-19 20:40:18',NULL,1,NULL,NULL,NULL,NULL,'membership',0,NULL),(394,32,143,NULL,'company','2023-02-01 07:48:39','2026-02-01 07:48:39',NULL,NULL,'2023-02-15 07:48:17','2025-02-19 20:40:18',NULL,1,NULL,NULL,NULL,NULL,'membership',0,NULL),(397,32,126,NULL,'company','2023-02-01 07:48:39','2023-10-05 09:41:24',NULL,NULL,'2023-02-15 07:48:17','2023-10-05 09:41:24',NULL,0,NULL,NULL,NULL,NULL,'membership',0,NULL),(400,32,534,NULL,'company','2023-02-01 07:48:39','2026-02-01 07:48:39',NULL,NULL,'2023-02-15 07:48:17','2025-02-19 20:40:18',NULL,1,NULL,NULL,NULL,NULL,'membership',0,NULL),(403,32,902,NULL,'company','2023-02-01 07:48:39','2026-02-01 07:48:39',NULL,NULL,'2023-02-15 07:48:17','2025-02-19 20:40:18',NULL,1,NULL,NULL,NULL,NULL,'membership',0,NULL),(406,32,1082,NULL,'company','2023-02-01 07:48:39','2026-02-01 07:48:39',NULL,NULL,'2023-02-15 07:48:17','2025-02-19 20:40:18',NULL,1,NULL,NULL,NULL,NULL,'membership',0,NULL),(409,32,1249,NULL,'company','2023-02-01 07:48:39','2026-02-01 07:48:39',NULL,NULL,'2023-02-15 07:48:17','2025-02-19 20:40:18',NULL,1,NULL,NULL,NULL,NULL,'membership',0,NULL),(415,32,1306,NULL,'company','2023-02-01 07:48:39','2026-02-01 07:48:39',NULL,NULL,'2023-02-15 07:48:17','2025-02-19 20:40:18',NULL,1,NULL,NULL,NULL,NULL,'membership',0,NULL),(418,32,221,NULL,'company','2023-02-01 07:48:39','2026-02-01 07:48:39',NULL,NULL,'2023-02-15 07:48:17','2025-02-19 20:40:18',NULL,1,NULL,NULL,NULL,NULL,'membership',0,NULL),(421,32,1117,NULL,'company','2023-02-01 07:48:39','2026-02-01 07:48:39',NULL,NULL,'2023-02-15 07:48:17','2025-02-19 20:40:18',NULL,1,NULL,NULL,NULL,NULL,'membership',0,NULL),(424,32,1111,NULL,'company','2023-02-01 07:48:39','2026-02-01 07:48:39',NULL,NULL,'2023-02-15 07:48:17','2025-02-19 20:40:18',NULL,1,NULL,NULL,NULL,NULL,'membership',0,NULL),(427,32,403,NULL,'company','2023-02-01 07:48:39','2026-02-01 07:48:39',NULL,NULL,'2023-02-15 07:48:17','2025-02-19 20:40:18',NULL,1,NULL,NULL,NULL,NULL,'membership',0,NULL),(430,32,166,NULL,'company','2023-02-01 07:48:39','2026-02-01 07:48:39',NULL,NULL,'2023-02-15 07:48:17','2025-02-19 20:40:18',NULL,1,NULL,NULL,NULL,NULL,'membership',0,NULL),(433,32,740,NULL,'company','2023-02-01 07:48:39','2026-02-01 07:48:39',NULL,NULL,'2023-02-15 07:48:17','2025-02-19 20:40:18',NULL,1,NULL,NULL,NULL,NULL,'membership',0,NULL),(436,32,220,NULL,'company','2023-02-01 07:48:39','2026-02-01 07:48:39',NULL,NULL,'2023-02-15 07:48:17','2025-02-19 20:40:18',NULL,1,NULL,NULL,NULL,NULL,'membership',0,NULL),(439,32,1147,NULL,'company','2023-02-01 07:48:39','2026-02-01 07:48:39',NULL,NULL,'2023-02-15 07:48:17','2025-02-19 20:40:18',NULL,1,NULL,NULL,NULL,NULL,'membership',0,NULL),(442,32,1156,NULL,'company','2023-02-01 07:48:39','2026-02-01 07:48:39',NULL,NULL,'2023-02-15 07:48:17','2025-02-19 20:40:18',NULL,1,NULL,NULL,NULL,NULL,'membership',0,NULL),(445,32,1177,NULL,'company','2023-02-01 07:48:39','2026-02-01 07:48:39',NULL,NULL,'2023-02-15 07:48:17','2025-02-19 20:40:18',NULL,1,NULL,NULL,NULL,NULL,'membership',0,NULL),(448,32,301,NULL,'company','2023-02-01 07:48:39','2026-02-01 07:48:39',NULL,NULL,'2023-02-15 07:48:17','2025-02-19 20:40:18',NULL,1,NULL,NULL,NULL,NULL,'membership',0,NULL),(451,32,1240,NULL,'company','2023-02-01 07:48:39','2026-02-01 07:48:39',NULL,NULL,'2023-02-15 07:48:17','2025-02-19 20:40:18',NULL,1,NULL,NULL,NULL,NULL,'membership',0,NULL),(454,32,40,NULL,'company','2023-02-01 07:48:39','2026-02-01 07:48:39',NULL,NULL,'2023-02-15 07:48:17','2025-02-19 20:40:18',NULL,1,NULL,NULL,NULL,NULL,'membership',0,NULL),(457,32,38,NULL,'company','2023-02-01 07:48:39','2026-02-01 07:48:39',NULL,NULL,'2023-02-15 07:48:17','2025-02-19 20:40:18',NULL,1,NULL,NULL,NULL,NULL,'membership',0,NULL),(460,32,1309,NULL,'company','2023-02-01 07:48:39','2026-02-01 07:48:39',NULL,NULL,'2023-02-15 07:48:17','2025-02-19 20:40:18',NULL,1,NULL,NULL,NULL,NULL,'membership',0,NULL),(463,32,741,NULL,'company','2023-02-01 07:48:39','2026-02-01 07:48:39',NULL,NULL,'2023-02-15 07:48:17','2025-02-19 20:40:18',NULL,1,NULL,NULL,NULL,NULL,'membership',0,NULL),(466,32,1189,NULL,'company','2023-02-01 07:48:39','2026-02-01 07:48:39',NULL,NULL,'2023-02-15 07:48:17','2025-02-19 20:40:18',NULL,1,NULL,NULL,NULL,NULL,'membership',0,NULL),(469,32,1132,NULL,'company','2023-02-01 07:48:39','2026-02-01 07:48:39',NULL,NULL,'2023-02-15 07:48:17','2025-02-19 20:40:18',NULL,1,NULL,NULL,NULL,NULL,'membership',0,NULL),(472,32,133,NULL,'company','2023-02-01 07:48:39','2026-02-01 07:48:39',NULL,NULL,'2023-02-15 07:48:17','2025-02-19 20:40:18',NULL,1,NULL,NULL,NULL,NULL,'membership',0,NULL),(475,32,1294,NULL,'company','2023-02-01 07:48:39','2026-02-01 07:48:39',NULL,NULL,'2023-02-15 07:48:17','2025-02-19 20:40:18',NULL,1,NULL,NULL,NULL,NULL,'membership',0,NULL),(481,32,239,NULL,'company','2023-02-01 07:48:39','2026-02-01 07:48:39',NULL,NULL,'2023-02-15 07:48:17','2025-02-19 20:40:18',NULL,1,NULL,NULL,NULL,NULL,'membership',0,NULL),(484,32,147,NULL,'company','2023-02-01 07:48:39','2023-03-06 12:15:32',NULL,NULL,'2023-02-15 07:48:17','2023-03-06 12:15:32',NULL,0,NULL,NULL,NULL,NULL,'membership',0,NULL),(487,32,1276,NULL,'company','2023-02-01 07:48:39','2026-02-01 07:48:39',NULL,NULL,'2023-02-15 07:48:17','2025-02-19 20:40:18',NULL,1,NULL,NULL,NULL,NULL,'membership',0,NULL),(490,32,214,NULL,'company','2023-02-01 07:48:39','2026-02-01 07:48:39',NULL,NULL,'2023-02-15 07:48:17','2025-02-19 20:40:18',NULL,1,NULL,NULL,NULL,NULL,'membership',0,NULL),(493,32,140,NULL,'company','2023-02-01 07:48:39','2026-02-01 07:48:39',NULL,NULL,'2023-02-15 07:48:17','2025-02-19 20:40:18',NULL,1,NULL,NULL,NULL,NULL,'membership',0,NULL),(496,32,103,NULL,'company','2023-02-01 07:48:39','2026-02-01 07:48:39',NULL,NULL,'2023-02-15 07:48:17','2025-02-19 20:40:18',NULL,1,NULL,NULL,NULL,NULL,'membership',0,NULL),(499,32,149,NULL,'company','2023-02-01 07:48:39','2026-02-01 07:48:39',NULL,NULL,'2023-02-15 07:48:17','2025-02-19 20:40:18',NULL,1,NULL,NULL,NULL,NULL,'membership',0,NULL),(502,32,199,NULL,'company','2023-02-01 07:48:39','2026-02-01 07:48:39',NULL,NULL,'2023-02-15 07:48:17','2025-02-19 20:40:18',NULL,1,NULL,NULL,NULL,NULL,'membership',0,NULL),(505,32,593,NULL,'company','2023-02-01 07:48:39','2026-02-01 07:48:39',NULL,NULL,'2023-02-15 07:48:17','2025-02-19 20:40:18',NULL,1,NULL,NULL,NULL,NULL,'membership',0,NULL),(508,32,493,NULL,'company','2023-02-01 07:48:39','2026-02-01 07:48:39',NULL,NULL,'2023-02-15 07:48:17','2025-02-19 20:40:18',NULL,1,NULL,NULL,NULL,NULL,'membership',0,NULL),(511,32,1288,NULL,'company','2023-02-01 07:48:39','2026-02-01 07:48:39',NULL,NULL,'2023-02-15 07:48:17','2025-02-19 20:40:18',NULL,1,NULL,NULL,NULL,NULL,'membership',0,NULL),(514,32,986,NULL,'company','2023-02-01 07:48:39','2026-02-01 07:48:39',NULL,NULL,'2023-02-15 07:48:17','2025-02-19 20:40:18',NULL,1,NULL,NULL,NULL,NULL,'membership',0,NULL),(517,32,267,NULL,'company','2023-02-01 07:48:39','2026-02-01 07:48:39',NULL,NULL,'2023-02-15 07:48:17','2025-02-19 20:40:18',NULL,1,NULL,NULL,NULL,NULL,'membership',0,NULL),(520,32,29,NULL,'company','2023-02-01 07:48:39','2026-02-01 07:48:39',NULL,NULL,'2023-02-15 07:48:17','2025-02-19 20:40:18',NULL,1,NULL,NULL,NULL,NULL,'membership',0,NULL),(523,32,917,NULL,'company','2023-02-01 07:48:39','2026-02-01 07:48:39',NULL,NULL,'2023-02-15 07:48:17','2025-02-19 20:40:18',NULL,1,NULL,NULL,NULL,NULL,'membership',0,NULL),(526,32,614,NULL,'company','2023-02-01 07:48:39','2026-02-01 07:48:39',NULL,NULL,'2023-02-15 07:48:17','2025-02-19 20:40:18',NULL,1,NULL,NULL,NULL,NULL,'membership',0,NULL),(529,32,824,NULL,'company','2023-02-01 07:48:39','2026-02-01 07:48:39',NULL,NULL,'2023-02-15 07:48:17','2025-02-19 20:40:18',NULL,1,NULL,NULL,NULL,NULL,'membership',0,NULL),(532,32,226,NULL,'company','2023-02-01 07:48:39','2026-02-01 07:48:39',NULL,NULL,'2023-02-15 07:48:17','2025-02-19 20:40:18',NULL,1,NULL,NULL,NULL,NULL,'membership',0,NULL),(535,32,1138,NULL,'company','2023-02-01 07:48:39','2026-02-01 07:48:39',NULL,NULL,'2023-02-15 07:48:17','2025-02-19 20:40:18',NULL,1,NULL,NULL,NULL,NULL,'membership',0,NULL),(538,32,626,NULL,'company','2023-02-01 07:48:39','2026-02-01 07:48:39',NULL,NULL,'2023-02-15 07:48:17','2025-02-19 20:40:18',NULL,1,NULL,NULL,NULL,NULL,'membership',0,NULL),(541,32,1324,NULL,'company','2023-02-01 07:48:39','2026-02-01 07:48:39',NULL,NULL,'2023-02-15 07:48:17','2025-02-19 20:40:18',NULL,1,NULL,NULL,NULL,NULL,'membership',0,NULL),(544,32,480,NULL,'company','2023-02-01 07:48:39','2026-02-01 07:48:39',NULL,NULL,'2023-02-15 07:48:17','2025-02-19 20:40:18',NULL,1,NULL,NULL,NULL,NULL,'membership',0,NULL),(547,32,274,NULL,'company','2023-02-01 07:48:39','2026-02-01 07:48:39',NULL,NULL,'2023-02-15 07:48:17','2025-02-19 20:40:18',NULL,1,NULL,NULL,NULL,NULL,'membership',0,NULL),(550,32,263,NULL,'company','2023-02-01 07:48:39','2026-02-01 07:48:39',NULL,NULL,'2023-02-15 07:48:17','2025-02-19 20:40:18',NULL,1,NULL,NULL,NULL,NULL,'membership',0,NULL),(553,32,1013,NULL,'company','2023-02-01 07:48:39','2026-02-01 07:48:39',NULL,NULL,'2023-02-15 07:48:17','2025-02-19 20:40:18',NULL,1,NULL,NULL,NULL,NULL,'membership',0,NULL),(556,32,123,NULL,'company','2023-02-01 07:48:39','2026-02-01 07:48:39',NULL,NULL,'2023-02-15 07:48:17','2025-02-19 20:40:18',NULL,1,NULL,NULL,NULL,NULL,'membership',0,NULL),(559,32,1318,NULL,'company','2023-02-01 07:48:39','2026-02-01 07:48:39',NULL,NULL,'2023-02-15 07:48:17','2025-02-19 20:40:18',NULL,1,NULL,NULL,NULL,NULL,'membership',0,NULL),(562,32,117,NULL,'company','2023-02-01 07:48:39','2026-02-01 07:48:39',NULL,NULL,'2023-02-15 07:48:17','2025-02-19 20:40:18',NULL,1,NULL,NULL,NULL,NULL,'membership',0,NULL),(568,32,1162,NULL,'company','2023-02-01 07:48:39','2026-02-01 07:48:39',NULL,NULL,'2023-02-15 07:48:17','2025-02-19 20:40:18',NULL,1,NULL,NULL,NULL,NULL,'membership',0,NULL),(571,32,684,NULL,'company','2023-02-01 07:48:39','2026-02-01 07:48:39',NULL,NULL,'2023-02-15 07:48:17','2025-02-19 20:40:18',NULL,1,NULL,NULL,NULL,NULL,'membership',0,NULL),(574,32,329,NULL,'company','2023-02-01 07:48:39','2026-02-01 07:48:39',NULL,NULL,'2023-02-15 07:48:17','2025-02-19 20:40:18',NULL,1,NULL,NULL,NULL,NULL,'membership',0,NULL),(577,32,1252,NULL,'company','2023-02-01 07:48:39','2026-02-01 07:48:39',NULL,NULL,'2023-02-15 07:48:17','2025-02-19 20:40:18',NULL,1,NULL,NULL,NULL,NULL,'membership',0,NULL),(580,32,379,NULL,'company','2023-02-01 07:48:39','2026-02-01 07:48:39',NULL,NULL,'2023-02-15 07:48:17','2025-02-19 20:40:18',NULL,1,NULL,NULL,NULL,NULL,'membership',0,NULL),(583,32,108,NULL,'company','2023-02-01 07:48:39','2026-02-01 07:48:39',NULL,NULL,'2023-02-15 07:48:17','2025-02-19 20:40:18',NULL,1,NULL,NULL,NULL,NULL,'membership',0,NULL),(586,32,255,NULL,'company','2023-02-01 07:48:39','2026-02-01 07:48:39',NULL,NULL,'2023-02-15 07:48:17','2025-02-19 20:40:18',NULL,1,NULL,NULL,NULL,NULL,'membership',0,NULL),(589,32,1207,NULL,'company','2023-02-01 07:48:39','2026-02-01 07:48:39',NULL,NULL,'2023-02-15 07:48:17','2025-02-19 20:40:18',NULL,1,NULL,NULL,NULL,NULL,'membership',0,NULL),(592,32,1085,NULL,'company','2023-02-01 07:48:39','2026-02-01 07:48:39',NULL,NULL,'2023-02-15 07:48:17','2025-02-19 20:40:18',NULL,1,NULL,NULL,NULL,NULL,'membership',0,NULL),(595,32,339,NULL,'company','2023-02-01 07:48:39','2026-02-01 07:48:39',NULL,NULL,'2023-02-15 07:48:17','2025-02-19 20:40:18',NULL,1,NULL,NULL,NULL,NULL,'membership',0,NULL),(598,32,699,NULL,'company','2023-02-01 07:48:39','2026-02-01 07:48:39',NULL,NULL,'2023-02-15 07:48:17','2025-02-19 20:40:18',NULL,1,NULL,NULL,NULL,NULL,'membership',0,NULL),(601,32,1258,NULL,'company','2023-02-01 07:48:39','2026-02-01 07:48:39',NULL,NULL,'2023-02-15 07:48:17','2025-02-19 20:40:18',NULL,1,NULL,NULL,NULL,NULL,'membership',0,NULL),(604,32,259,NULL,'company','2023-02-01 07:48:39','2026-02-01 07:48:39',NULL,NULL,'2023-02-15 07:48:17','2025-02-19 20:40:18',NULL,1,NULL,NULL,NULL,NULL,'membership',0,NULL),(610,32,558,NULL,'company','2023-02-01 07:48:39','2026-02-01 07:48:39',NULL,NULL,'2023-02-15 07:48:17','2025-02-19 20:40:18',NULL,1,NULL,NULL,NULL,NULL,'membership',0,NULL),(613,32,1102,NULL,'company','2023-02-01 07:48:39','2026-02-01 07:48:39',NULL,NULL,'2023-02-15 07:48:17','2025-02-19 20:40:18',NULL,1,NULL,NULL,NULL,NULL,'membership',0,NULL),(616,32,1246,NULL,'company','2023-02-01 07:48:39','2026-02-01 07:48:39',NULL,NULL,'2023-02-15 07:48:17','2025-02-19 20:40:18',NULL,1,NULL,NULL,NULL,NULL,'membership',0,NULL),(619,32,812,NULL,'company','2023-02-01 07:48:39','2026-02-01 07:48:39',NULL,NULL,'2023-02-15 07:48:17','2025-02-19 20:40:18',NULL,1,NULL,NULL,NULL,NULL,'membership',0,NULL),(622,32,155,NULL,'company','2023-02-01 07:48:39','2026-02-01 07:48:39',NULL,NULL,'2023-02-15 07:48:17','2025-02-19 20:40:18',NULL,1,NULL,NULL,NULL,NULL,'membership',0,NULL),(625,32,1261,NULL,'company','2023-02-01 07:48:39','2026-02-01 07:48:39',NULL,NULL,'2023-02-15 07:48:17','2025-02-19 20:40:18',NULL,1,NULL,NULL,NULL,NULL,'membership',0,NULL),(628,32,315,NULL,'company','2023-02-01 07:48:39','2026-02-01 07:48:39',NULL,NULL,'2023-02-15 07:48:17','2025-02-19 20:40:18',NULL,1,NULL,NULL,NULL,NULL,'membership',0,NULL),(631,32,1222,NULL,'company','2023-02-01 07:48:39','2026-02-01 07:48:39',NULL,NULL,'2023-02-15 07:48:17','2025-02-19 20:40:18',NULL,1,NULL,NULL,NULL,NULL,'membership',0,NULL),(634,32,34,NULL,'company','2023-02-01 07:48:39','2026-02-01 07:48:39',NULL,NULL,'2023-02-15 07:48:17','2025-02-19 20:40:18',NULL,1,NULL,NULL,NULL,NULL,'membership',0,NULL),(637,32,122,NULL,'company','2023-02-01 07:48:39','2026-02-01 07:48:39',NULL,NULL,'2023-02-15 07:48:17','2025-02-19 20:40:18',NULL,1,NULL,NULL,NULL,NULL,'membership',0,NULL),(640,32,716,NULL,'company','2023-02-01 07:48:39','2026-02-01 07:48:39',NULL,NULL,'2023-02-15 07:48:17','2025-02-19 20:40:18',NULL,1,NULL,NULL,NULL,NULL,'membership',0,NULL),(643,32,382,NULL,'company','2023-02-01 07:48:39','2026-02-01 07:48:39',NULL,NULL,'2023-02-15 07:48:17','2025-02-19 20:40:18',NULL,1,NULL,NULL,NULL,NULL,'membership',0,NULL),(646,32,1126,NULL,'company','2023-02-01 07:48:39','2026-02-01 07:48:39',NULL,NULL,'2023-02-15 07:48:17','2025-02-19 20:40:18',NULL,1,NULL,NULL,NULL,NULL,'membership',0,NULL),(649,32,136,NULL,'company','2023-02-01 07:48:39','2026-02-01 07:48:39',NULL,NULL,'2023-02-15 07:48:17','2025-02-19 20:40:18',NULL,1,NULL,NULL,NULL,NULL,'membership',0,NULL),(652,32,142,NULL,'company','2023-02-01 07:48:39','2026-02-01 07:48:39',NULL,NULL,'2023-02-15 07:48:17','2025-02-19 20:40:18',NULL,1,NULL,NULL,NULL,NULL,'membership',0,NULL),(655,32,416,NULL,'company','2023-02-01 07:48:39','2026-02-01 07:48:39',NULL,NULL,'2023-02-15 07:48:17','2025-02-19 20:40:18',NULL,1,NULL,NULL,NULL,NULL,'membership',0,NULL),(658,32,1297,NULL,'company','2023-02-01 07:48:39','2026-02-01 07:48:39',NULL,NULL,'2023-02-15 07:48:17','2025-02-19 20:40:18',NULL,1,NULL,NULL,NULL,NULL,'membership',0,NULL),(661,32,170,NULL,'company','2023-02-01 07:48:39','2026-02-01 07:48:39',NULL,NULL,'2023-02-15 07:48:17','2025-02-19 20:40:18',NULL,1,NULL,NULL,NULL,NULL,'membership',0,NULL),(664,32,24,NULL,'company','2023-02-01 07:48:39','2026-02-01 07:48:39',NULL,NULL,'2023-02-15 07:48:17','2025-02-19 20:40:18',NULL,1,NULL,NULL,NULL,NULL,'membership',0,NULL),(667,32,237,NULL,'company','2023-02-01 07:48:39','2026-02-01 07:48:39',NULL,NULL,'2023-02-15 07:48:17','2025-02-19 20:40:18',NULL,1,NULL,NULL,NULL,NULL,'membership',0,NULL),(670,32,262,NULL,'company','2023-02-01 07:48:39','2026-02-01 07:48:39',NULL,NULL,'2023-02-15 07:48:17','2025-02-19 20:40:18',NULL,1,NULL,NULL,NULL,NULL,'membership',0,NULL),(673,32,1243,NULL,'company','2023-02-01 07:48:39','2026-02-01 07:48:39',NULL,NULL,'2023-02-15 07:48:17','2025-02-19 20:40:18',NULL,1,NULL,NULL,NULL,NULL,'membership',0,NULL),(676,32,451,NULL,'company','2023-02-01 07:48:39','2026-02-01 07:48:39',NULL,NULL,'2023-02-15 07:48:17','2025-02-19 20:40:18',NULL,1,NULL,NULL,NULL,NULL,'membership',0,NULL),(679,32,671,NULL,'company','2023-02-01 07:48:39','2023-08-07 13:17:10',NULL,NULL,'2023-02-15 07:48:17','2023-08-07 13:17:10',NULL,0,NULL,NULL,NULL,NULL,'membership',0,NULL),(682,32,236,NULL,'company','2023-02-01 07:48:39','2026-02-01 07:48:39',NULL,NULL,'2023-02-15 07:48:17','2025-02-19 20:40:18',NULL,1,NULL,NULL,NULL,NULL,'membership',0,NULL),(685,32,644,NULL,'company','2023-02-01 07:48:39','2026-02-01 07:48:39',NULL,NULL,'2023-02-15 07:48:17','2025-02-19 20:40:18',NULL,1,NULL,NULL,NULL,NULL,'membership',0,NULL),(688,32,1114,NULL,'company','2023-02-01 07:48:39','2026-02-01 07:48:39',NULL,NULL,'2023-02-15 07:48:17','2025-02-19 20:40:18',NULL,1,NULL,NULL,NULL,NULL,'membership',0,NULL),(691,32,471,NULL,'company','2023-02-01 07:48:39','2023-12-18 11:23:30',NULL,NULL,'2023-02-15 07:48:17','2023-12-18 11:23:30',NULL,0,NULL,NULL,NULL,NULL,'membership',0,NULL),(694,32,238,NULL,'company','2023-02-01 07:48:39','2026-02-01 07:48:39',NULL,NULL,'2023-02-15 07:48:17','2025-02-19 20:40:18',NULL,1,NULL,NULL,NULL,NULL,'membership',0,NULL),(697,32,1183,NULL,'company','2023-02-01 07:48:39','2026-02-01 07:48:39',NULL,NULL,'2023-02-15 07:48:17','2025-02-19 20:40:18',NULL,1,NULL,NULL,NULL,NULL,'membership',0,NULL),(700,32,1300,NULL,'company','2023-02-01 07:48:39','2026-02-01 07:48:39',NULL,NULL,'2023-02-15 07:48:17','2025-02-19 20:40:18',NULL,1,NULL,NULL,NULL,NULL,'membership',0,NULL),(703,32,1028,NULL,'company','2023-02-01 07:48:39','2026-02-01 07:48:39',NULL,NULL,'2023-02-15 07:48:17','2025-02-19 20:40:18',NULL,1,NULL,NULL,NULL,NULL,'membership',0,NULL),(706,32,1315,NULL,'company','2023-02-01 07:48:39','2026-02-01 07:48:39',NULL,NULL,'2023-02-15 07:48:17','2025-02-19 20:40:18',NULL,1,NULL,NULL,NULL,NULL,'membership',0,NULL),(709,32,584,NULL,'company','2023-02-01 07:48:39','2026-02-01 07:48:39',NULL,NULL,'2023-02-15 07:48:17','2025-02-19 20:40:18',NULL,1,NULL,NULL,NULL,NULL,'membership',0,NULL),(712,32,447,NULL,'company','2023-02-01 07:48:39','2026-02-01 07:48:39',NULL,NULL,'2023-02-15 07:48:17','2025-02-19 20:40:18',NULL,1,NULL,NULL,NULL,NULL,'membership',0,NULL),(715,32,127,NULL,'company','2023-02-01 07:48:39','2026-02-01 07:48:39',NULL,NULL,'2023-02-15 07:48:17','2025-02-19 20:40:18',NULL,1,NULL,NULL,NULL,NULL,'membership',0,NULL),(718,32,839,NULL,'company','2023-02-01 07:48:39','2026-02-01 07:48:39',NULL,NULL,'2023-02-15 07:48:17','2025-02-19 20:40:18',NULL,1,NULL,NULL,NULL,NULL,'membership',0,NULL),(721,32,18,NULL,'company','2023-02-01 07:48:39','2026-02-01 07:48:39',NULL,NULL,'2023-02-15 07:48:17','2025-02-19 20:40:18',NULL,1,NULL,NULL,NULL,NULL,'membership',0,NULL),(724,32,232,NULL,'company','2023-02-01 07:48:39','2026-02-01 07:48:39',NULL,NULL,'2023-02-15 07:48:17','2025-02-19 20:40:18',NULL,1,NULL,NULL,NULL,NULL,'membership',0,NULL),(727,32,597,NULL,'company','2023-02-01 07:48:39','2026-02-01 07:48:39',NULL,NULL,'2023-02-15 07:48:17','2025-02-19 20:40:18',NULL,1,NULL,NULL,NULL,NULL,'membership',0,NULL),(730,32,1150,NULL,'company','2023-02-01 07:48:39','2026-02-01 07:48:39',NULL,NULL,'2023-02-15 07:48:17','2025-02-19 20:40:18',NULL,1,NULL,NULL,NULL,NULL,'membership',0,NULL),(733,32,135,NULL,'company','2023-02-01 07:48:39','2026-02-01 07:48:39',NULL,NULL,'2023-02-15 07:48:17','2025-02-19 20:40:18',NULL,1,NULL,NULL,NULL,NULL,'membership',0,NULL),(736,32,119,NULL,'company','2023-02-01 07:48:39','2026-02-01 07:48:39',NULL,NULL,'2023-02-15 07:48:17','2025-02-19 20:40:18',NULL,1,NULL,NULL,NULL,NULL,'membership',0,NULL),(739,32,842,NULL,'company','2023-02-01 07:48:39','2026-02-01 07:48:39',NULL,NULL,'2023-02-15 07:48:17','2025-02-19 20:40:18',NULL,1,NULL,NULL,NULL,NULL,'membership',0,NULL),(745,32,192,NULL,'company','2023-02-01 07:48:39','2026-02-01 07:48:39',NULL,NULL,'2023-02-15 07:48:17','2025-02-19 20:40:18',NULL,1,NULL,NULL,NULL,NULL,'membership',0,NULL),(748,32,1123,NULL,'company','2023-02-01 07:48:39','2023-05-11 10:47:49',NULL,NULL,'2023-02-15 07:48:17','2023-05-11 10:47:49',NULL,0,NULL,NULL,NULL,NULL,'membership',0,NULL),(751,32,26,NULL,'company','2023-02-01 07:48:39','2026-02-01 07:48:39',NULL,NULL,'2023-02-15 07:48:17','2025-02-19 20:40:18',NULL,1,NULL,NULL,NULL,NULL,'membership',0,NULL),(754,32,1219,NULL,'company','2023-02-01 07:48:39','2026-02-01 07:48:39',NULL,NULL,'2023-02-15 07:48:17','2025-02-19 20:40:18',NULL,1,NULL,NULL,NULL,NULL,'membership',0,NULL),(760,32,1093,NULL,'company','2023-02-01 07:48:39','2026-02-01 07:48:39',NULL,NULL,'2023-02-15 07:48:17','2025-02-19 20:40:18',NULL,1,NULL,NULL,NULL,NULL,'membership',0,NULL),(763,32,1180,NULL,'company','2023-02-01 07:48:39','2026-02-01 07:48:39',NULL,NULL,'2023-02-15 07:48:17','2025-02-19 20:40:18',NULL,1,NULL,NULL,NULL,NULL,'membership',0,NULL),(766,32,21,NULL,'company','2023-02-01 07:48:39','2026-02-01 07:48:39',NULL,NULL,'2023-02-15 07:48:17','2025-02-19 20:40:18',NULL,1,NULL,NULL,NULL,NULL,'membership',0,NULL),(769,32,1096,NULL,'company','2023-02-01 07:48:39','2024-02-09 13:58:35',NULL,NULL,'2023-02-15 07:48:17','2024-02-09 13:58:35',NULL,0,NULL,NULL,NULL,NULL,'membership',0,NULL),(772,32,36,NULL,'company','2023-02-01 07:48:39','2026-02-01 07:48:39',NULL,NULL,'2023-02-15 07:48:17','2025-02-19 20:40:18',NULL,1,NULL,NULL,NULL,NULL,'membership',0,NULL),(775,32,111,NULL,'company','2023-02-01 07:48:39','2026-02-01 07:48:39',NULL,NULL,'2023-02-15 07:48:17','2025-02-19 20:40:18',NULL,1,NULL,NULL,NULL,NULL,'membership',0,NULL),(778,32,1007,NULL,'company','2023-02-01 07:48:39','2026-02-01 07:48:39',NULL,NULL,'2023-02-15 07:48:17','2025-02-19 20:40:18',NULL,1,NULL,NULL,NULL,NULL,'membership',0,NULL),(781,32,128,NULL,'company','2023-02-01 07:48:39','2026-02-01 07:48:39',NULL,NULL,'2023-02-15 07:48:17','2025-02-19 20:40:18',NULL,1,NULL,NULL,NULL,NULL,'membership',0,NULL),(784,32,755,NULL,'company','2023-02-01 07:48:39','2026-02-01 07:48:39',NULL,NULL,'2023-02-15 07:48:17','2025-02-19 20:40:18',NULL,1,NULL,NULL,NULL,NULL,'membership',0,NULL),(787,32,1312,NULL,'company','2023-02-01 07:48:39','2026-02-01 07:48:39',NULL,NULL,'2023-02-15 07:48:17','2025-02-19 20:40:18',NULL,1,NULL,NULL,NULL,NULL,'membership',0,NULL),(790,32,395,NULL,'company','2023-02-01 07:48:39','2026-02-01 07:48:39',NULL,NULL,'2023-02-15 07:48:17','2025-02-19 20:40:18',NULL,1,NULL,NULL,NULL,NULL,'membership',0,NULL),(796,32,298,NULL,'company','2023-02-01 07:48:39','2026-02-01 07:48:39',NULL,NULL,'2023-02-15 07:48:17','2025-02-19 20:40:18',NULL,1,NULL,NULL,NULL,NULL,'membership',0,NULL),(799,32,162,NULL,'company','2023-02-01 07:48:39','2026-02-01 07:48:39',NULL,NULL,'2023-02-15 07:48:17','2025-02-19 20:40:18',NULL,1,NULL,NULL,NULL,NULL,'membership',0,NULL),(802,32,186,NULL,'company','2023-02-01 07:48:39','2026-02-01 07:48:39',NULL,NULL,'2023-02-15 07:48:17','2025-02-19 20:40:18',NULL,1,NULL,NULL,NULL,NULL,'membership',0,NULL),(805,32,185,NULL,'company','2023-02-01 07:48:39','2023-06-09 09:03:55',NULL,NULL,'2023-02-15 07:48:17','2023-06-09 09:03:55',NULL,0,NULL,NULL,NULL,NULL,'membership',0,NULL),(808,32,501,NULL,'company','2023-02-01 07:48:39','2026-02-01 07:48:39',NULL,NULL,'2023-02-15 07:48:17','2025-02-19 20:40:18',NULL,1,NULL,NULL,NULL,NULL,'membership',0,NULL),(811,32,430,NULL,'company','2023-02-01 07:48:39','2026-02-01 07:48:39',NULL,NULL,'2023-02-15 07:48:17','2025-02-19 20:40:18',NULL,1,NULL,NULL,NULL,NULL,'membership',0,NULL),(820,32,1076,NULL,'company','2023-02-01 07:48:39','2026-02-01 07:48:39',NULL,NULL,'2023-02-15 07:48:17','2025-02-19 20:40:18',NULL,1,NULL,NULL,NULL,NULL,'membership',0,NULL),(823,32,1303,NULL,'company','2023-02-01 07:48:39','2026-02-01 07:48:39',NULL,NULL,'2023-02-15 07:48:17','2025-02-19 20:40:18',NULL,1,NULL,NULL,NULL,NULL,'membership',0,NULL),(826,32,374,NULL,'company','2023-02-01 07:48:39','2026-02-01 07:48:39',NULL,NULL,'2023-02-15 07:48:17','2025-02-19 20:40:18',NULL,1,NULL,NULL,NULL,NULL,'membership',0,NULL),(829,32,827,NULL,'company','2023-02-01 07:48:39','2026-02-01 07:48:39',NULL,NULL,'2023-02-15 07:48:17','2025-02-19 20:40:18',NULL,1,NULL,NULL,NULL,NULL,'membership',0,NULL),(832,32,1201,NULL,'company','2023-02-01 07:48:39','2026-02-01 07:48:39',NULL,NULL,'2023-02-15 07:48:17','2025-02-19 20:40:18',NULL,1,NULL,NULL,NULL,NULL,'membership',0,NULL),(835,32,660,NULL,'company','2023-02-01 07:48:39','2026-02-01 07:48:39',NULL,NULL,'2023-02-15 07:48:17','2025-02-19 20:40:18',NULL,1,NULL,NULL,NULL,NULL,'membership',0,NULL),(838,32,689,NULL,'company','2023-02-01 07:48:39','2026-02-01 07:48:39',NULL,NULL,'2023-02-15 07:48:17','2025-02-19 20:40:18',NULL,1,NULL,NULL,NULL,NULL,'membership',0,NULL),(841,32,1108,NULL,'company','2023-02-01 07:48:39','2026-02-01 07:48:39',NULL,NULL,'2023-02-15 07:48:17','2025-02-19 20:40:18',NULL,1,NULL,NULL,NULL,NULL,'membership',0,NULL),(844,32,160,NULL,'company','2023-02-01 07:48:39','2026-02-01 07:48:39',NULL,NULL,'2023-02-15 07:48:17','2025-02-19 20:40:18',NULL,1,NULL,NULL,NULL,NULL,'membership',0,NULL),(847,32,1186,NULL,'company','2023-02-01 07:48:39','2026-02-01 07:48:39',NULL,NULL,'2023-02-15 07:48:17','2025-02-19 20:40:18',NULL,1,NULL,NULL,NULL,NULL,'membership',0,NULL),(850,32,1159,NULL,'company','2023-02-01 07:48:39','2026-02-01 07:48:39',NULL,NULL,'2023-02-15 07:48:17','2025-02-19 20:40:18',NULL,1,NULL,NULL,NULL,NULL,'membership',0,NULL),(853,32,164,NULL,'company','2023-02-01 07:48:39','2026-02-01 07:48:39',NULL,NULL,'2023-02-15 07:48:17','2025-02-19 20:40:18',NULL,1,NULL,NULL,NULL,NULL,'membership',0,NULL),(856,32,701,NULL,'company','2023-02-01 07:48:39','2026-02-01 07:48:39',NULL,NULL,'2023-02-15 07:48:17','2025-02-19 20:40:18',NULL,1,NULL,NULL,NULL,NULL,'membership',0,NULL),(859,32,193,NULL,'company','2023-02-01 07:48:39','2026-02-01 07:48:39',NULL,NULL,'2023-02-15 07:48:17','2025-02-19 20:40:18',NULL,1,NULL,NULL,NULL,NULL,'membership',0,NULL),(862,32,100,NULL,'company','2023-02-01 07:48:39','2026-02-01 07:48:39',NULL,NULL,'2023-02-15 07:48:17','2025-02-19 20:40:18',NULL,1,NULL,NULL,NULL,NULL,'membership',0,NULL),(865,32,257,NULL,'company','2023-02-01 07:48:39','2026-02-01 07:48:39',NULL,NULL,'2023-02-15 07:48:17','2025-02-19 20:40:18',NULL,1,NULL,NULL,NULL,NULL,'membership',0,NULL),(868,32,1153,NULL,'company','2023-02-01 07:48:39','2026-02-01 07:48:39',NULL,NULL,'2023-02-15 07:48:17','2025-02-19 20:40:18',NULL,1,NULL,NULL,NULL,NULL,'membership',0,NULL),(871,32,666,NULL,'company','2023-02-01 07:48:39','2026-02-01 07:48:39',NULL,NULL,'2023-02-15 07:48:17','2025-02-19 20:40:18',NULL,1,NULL,NULL,NULL,NULL,'membership',0,NULL),(874,32,330,NULL,'company','2023-02-01 07:48:39','2026-02-01 07:48:39',NULL,NULL,'2023-02-15 07:48:17','2025-02-19 20:40:18',NULL,1,NULL,NULL,NULL,NULL,'membership',0,NULL),(877,32,1019,NULL,'company','2023-02-01 07:48:39','2026-02-01 07:48:39',NULL,NULL,'2023-02-15 07:48:17','2025-02-19 20:40:18',NULL,1,NULL,NULL,NULL,NULL,'membership',0,NULL),(880,32,818,NULL,'company','2023-02-01 07:48:39','2026-02-01 07:48:39',NULL,NULL,'2023-02-15 07:48:17','2025-02-19 20:40:18',NULL,1,NULL,NULL,NULL,NULL,'membership',0,NULL),(883,32,1040,NULL,'company','2023-02-01 07:48:39','2026-02-01 07:48:39',NULL,NULL,'2023-02-15 07:48:17','2025-02-19 20:40:18',NULL,1,NULL,NULL,NULL,NULL,'membership',0,NULL),(886,32,863,NULL,'company','2023-02-01 07:48:39','2026-02-01 07:48:39',NULL,NULL,'2023-02-15 07:48:17','2025-02-19 20:40:18',NULL,1,NULL,NULL,NULL,NULL,'membership',0,NULL),(889,32,908,NULL,'company','2023-02-01 07:48:39','2026-02-01 07:48:39',NULL,NULL,'2023-02-15 07:48:17','2025-02-19 20:40:18',NULL,1,NULL,NULL,NULL,NULL,'membership',0,NULL),(892,32,157,NULL,'company','2023-02-01 07:48:39','2026-02-01 07:48:39',NULL,NULL,'2023-02-15 07:48:17','2025-02-19 20:40:18',NULL,1,NULL,NULL,NULL,NULL,'membership',0,NULL),(895,32,465,NULL,'company','2023-02-01 07:48:39','2026-02-01 07:48:39',NULL,NULL,'2023-02-15 07:48:17','2025-02-19 20:40:18',NULL,1,NULL,NULL,NULL,NULL,'membership',0,NULL),(898,32,1231,NULL,'company','2023-02-01 07:48:39','2026-02-01 07:48:39',NULL,NULL,'2023-02-15 07:48:17','2025-02-19 20:40:18',NULL,1,NULL,NULL,NULL,NULL,'membership',0,NULL),(901,32,1270,NULL,'company','2023-02-01 07:48:39','2026-02-01 07:48:39',NULL,NULL,'2023-02-15 07:48:17','2025-02-19 20:40:18',NULL,1,NULL,NULL,NULL,NULL,'membership',0,NULL),(904,32,1234,NULL,'company','2023-02-01 07:48:39','2026-02-01 07:48:39',NULL,NULL,'2023-02-15 07:48:17','2025-02-19 20:40:18',NULL,1,NULL,NULL,NULL,NULL,'membership',0,NULL),(907,32,693,NULL,'company','2023-02-01 07:48:39','2026-02-01 07:48:39',NULL,NULL,'2023-02-15 07:48:17','2025-02-19 20:40:18',NULL,1,NULL,NULL,NULL,NULL,'membership',0,NULL),(910,32,105,NULL,'company','2023-02-01 07:48:39','2026-02-01 07:48:39',NULL,NULL,'2023-02-15 07:48:17','2025-02-19 20:40:18',NULL,1,NULL,NULL,NULL,NULL,'membership',0,NULL),(913,32,1225,NULL,'company','2023-02-01 07:48:39','2026-02-01 07:48:39',NULL,NULL,'2023-02-15 07:48:17','2025-02-19 20:40:18',NULL,1,NULL,NULL,NULL,NULL,'membership',0,NULL),(916,32,228,NULL,'company','2023-02-01 07:48:39','2026-02-01 07:48:39',NULL,NULL,'2023-02-15 07:48:17','2025-02-19 20:40:18',NULL,1,NULL,NULL,NULL,NULL,'membership',0,NULL),(919,32,286,NULL,'company','2023-02-01 07:48:39','2026-02-01 07:48:39',NULL,NULL,'2023-02-15 07:48:17','2025-02-19 20:40:18',NULL,1,NULL,NULL,NULL,NULL,'membership',0,NULL),(922,32,219,NULL,'company','2023-02-01 07:48:39','2026-02-01 07:48:39',NULL,NULL,'2023-02-15 07:48:17','2025-02-19 20:40:18',NULL,1,NULL,NULL,NULL,NULL,'membership',0,NULL),(925,32,606,NULL,'company','2023-02-01 07:48:39','2026-02-01 07:48:39',NULL,NULL,'2023-02-15 07:48:17','2025-02-19 20:40:18',NULL,1,NULL,NULL,NULL,NULL,'membership',0,NULL),(928,32,630,NULL,'company','2023-02-01 07:48:39','2026-02-01 07:48:39',NULL,NULL,'2023-02-15 07:48:17','2025-02-19 20:40:18',NULL,1,NULL,NULL,NULL,NULL,'membership',0,NULL),(931,32,163,NULL,'company','2023-02-01 07:48:39','2026-02-01 07:48:39',NULL,NULL,'2023-02-15 07:48:17','2025-02-19 20:40:18',NULL,1,NULL,NULL,NULL,NULL,'membership',0,NULL),(934,32,654,NULL,'company','2023-02-01 07:48:39','2026-02-01 07:48:39',NULL,NULL,'2023-02-15 07:48:17','2025-02-19 20:40:18',NULL,1,NULL,NULL,NULL,NULL,'membership',0,NULL),(937,32,714,NULL,'company','2023-02-01 07:48:39','2026-02-01 07:48:39',NULL,NULL,'2023-02-15 07:48:17','2025-02-19 20:40:18',NULL,1,NULL,NULL,NULL,NULL,'membership',0,NULL),(940,32,1061,NULL,'company','2023-02-01 07:48:39','2026-02-01 07:48:39',NULL,NULL,'2023-02-15 07:48:17','2025-02-19 20:40:18',NULL,1,NULL,NULL,NULL,NULL,'membership',0,NULL),(943,32,1321,NULL,'company','2023-02-01 07:48:39','2026-02-01 07:48:39',NULL,NULL,'2023-02-15 07:48:17','2025-02-19 20:40:18',NULL,1,NULL,NULL,NULL,NULL,'membership',0,NULL),(946,32,260,NULL,'company','2023-02-01 07:48:39','2026-02-01 07:48:39',NULL,NULL,'2023-02-15 07:48:17','2025-02-19 20:40:18',NULL,1,NULL,NULL,NULL,NULL,'membership',0,NULL),(949,32,385,NULL,'company','2023-02-01 07:48:39','2026-02-01 07:48:39',NULL,NULL,'2023-02-15 07:48:17','2025-02-19 20:40:18',NULL,1,NULL,NULL,NULL,NULL,'membership',0,NULL),(952,32,152,NULL,'company','2023-02-01 07:48:39','2026-02-01 07:48:39',NULL,NULL,'2023-02-15 07:48:17','2025-02-19 20:40:18',NULL,1,NULL,NULL,NULL,NULL,'membership',0,NULL),(955,32,1129,NULL,'company','2023-02-01 07:48:39','2026-02-01 07:48:39',NULL,NULL,'2023-02-15 07:48:17','2025-02-19 20:40:18',NULL,1,NULL,NULL,NULL,NULL,'membership',0,NULL),(958,32,780,NULL,'company','2023-02-01 07:48:39','2026-02-01 07:48:39',NULL,NULL,'2023-02-15 07:48:17','2025-02-19 20:40:18',NULL,1,NULL,NULL,NULL,NULL,'membership',0,NULL),(961,32,771,NULL,'company','2023-02-01 07:48:39','2026-02-01 07:48:39',NULL,NULL,'2023-02-15 07:48:17','2025-02-19 20:40:18',NULL,1,NULL,NULL,NULL,NULL,'membership',0,NULL),(964,32,1267,NULL,'company','2023-02-01 07:48:39','2026-02-01 07:48:39',NULL,NULL,'2023-02-15 07:48:17','2025-02-19 20:40:18',NULL,1,NULL,NULL,NULL,NULL,'membership',0,NULL),(967,32,9,NULL,'company','2023-02-01 07:48:39','2023-05-13 10:31:45',NULL,NULL,'2023-02-15 07:48:17','2023-05-13 10:31:45',NULL,0,NULL,NULL,NULL,NULL,'membership',0,NULL),(970,32,318,NULL,'company','2023-02-01 07:48:39','2026-02-01 07:48:39',NULL,NULL,'2023-02-15 07:48:17','2025-02-19 20:40:18',NULL,1,NULL,NULL,NULL,NULL,'membership',0,NULL),(973,32,188,NULL,'company','2023-02-01 07:48:39','2026-02-01 07:48:39',NULL,NULL,'2023-02-15 07:48:17','2025-02-19 20:40:18',NULL,1,NULL,NULL,NULL,NULL,'membership',0,NULL),(976,32,1237,NULL,'company','2023-02-01 07:48:39','2026-02-01 07:48:39',NULL,NULL,'2023-02-15 07:48:17','2025-02-19 20:40:18',NULL,1,NULL,NULL,NULL,NULL,'membership',0,NULL),(979,32,134,NULL,'company','2023-02-01 07:48:39','2026-02-01 07:48:39',NULL,NULL,'2023-02-15 07:48:17','2025-02-19 20:40:18',NULL,1,NULL,NULL,NULL,NULL,'membership',0,NULL),(982,32,102,NULL,'company','2023-02-01 07:48:39','2026-02-01 07:48:39',NULL,NULL,'2023-02-15 07:48:17','2025-02-19 20:40:18',NULL,1,NULL,NULL,NULL,NULL,'membership',0,NULL),(991,32,404,NULL,'company','2023-02-01 07:48:39','2026-02-01 07:48:39',NULL,NULL,'2023-02-15 07:48:17','2025-02-19 20:40:18',NULL,1,NULL,NULL,NULL,NULL,'membership',0,NULL),(994,32,151,NULL,'company','2023-02-01 07:48:39','2025-11-11 13:00:59',NULL,NULL,'2023-02-15 07:48:17','2025-11-11 13:00:59',NULL,0,NULL,NULL,NULL,NULL,'membership',0,NULL),(997,32,138,NULL,'company','2023-02-01 07:48:39','2026-02-01 07:48:39',NULL,NULL,'2023-02-15 07:48:17','2025-02-19 20:40:18',NULL,1,NULL,NULL,NULL,NULL,'membership',0,NULL),(1453,1,39,NULL,'company','2023-02-16 14:06:39','2026-02-16 14:06:39',NULL,NULL,'2023-02-16 14:06:39','2025-02-16 01:42:59','sub_7fBdd6ZHnE',1,NULL,NULL,NULL,NULL,'user-package',10,1456),(1456,1,39,NULL,'company','2023-02-16 14:06:39','2026-02-16 14:06:39',NULL,NULL,'2023-02-16 14:06:39','2025-02-16 01:41:49','sub_YXj2Bt53n6',1,NULL,NULL,NULL,NULL,'membership',0,1453),(1459,1,1339,NULL,'company','2023-02-16 14:50:52','2024-02-16 14:50:52',NULL,NULL,'2023-02-16 14:50:52','2023-02-16 14:50:52',NULL,0,NULL,NULL,NULL,NULL,'user-package',10,1462),(1462,1,1339,NULL,'company','2023-02-16 14:50:52','2024-02-16 14:50:52',NULL,NULL,'2023-02-16 14:50:52','2023-02-16 14:50:52',NULL,0,NULL,NULL,NULL,NULL,'membership',0,1459),(1465,17,615,NULL,'company','2023-02-20 08:54:53','2026-02-20 08:54:53',NULL,NULL,'2023-02-20 08:54:53','2025-02-20 01:40:49','sub_7CUEU45otP',1,NULL,NULL,NULL,NULL,'user-package',40,1468),(1468,17,615,NULL,'company','2023-02-20 08:54:53','2026-02-20 08:54:53',NULL,NULL,'2023-02-20 08:54:53','2025-02-20 01:41:03','sub_FJT3pgfQBJ',1,NULL,NULL,NULL,NULL,'membership',0,1465),(1477,41,122,NULL,'company','2023-02-21 00:00:00','2026-02-21 00:00:00',NULL,NULL,'2023-02-21 11:59:01','2025-02-21 00:09:01',NULL,1,NULL,3,14,NULL,'user-package',30,NULL),(1480,1,19,NULL,'company','2023-02-21 14:31:22','2023-02-24 16:42:02',NULL,NULL,'2023-02-21 14:31:22','2023-02-24 16:42:02','sub_VtRMoysGCP',0,NULL,NULL,NULL,NULL,'user-package',10,1483),(1483,1,19,NULL,'company','2023-02-21 14:31:22','2023-02-24 16:42:02',NULL,NULL,'2023-02-21 14:31:22','2023-02-24 16:42:02','sub_m3U7f4rLSF',0,NULL,NULL,NULL,NULL,'membership',0,1480),(1489,32,1348,NULL,'company','2023-02-23 00:00:00','2026-02-23 00:00:00',NULL,NULL,'2023-02-23 17:22:25','2025-02-23 00:09:02',NULL,1,NULL,NULL,NULL,NULL,'membership',0,NULL),(1492,41,1216,NULL,'company','2023-02-15 00:10:00','2026-02-15 00:10:00',NULL,NULL,'2023-02-24 10:45:30','2025-02-19 20:40:18',NULL,1,NULL,3,1,NULL,'user-package',10,NULL),(1495,41,526,NULL,'company','2023-02-15 00:10:00','2026-02-15 00:10:00',NULL,NULL,'2023-02-24 10:45:30','2025-02-19 20:40:18',NULL,1,NULL,3,1,NULL,'user-package',10,NULL),(1498,41,1264,NULL,'company','2023-02-15 00:10:00','2026-02-15 00:10:00',NULL,NULL,'2023-02-24 10:45:30','2025-02-19 20:40:18',NULL,1,NULL,3,1,NULL,'user-package',10,NULL),(1501,41,496,NULL,'company','2023-02-15 00:10:00','2026-02-15 00:10:00',NULL,NULL,'2023-02-24 10:45:30','2025-02-19 20:40:18',NULL,1,NULL,3,1,NULL,'user-package',10,NULL),(1507,41,1144,NULL,'company','2023-02-15 00:10:00','2026-02-15 00:10:00',NULL,NULL,'2023-02-24 10:45:30','2025-02-19 20:40:18',NULL,1,NULL,3,1,NULL,'user-package',10,NULL),(1510,41,487,NULL,'company','2023-02-15 00:10:00','2026-02-15 00:10:00',NULL,NULL,'2023-02-24 10:45:30','2025-02-19 20:40:18',NULL,1,NULL,3,1,NULL,'user-package',10,NULL),(1513,41,783,NULL,'company','2023-02-15 00:10:00','2026-02-15 00:10:00',NULL,NULL,'2023-02-24 10:45:30','2025-02-19 20:40:18',NULL,1,NULL,3,1,NULL,'user-package',10,NULL),(1516,41,537,NULL,'company','2023-02-15 00:10:00','2026-02-15 00:10:00',NULL,NULL,'2023-02-24 10:45:30','2025-02-19 20:40:18',NULL,1,NULL,3,1,NULL,'user-package',10,NULL),(1519,41,389,NULL,'company','2023-02-15 00:10:00','2026-02-15 00:10:00',NULL,NULL,'2023-02-24 10:45:30','2025-02-19 20:40:18',NULL,1,NULL,3,1,NULL,'user-package',10,NULL),(1522,41,171,NULL,'company','2023-02-15 00:10:00','2026-02-15 00:10:00',NULL,NULL,'2023-02-24 10:45:30','2025-02-19 20:40:18',NULL,1,NULL,3,1,NULL,'user-package',10,NULL),(1525,41,653,NULL,'company','2023-02-15 00:10:00','2026-02-15 00:10:00',NULL,NULL,'2023-02-24 10:45:30','2025-02-19 20:40:18',NULL,1,NULL,3,1,NULL,'user-package',10,NULL),(1528,41,23,NULL,'company','2023-02-15 00:10:00','2026-02-15 00:10:00',NULL,NULL,'2023-02-24 10:45:30','2025-02-19 20:40:18',NULL,1,NULL,3,1,NULL,'user-package',10,NULL),(1531,41,1192,NULL,'company','2023-02-15 00:10:00','2026-02-15 00:10:00',NULL,NULL,'2023-02-24 10:45:30','2025-02-19 20:40:18',NULL,1,NULL,3,1,NULL,'user-package',10,NULL),(1534,41,534,NULL,'company','2023-02-15 00:10:00','2026-02-15 00:10:00',NULL,NULL,'2023-02-24 10:45:30','2025-02-19 20:40:18',NULL,1,NULL,3,1,NULL,'user-package',10,NULL),(1537,41,1249,NULL,'company','2023-02-15 00:10:00','2026-02-15 00:10:00',NULL,NULL,'2023-02-24 10:45:30','2025-02-19 20:40:18',NULL,1,NULL,3,1,NULL,'user-package',10,NULL),(1540,41,1306,NULL,'company','2023-02-15 00:10:00','2026-02-15 00:10:00',NULL,NULL,'2023-02-24 10:45:30','2025-02-19 20:40:18',NULL,1,NULL,3,1,NULL,'user-package',10,NULL),(1543,41,1240,NULL,'company','2023-02-15 00:10:00','2026-02-15 00:10:00',NULL,NULL,'2023-02-24 10:45:30','2025-02-19 20:40:18',NULL,1,NULL,3,1,NULL,'user-package',10,NULL),(1546,41,38,NULL,'company','2023-02-15 00:10:00','2026-02-15 00:10:00',NULL,NULL,'2023-02-24 10:45:30','2025-02-19 20:40:18',NULL,1,NULL,3,11,NULL,'user-package',20,NULL),(1549,41,140,NULL,'company','2023-02-15 00:10:00','2026-02-15 00:10:00',NULL,NULL,'2023-02-24 10:45:30','2025-02-19 20:40:18',NULL,1,NULL,3,1,NULL,'user-package',10,NULL),(1552,41,986,NULL,'company','2023-02-15 00:10:00','2026-02-15 00:10:00',NULL,NULL,'2023-02-24 10:45:30','2025-02-19 20:40:18',NULL,1,NULL,3,1,NULL,'user-package',10,NULL),(1555,41,267,NULL,'company','2023-02-15 00:10:00','2026-02-15 00:10:00',NULL,NULL,'2023-02-24 10:45:30','2025-02-19 20:40:18',NULL,1,NULL,3,1,NULL,'user-package',10,NULL),(1558,41,123,NULL,'company','2023-02-15 00:10:00','2026-02-15 00:10:00',NULL,NULL,'2023-02-24 10:45:30','2025-02-19 20:40:18',NULL,1,NULL,3,11,NULL,'user-package',20,NULL),(1561,41,339,NULL,'company','2023-02-15 00:10:00','2026-02-15 00:10:00',NULL,NULL,'2023-02-24 10:45:30','2025-02-19 20:40:18',NULL,1,NULL,3,1,NULL,'user-package',10,NULL),(1564,41,108,NULL,'company','2023-02-15 00:10:00','2026-02-15 00:10:00',NULL,NULL,'2023-02-24 10:45:30','2025-02-19 20:40:18',NULL,1,NULL,3,1,NULL,'user-package',10,NULL),(1567,41,255,NULL,'company','2023-02-15 00:10:00','2026-02-15 00:10:00',NULL,NULL,'2023-02-24 10:45:30','2025-02-19 20:40:18',NULL,1,NULL,3,1,NULL,'user-package',10,NULL),(1570,41,259,NULL,'company','2023-02-15 00:10:00','2026-02-15 00:10:00',NULL,NULL,'2023-02-24 10:45:30','2025-02-19 20:40:18',NULL,1,NULL,3,1,NULL,'user-package',10,NULL),(1573,41,1102,NULL,'company','2023-02-15 00:10:00','2026-02-15 00:10:00',NULL,NULL,'2023-02-24 10:45:30','2025-02-19 20:40:18',NULL,1,NULL,3,1,NULL,'user-package',10,NULL),(1576,41,1261,NULL,'company','2023-02-15 00:10:00','2026-02-15 00:10:00',NULL,NULL,'2023-02-24 10:45:30','2025-02-19 20:40:18',NULL,1,NULL,3,1,NULL,'user-package',10,NULL),(1579,41,315,NULL,'company','2023-02-15 00:10:00','2026-02-15 00:10:00',NULL,NULL,'2023-02-24 10:45:30','2025-02-19 20:40:18',NULL,1,NULL,3,1,NULL,'user-package',10,NULL),(1582,41,1222,NULL,'company','2023-02-15 00:10:00','2026-02-15 00:10:00',NULL,NULL,'2023-02-24 10:45:30','2025-02-19 20:40:18',NULL,1,NULL,3,1,NULL,'user-package',10,NULL),(1585,41,122,NULL,'company','2023-02-15 00:10:00','2026-02-15 00:10:00',NULL,NULL,'2023-02-24 10:45:30','2025-02-19 20:40:18',NULL,1,NULL,3,14,NULL,'user-package',30,NULL),(1588,41,237,NULL,'company','2023-02-15 00:10:00','2026-02-15 00:10:00',NULL,NULL,'2023-02-24 10:45:30','2025-02-19 20:40:18',NULL,1,NULL,3,1,NULL,'user-package',10,NULL),(1591,41,671,NULL,'company','2023-02-15 00:10:00','2026-02-15 00:10:00',NULL,NULL,'2023-02-24 10:45:30','2025-02-19 20:40:18',NULL,1,NULL,3,1,NULL,'user-package',10,NULL),(1594,41,1183,NULL,'company','2023-02-15 00:10:00','2026-02-15 00:10:00',NULL,NULL,'2023-02-24 10:45:30','2025-02-19 20:40:18',NULL,1,NULL,3,1,NULL,'user-package',10,NULL),(1597,41,1300,NULL,'company','2023-02-15 00:10:00','2026-02-15 00:10:00',NULL,NULL,'2023-02-24 10:45:30','2025-02-19 20:40:18',NULL,1,NULL,3,11,NULL,'user-package',20,NULL),(1600,41,127,NULL,'company','2023-02-15 00:10:00','2026-02-15 00:10:00',NULL,NULL,'2023-02-24 10:45:30','2025-02-19 20:40:18',NULL,1,NULL,3,11,NULL,'user-package',20,NULL),(1603,41,18,NULL,'company','2023-02-15 00:10:00','2026-02-15 00:10:00',NULL,NULL,'2023-02-24 10:45:30','2025-02-19 20:40:18',NULL,1,NULL,3,17,NULL,'user-package',40,NULL),(1606,41,1219,NULL,'company','2023-02-15 00:10:00','2026-02-15 00:10:00',NULL,NULL,'2023-02-24 10:45:30','2025-02-19 20:40:18',NULL,1,NULL,3,1,NULL,'user-package',10,NULL),(1609,41,21,NULL,'company','2023-02-15 00:10:00','2026-02-15 00:10:00',NULL,NULL,'2023-02-24 10:45:30','2025-02-19 20:40:18',NULL,1,NULL,3,1,NULL,'user-package',10,NULL),(1612,41,111,NULL,'company','2023-02-15 00:10:00','2026-02-15 00:10:00',NULL,NULL,'2023-02-24 10:45:30','2025-02-19 20:40:18',NULL,1,NULL,3,1,NULL,'user-package',10,NULL),(1615,41,128,NULL,'company','2023-02-15 00:10:00','2026-02-15 00:10:00',NULL,NULL,'2023-02-24 10:45:30','2025-02-19 20:40:18',NULL,1,NULL,3,1,NULL,'user-package',10,NULL),(1618,41,395,NULL,'company','2023-02-15 00:10:00','2026-02-15 00:10:00',NULL,NULL,'2023-02-24 10:45:30','2025-02-19 20:40:18',NULL,1,NULL,3,1,NULL,'user-package',10,NULL),(1621,41,185,NULL,'company','2023-02-15 00:10:00','2026-02-15 00:10:00',NULL,NULL,'2023-02-24 10:45:30','2025-02-19 20:40:18',NULL,1,NULL,3,1,NULL,'user-package',10,NULL),(1624,41,1303,NULL,'company','2023-02-15 00:10:00','2026-02-15 00:10:00',NULL,NULL,'2023-02-24 10:45:30','2025-02-19 20:40:18',NULL,1,NULL,3,1,NULL,'user-package',10,NULL),(1627,41,1201,NULL,'company','2023-02-15 00:10:00','2024-02-15 00:10:00',NULL,NULL,'2023-02-24 10:45:30','2024-02-15 00:09:01',NULL,0,NULL,3,11,'2023-09-20 10:40:55','user-package',20,NULL),(1630,41,1085,NULL,'company','2023-02-15 00:10:00','2026-02-15 00:10:00',NULL,NULL,'2023-02-24 10:45:30','2025-02-19 20:40:18',NULL,1,NULL,3,1,NULL,'user-package',10,NULL),(1633,41,330,NULL,'company','2023-02-15 00:10:00','2026-02-15 00:10:00',NULL,NULL,'2023-02-24 10:45:30','2025-02-19 20:40:18',NULL,1,NULL,3,1,NULL,'user-package',10,NULL),(1636,41,157,NULL,'company','2023-02-15 00:10:00','2026-02-15 00:10:00',NULL,NULL,'2023-02-24 10:45:30','2025-02-19 20:40:18',NULL,1,NULL,3,1,NULL,'user-package',10,NULL),(1639,41,1231,NULL,'company','2023-02-15 00:10:00','2026-02-15 00:10:00',NULL,NULL,'2023-02-24 10:45:30','2025-02-19 20:40:18',NULL,1,NULL,3,1,NULL,'user-package',10,NULL),(1642,41,228,NULL,'company','2023-02-15 00:10:00','2026-02-15 00:10:00',NULL,NULL,'2023-02-24 10:45:30','2025-02-19 20:40:18',NULL,1,NULL,3,1,NULL,'user-package',10,NULL),(1645,41,606,NULL,'company','2023-02-15 00:10:00','2026-02-15 00:10:00',NULL,NULL,'2023-02-24 10:45:30','2025-02-19 20:40:18',NULL,1,NULL,3,1,NULL,'user-package',10,NULL),(1648,41,714,NULL,'company','2023-02-15 00:10:00','2026-02-15 00:10:00',NULL,NULL,'2023-02-24 10:45:30','2025-02-19 20:40:18',NULL,1,NULL,3,1,NULL,'user-package',10,NULL),(1651,41,385,NULL,'company','2023-02-15 00:10:00','2026-02-15 00:10:00',NULL,NULL,'2023-02-24 10:45:30','2025-02-19 20:40:18',NULL,1,NULL,3,1,NULL,'user-package',10,NULL),(1654,41,152,NULL,'company','2023-02-15 00:10:00','2026-02-15 00:10:00',NULL,NULL,'2023-02-24 10:45:30','2025-02-19 20:40:18',NULL,1,NULL,3,1,NULL,'user-package',10,NULL),(1657,41,1267,NULL,'company','2023-02-15 00:10:00','2026-02-15 00:10:00',NULL,NULL,'2023-02-24 10:45:30','2025-02-19 20:40:18',NULL,1,NULL,3,1,NULL,'user-package',10,NULL),(1660,41,9,NULL,'company','2023-02-15 00:10:00','2026-02-15 00:10:00',NULL,NULL,'2023-02-24 10:45:30','2025-02-19 20:40:18',NULL,1,NULL,3,1,NULL,'user-package',10,NULL),(1663,41,102,NULL,'company','2023-02-15 00:10:00','2026-02-15 00:10:00',NULL,NULL,'2023-02-24 10:45:30','2025-02-19 20:40:18',NULL,1,NULL,3,1,NULL,'user-package',10,NULL),(1666,41,151,NULL,'company','2023-02-15 00:10:00','2026-02-15 00:10:00',NULL,NULL,'2023-02-24 10:45:30','2025-02-19 20:40:18',NULL,1,NULL,3,1,NULL,'user-package',10,NULL),(1669,41,149,NULL,'company','2023-02-15 00:10:00','2026-02-15 00:10:00',NULL,NULL,'2023-02-24 10:45:30','2025-02-19 20:40:18',NULL,1,NULL,3,17,NULL,'user-package',40,NULL),(1672,41,493,NULL,'company','2023-02-15 00:10:00','2026-02-15 00:10:00',NULL,NULL,'2023-02-24 10:45:30','2025-02-19 20:40:18',NULL,1,NULL,3,11,NULL,'user-package',20,NULL),(1675,41,1324,NULL,'company','2023-02-15 00:10:00','2026-02-15 00:10:00',NULL,NULL,'2023-02-24 10:45:30','2025-02-19 20:40:18',NULL,1,NULL,3,1,NULL,'user-package',10,NULL),(1678,41,1085,NULL,'company','2023-02-15 00:10:00','2026-02-15 00:10:00',NULL,NULL,'2023-02-24 10:45:30','2025-02-19 20:40:18',NULL,1,NULL,3,1,NULL,'user-package',10,NULL),(1681,41,1246,NULL,'company','2023-02-15 00:10:00','2026-02-15 00:10:00',NULL,NULL,'2023-02-24 10:45:30','2025-02-19 20:40:18',NULL,1,NULL,3,1,NULL,'user-package',10,NULL),(1684,41,1297,NULL,'company','2023-02-15 00:10:00','2026-02-15 00:10:00',NULL,NULL,'2023-02-24 10:45:30','2025-02-19 20:40:18',NULL,1,NULL,3,1,NULL,'user-package',10,NULL),(1687,41,1315,NULL,'company','2023-02-15 00:10:00','2026-02-15 00:10:00',NULL,NULL,'2023-02-24 10:45:30','2025-02-19 20:40:18',NULL,1,NULL,3,1,NULL,'user-package',10,NULL),(1690,41,164,NULL,'company','2023-02-15 00:10:00','2026-02-15 00:10:00',NULL,NULL,'2023-02-24 10:45:30','2025-02-19 20:40:18',NULL,1,NULL,3,1,NULL,'user-package',10,NULL),(1693,32,1351,NULL,'company','2023-02-24 00:00:00','2026-02-24 00:00:00',NULL,NULL,'2023-02-24 11:19:21','2025-02-24 00:09:02',NULL,1,NULL,NULL,NULL,NULL,'membership',0,NULL),(1696,14,19,NULL,'company','2023-02-24 16:42:02','2024-01-25 11:48:31',NULL,NULL,'2023-02-24 16:42:02','2024-01-25 11:48:31','sub_hqQ8Re2pwc',0,NULL,NULL,NULL,NULL,'user-package',30,1699),(1699,14,19,NULL,'company','2023-02-24 16:42:02','2024-01-25 11:48:31',NULL,NULL,'2023-02-24 16:42:02','2024-01-25 11:48:31','sub_7TAuJuiyan',0,NULL,NULL,NULL,NULL,'membership',0,1696),(1705,1,131,NULL,'company','2023-02-27 11:06:40','2023-07-20 11:58:55',NULL,NULL,'2023-02-27 11:06:40','2023-07-20 11:58:55','sub_xPm5HoatD3',0,NULL,NULL,NULL,NULL,'user-package',10,1708),(1708,1,131,NULL,'company','2023-02-27 11:06:40','2023-07-20 11:58:55',NULL,NULL,'2023-02-27 11:06:40','2023-07-20 11:58:55','sub_3MGHZb7LRc',0,NULL,NULL,NULL,NULL,'membership',0,1705),(1711,32,1357,NULL,'company','2023-02-27 00:00:00','2026-02-27 00:00:00',NULL,NULL,'2023-02-27 11:41:31','2025-02-27 00:09:02',NULL,1,NULL,NULL,NULL,NULL,'membership',0,NULL),(1717,32,1360,NULL,'company','2023-03-02 00:00:00','2026-03-02 00:00:00',NULL,NULL,'2023-03-02 08:10:01','2025-03-02 00:09:01',NULL,1,NULL,NULL,NULL,NULL,'membership',0,NULL),(1723,14,1363,NULL,'company','2023-03-03 12:03:44','2026-03-03 12:03:44',NULL,NULL,'2023-03-03 12:03:44','2025-03-03 00:09:01','sub_B5XvXGcWY9',1,NULL,NULL,NULL,NULL,'user-package',30,1726),(1726,14,1363,NULL,'company','2023-03-03 12:03:44','2026-03-03 12:03:44',NULL,NULL,'2023-03-03 12:03:44','2025-03-03 00:09:01','sub_wRJmS4KKGR',1,NULL,NULL,NULL,NULL,'membership',0,1723),(1729,32,1366,NULL,'company','2023-03-06 00:00:00','2026-03-06 00:00:00',NULL,NULL,'2023-03-06 11:33:02','2025-03-06 00:09:01',NULL,1,NULL,NULL,NULL,NULL,'membership',0,NULL),(1732,41,1366,NULL,'company','2023-03-06 00:00:00','2026-03-06 00:00:00',NULL,NULL,'2023-03-06 11:38:49','2025-03-06 00:09:01',NULL,1,NULL,3,1,NULL,'user-package',10,NULL),(1735,14,147,NULL,'company','2023-03-06 12:15:32','2026-03-06 12:15:32',NULL,NULL,'2023-03-06 12:15:32','2025-03-07 01:47:03','sub_SWZLcaAznz',1,NULL,NULL,NULL,NULL,'user-package',30,1738),(1738,14,147,NULL,'company','2023-03-06 12:15:32','2026-03-06 12:15:32',NULL,NULL,'2023-03-06 12:15:32','2025-03-07 01:47:06','sub_g2E9zXtVox',1,NULL,NULL,NULL,NULL,'membership',0,1735),(1744,32,1369,NULL,'company','2023-03-07 00:00:00','2026-03-07 00:00:00',NULL,NULL,'2023-03-07 15:08:57','2025-03-07 00:09:01',NULL,1,NULL,NULL,NULL,NULL,'membership',0,NULL),(1756,41,152,NULL,'company','2023-03-09 00:00:00','2024-03-09 00:00:00',NULL,NULL,'2023-03-09 14:25:50','2024-03-09 00:09:01',NULL,0,NULL,3,1,'2023-03-09 14:26:28','user-package',10,NULL),(1765,32,1375,NULL,'company','2023-03-09 00:00:00','2026-03-09 15:40:37',NULL,NULL,'2023-03-09 15:39:07','2025-03-09 00:09:01',NULL,1,NULL,NULL,NULL,NULL,'membership',0,NULL),(1783,41,564,NULL,'company','2023-03-20 00:00:00','2026-03-20 00:00:00',NULL,NULL,'2023-03-20 13:13:31','2025-03-20 00:09:02',NULL,1,NULL,3,1,NULL,'user-package',10,NULL),(1789,58,713,NULL,'company','2023-03-27 12:57:06','2026-03-27 12:57:06',NULL,NULL,'2023-03-27 12:57:06','2025-03-28 00:35:08','sub_7XJwszJUWw',1,NULL,NULL,NULL,NULL,'user-package',5,1792),(1792,58,713,NULL,'company','2023-03-27 12:57:06','2026-03-27 12:57:06',NULL,NULL,'2023-03-27 12:57:06','2025-03-28 00:48:03','sub_aDyofvMsBb',1,NULL,NULL,NULL,NULL,'membership',0,1789),(1795,58,1393,NULL,'company','2023-03-31 11:42:36','2026-03-31 11:42:36',NULL,NULL,'2023-03-31 11:42:36','2025-04-04 00:42:43','sub_W6GnPfTk9k',1,NULL,NULL,NULL,NULL,'user-package',5,1798),(1798,58,1393,NULL,'company','2023-03-31 11:42:36','2026-03-31 11:42:36',NULL,NULL,'2023-03-31 11:42:36','2025-04-04 00:42:43','sub_hEX5CqqaYt',1,NULL,NULL,NULL,NULL,'membership',0,1795),(1807,32,1399,NULL,'company','2023-04-07 00:00:00','2026-04-07 00:00:00',NULL,NULL,'2023-04-07 11:59:50','2025-04-07 00:09:02',NULL,1,NULL,NULL,NULL,NULL,'membership',0,NULL),(1816,32,1405,NULL,'company','2023-04-12 00:00:00','2026-04-12 00:00:00',NULL,NULL,'2023-04-12 15:36:06','2025-04-12 00:09:01',NULL,1,NULL,NULL,NULL,NULL,'membership',0,NULL),(1831,1,1411,NULL,'company','2023-04-16 15:11:37','2026-04-16 15:11:37',NULL,NULL,'2023-04-16 15:11:36','2025-04-17 00:53:19','sub_R3Npfg3NMz',1,NULL,NULL,NULL,NULL,'user-package',10,1834),(1834,1,1411,NULL,'company','2023-04-16 15:11:37','2026-04-16 15:11:37',NULL,NULL,'2023-04-16 15:11:36','2025-04-17 00:53:16','sub_ERTRxd3GCA',1,NULL,NULL,NULL,NULL,'membership',0,1831),(1837,41,1096,NULL,'company','2023-04-19 00:00:00','2026-04-19 00:00:00',NULL,NULL,'2023-04-19 09:22:05','2025-04-19 00:09:01',NULL,1,NULL,3,1,NULL,'user-package',10,NULL),(1849,32,1417,NULL,'company','2023-05-07 12:00:00','2026-05-07 12:00:00',NULL,NULL,'2023-05-08 16:58:27','2025-05-07 00:09:01',NULL,1,NULL,NULL,NULL,NULL,'user-package',0,NULL),(1852,32,1420,NULL,'company','2023-05-09 00:00:00','2026-05-09 00:00:00',NULL,NULL,'2023-05-09 07:25:23','2025-05-09 00:09:02',NULL,1,NULL,NULL,NULL,NULL,'membership',0,NULL),(1858,32,1423,NULL,'company','2023-05-09 00:00:00','2026-05-09 00:00:00',NULL,NULL,'2023-05-09 09:24:45','2025-05-09 00:09:02',NULL,1,NULL,NULL,NULL,NULL,'membership',0,NULL),(1891,1,1123,NULL,'company','2023-05-11 10:47:49','2023-08-14 15:26:18',NULL,NULL,'2023-05-11 10:47:49','2023-08-14 15:26:18','sub_fbfafkRbWC',0,NULL,NULL,NULL,NULL,'user-package',10,1894),(1894,1,1123,NULL,'company','2023-05-11 10:47:49','2023-08-14 15:26:18',NULL,NULL,'2023-05-11 10:47:49','2023-08-14 15:26:18','sub_YLBieqQDD2',0,NULL,NULL,NULL,NULL,'membership',0,1891),(1909,5,9,NULL,'company','2023-05-13 10:31:45','2026-05-13 10:31:45',NULL,NULL,'2023-05-13 10:31:45','2025-05-13 00:09:01','sub_fHo3BJd4Zp',1,NULL,NULL,NULL,NULL,'user-package',150,1912),(1912,5,9,NULL,'company','2023-05-13 10:31:45','2026-05-13 10:31:45',NULL,NULL,'2023-05-13 10:31:45','2025-05-13 00:09:01','sub_FFAVa2rZkD',1,NULL,NULL,NULL,NULL,'membership',0,1909),(1921,32,1426,NULL,'company','2023-05-17 00:00:00','2026-05-17 00:00:00',NULL,NULL,'2023-05-17 09:15:38','2025-05-17 00:09:02',NULL,1,NULL,NULL,NULL,NULL,'membership',0,NULL),(1927,32,1429,NULL,'company','2023-06-01 00:00:00','2023-06-02 16:42:43',NULL,NULL,'2023-06-01 16:19:16','2023-06-02 16:42:43',NULL,0,NULL,NULL,NULL,NULL,'membership',0,NULL),(1936,32,1432,NULL,'company','2023-06-02 00:00:00','2026-06-02 00:00:00',NULL,NULL,'2023-06-02 12:33:15','2025-06-02 00:09:01',NULL,1,NULL,NULL,NULL,NULL,'membership',0,NULL),(1951,1,1429,NULL,'company','2023-06-02 16:42:43','2025-06-02 16:42:43',NULL,NULL,'2023-06-02 16:42:43','2025-06-02 00:09:01','sub_SwDi3DUZiq',0,'2024-06-04 06:56:11',NULL,NULL,NULL,'user-package',10,1954),(1954,1,1429,NULL,'company','2023-06-02 16:42:43','2025-06-02 16:42:43',NULL,NULL,'2023-06-02 16:42:43','2025-06-02 00:09:01','sub_aX5YBTQ7DR',0,'2024-06-04 06:56:11',NULL,NULL,NULL,'membership',0,1951),(1972,32,1435,NULL,'company','2023-06-09 00:00:00','2025-06-09 00:00:00',NULL,NULL,'2023-06-09 03:16:13','2024-06-09 00:09:01',NULL,0,'2025-02-19 20:38:56',NULL,NULL,NULL,'membership',0,NULL),(1975,1,185,NULL,'company','2023-06-09 09:03:55','2025-06-09 09:03:55',NULL,NULL,'2023-06-09 09:03:55','2025-06-09 00:09:02','sub_AwJjD6NxgD',0,'2025-01-08 16:24:03',NULL,NULL,NULL,'user-package',10,1978),(1978,1,185,NULL,'company','2023-06-09 09:03:55','2025-06-09 09:03:55',NULL,NULL,'2023-06-09 09:03:55','2025-06-09 00:09:02','sub_Hk7S2YnuyL',0,'2025-01-08 16:24:03',NULL,NULL,NULL,'membership',0,1975),(1996,32,1441,NULL,'company','2023-06-12 00:00:00','2026-06-12 00:00:00',NULL,NULL,'2023-06-12 16:23:00','2025-06-12 00:09:01',NULL,1,NULL,NULL,NULL,NULL,'membership',0,NULL),(2023,1,177,NULL,'company','2023-06-14 11:15:11','2026-06-14 11:15:11',NULL,NULL,'2023-06-14 11:15:11','2025-06-30 16:11:36','sub_hBm8LeCzEL',1,'2025-06-30 16:11:36',NULL,NULL,NULL,'user-package',10,2026),(2026,1,177,NULL,'company','2023-06-14 11:15:11','2026-06-14 11:15:11',NULL,NULL,'2023-06-14 11:15:11','2025-06-30 16:11:36','sub_79XGnsvTs2',1,'2025-06-30 16:11:36',NULL,NULL,NULL,'membership',0,2023),(2029,32,1462,NULL,'company','2023-06-15 00:00:00','2026-06-15 00:00:00',NULL,NULL,'2023-06-15 16:21:53','2025-06-15 00:09:02',NULL,1,NULL,NULL,NULL,NULL,'membership',0,NULL),(2047,32,1465,NULL,'company','2023-06-30 00:00:00','2026-06-30 00:00:00',NULL,NULL,'2023-06-30 15:54:11','2025-06-30 00:09:01',NULL,1,NULL,NULL,NULL,NULL,'membership',0,NULL),(2092,1,1468,NULL,'company','2023-07-13 10:15:27','2026-07-13 10:15:27',NULL,NULL,'2023-07-13 10:15:27','2025-07-15 01:33:19','sub_Kt8P5p3SmS',1,NULL,NULL,NULL,NULL,'user-package',10,2095),(2095,1,1468,NULL,'company','2023-07-13 10:15:27','2026-07-13 10:15:27',NULL,NULL,'2023-07-13 10:15:27','2025-07-15 01:33:19','sub_uP4246mAnQ',1,NULL,NULL,NULL,NULL,'membership',0,2092),(2098,41,1471,NULL,'company','2023-07-14 00:00:00','2026-07-14 00:00:00',NULL,NULL,'2023-07-14 16:52:01','2025-07-14 00:09:01',NULL,1,NULL,3,58,NULL,'user-package',5,NULL),(2101,41,1471,NULL,'company','2023-07-14 00:00:00','2026-07-14 00:00:00',NULL,NULL,'2023-07-14 16:52:54','2025-07-14 00:09:01',NULL,1,NULL,3,58,NULL,'user-package',5,NULL),(2119,1,1477,NULL,'company','2023-07-18 18:01:27','2025-07-18 18:01:27',NULL,NULL,'2023-07-18 18:01:27','2024-07-22 00:43:21','sub_pgUwuMNtvx',0,'2025-02-19 20:38:56',NULL,NULL,NULL,'user-package',10,2122),(2122,1,1477,NULL,'company','2023-07-18 18:01:27','2025-07-18 18:01:27',NULL,NULL,'2023-07-18 18:01:27','2024-07-22 00:43:20','sub_4AksiU7jpe',0,'2025-02-19 20:38:56',NULL,NULL,NULL,'membership',0,2119),(2131,32,1480,NULL,'company','2023-07-18 00:00:00','2026-07-18 00:00:00',NULL,NULL,'2023-07-18 18:22:28','2025-07-18 00:09:01',NULL,1,NULL,NULL,NULL,NULL,'membership',0,NULL),(2188,11,1123,NULL,'company','2023-08-14 15:26:18','2026-08-14 15:26:18',NULL,NULL,'2023-08-14 15:26:18','2025-08-14 00:09:01','sub_aSUP6KhNfA',1,NULL,NULL,NULL,NULL,'user-package',20,2191),(2191,11,1123,NULL,'company','2023-08-14 15:26:18','2026-08-14 15:26:18',NULL,NULL,'2023-08-14 15:26:18','2025-08-14 00:09:01','sub_azqofK7Mim',1,NULL,NULL,NULL,NULL,'membership',0,2188),(2209,32,1489,NULL,'company','2023-08-25 00:00:00','2026-08-25 00:00:00',NULL,NULL,'2023-08-25 12:29:17','2025-08-25 00:09:01',NULL,1,NULL,NULL,NULL,NULL,'membership',0,NULL),(2221,32,1492,NULL,'company','2023-08-31 00:00:00','2024-08-31 00:00:00',NULL,NULL,'2023-08-31 15:15:31','2023-08-31 15:15:31',NULL,0,'2025-02-19 20:38:56',NULL,NULL,NULL,'membership',0,NULL),(2230,1,1498,NULL,'company','2023-09-06 11:39:54','2026-09-06 11:39:54',NULL,NULL,'2023-09-06 11:39:54','2025-09-09 01:40:32','sub_Rb9MhEtXgT',1,NULL,NULL,NULL,NULL,'user-package',10,2233),(2233,1,1498,NULL,'company','2023-09-06 11:39:54','2026-09-06 11:39:54',NULL,NULL,'2023-09-06 11:39:54','2025-09-09 01:41:16','sub_4TM5i83zW4',1,NULL,NULL,NULL,NULL,'membership',0,2230),(2248,32,1501,NULL,'company','2023-09-13 00:00:00','2026-09-13 00:00:00',NULL,NULL,'2023-09-13 13:23:27','2025-09-13 00:09:01',NULL,1,NULL,NULL,NULL,NULL,'membership',0,NULL),(2251,41,1501,NULL,'company','2023-09-13 00:00:00','2026-09-13 00:00:00',NULL,NULL,'2023-09-13 14:38:15','2025-09-13 00:09:01',NULL,1,NULL,3,1,NULL,'user-package',10,NULL),(2257,32,1507,NULL,'company','2023-09-14 00:00:00','2026-09-14 00:00:00',NULL,NULL,'2023-09-14 10:50:15','2025-09-14 00:09:01',NULL,1,NULL,NULL,NULL,NULL,'membership',0,NULL),(2260,41,660,NULL,'company','2023-09-20 00:00:00','2026-09-20 00:00:00',NULL,NULL,'2023-09-20 10:37:10','2025-09-20 00:09:01',NULL,1,NULL,3,11,NULL,'user-package',20,NULL),(2284,32,1540,NULL,'company','2023-09-21 00:00:00','2026-09-21 00:00:00',NULL,NULL,'2023-09-21 22:52:30','2025-09-21 00:09:01',NULL,1,NULL,NULL,NULL,NULL,'membership',0,NULL),(2296,32,1543,NULL,'company','2023-09-28 00:00:00','2026-09-28 00:00:00',NULL,NULL,'2023-09-28 16:18:04','2025-09-28 00:09:01',NULL,1,NULL,NULL,NULL,NULL,'membership',0,NULL),(2314,32,1564,NULL,'company','2023-10-04 00:00:00','2026-10-04 00:00:00',NULL,NULL,'2023-10-04 13:12:25','2025-10-04 22:09:01',NULL,1,NULL,NULL,NULL,NULL,'membership',0,NULL),(2323,1,126,NULL,'company','2023-10-05 09:41:24','2026-10-05 09:41:24',NULL,NULL,'2023-10-05 09:41:24','2025-10-05 22:09:01','sub_AL9NPAivfg',1,NULL,NULL,NULL,NULL,'user-package',10,2326),(2326,1,126,NULL,'company','2023-10-05 09:41:24','2026-10-05 09:41:24',NULL,NULL,'2023-10-05 09:41:24','2025-10-05 22:09:01','sub_A8yMC2ADaC',1,NULL,NULL,NULL,NULL,'membership',0,2323),(2329,32,1576,NULL,'company','2023-10-05 00:00:00','2026-10-05 00:00:00',NULL,NULL,'2023-10-05 15:38:01','2025-10-05 22:09:01',NULL,1,NULL,NULL,NULL,NULL,'membership',0,NULL),(2335,32,1585,NULL,'company','2023-10-06 00:00:00','2026-10-06 00:00:00',NULL,NULL,'2023-10-06 16:31:58','2025-10-06 22:09:01',NULL,1,NULL,NULL,NULL,NULL,'membership',0,NULL),(2362,41,1597,NULL,'company','2023-10-10 00:00:00','2026-10-10 00:00:00',NULL,NULL,'2023-10-10 12:09:11','2025-10-10 22:09:01',NULL,1,NULL,3,1,NULL,'user-package',10,NULL),(2365,41,1213,NULL,'company','2023-10-13 00:00:00','2024-10-13 00:00:00',NULL,NULL,'2023-10-13 15:23:11','2025-02-19 20:40:18',NULL,0,NULL,3,58,'2023-10-13 15:36:02','user-package',5,NULL),(2368,41,1213,NULL,'company','2023-10-13 00:00:00','2025-10-13 00:00:00',NULL,NULL,'2023-10-13 15:36:14','2025-10-13 22:09:01',NULL,0,NULL,3,1,'2025-03-11 11:58:46','user-package',10,NULL),(2374,32,1606,NULL,'company','2023-10-16 00:00:00','2024-10-16 00:00:00',NULL,NULL,'2023-10-16 20:37:57','2023-10-16 20:37:57',NULL,0,'2025-02-19 20:38:56',NULL,NULL,NULL,'membership',0,NULL),(2392,32,1618,NULL,'company','2023-10-17 00:00:00','2026-10-17 00:00:00',NULL,NULL,'2023-10-17 21:36:53','2025-10-17 22:09:01',NULL,1,NULL,NULL,NULL,NULL,'membership',0,NULL),(2398,32,1621,NULL,'company','2023-10-19 00:00:00','2026-10-19 00:00:00',NULL,NULL,'2023-10-19 08:55:05','2025-10-19 22:09:01',NULL,1,NULL,NULL,NULL,NULL,'membership',0,NULL),(2401,41,1621,NULL,'company','2023-10-19 00:00:00','2026-10-19 00:00:00',NULL,NULL,'2023-10-19 10:37:30','2025-10-19 22:09:01',NULL,1,NULL,3,1,NULL,'user-package',10,NULL),(2431,32,1645,NULL,'company','2023-11-02 00:00:00','2026-11-02 00:00:00',NULL,NULL,'2023-11-02 13:34:57','2025-11-02 23:09:01',NULL,1,NULL,NULL,NULL,NULL,'membership',0,NULL),(2458,32,1657,NULL,'company','2023-11-07 00:00:00','2026-11-07 00:00:00',NULL,NULL,'2023-11-07 09:59:39','2025-11-07 23:09:01',NULL,1,NULL,NULL,NULL,NULL,'membership',0,NULL),(2464,32,1660,NULL,'company','2023-11-08 00:00:00','2026-11-08 00:00:00',NULL,NULL,'2023-11-08 23:00:32','2025-11-08 23:09:01',NULL,1,NULL,NULL,NULL,NULL,'membership',0,NULL),(2506,32,1675,NULL,'company','2023-11-28 00:00:00','2025-11-28 00:00:00',NULL,NULL,'2023-11-28 16:07:16','2025-11-28 23:09:01',NULL,0,'2025-02-20 10:46:16',NULL,NULL,NULL,'membership',0,NULL),(2533,1,471,NULL,'company','2023-12-18 11:23:30','2026-12-18 11:23:30',NULL,NULL,'2023-12-18 11:23:30','2025-12-18 23:09:01','sub_qhzVT596Mm',1,NULL,NULL,NULL,NULL,'user-package',10,2536),(2536,1,471,NULL,'company','2023-12-18 11:23:30','2026-12-18 11:23:30',NULL,NULL,'2023-12-18 11:23:30','2025-12-18 23:09:01','sub_W55YHPhDtB',1,NULL,NULL,NULL,NULL,'membership',0,2533),(2539,32,1690,NULL,'company','2023-12-19 00:00:00','2026-12-19 00:00:00',NULL,NULL,'2023-12-19 11:36:31','2025-12-19 23:09:01',NULL,1,NULL,NULL,NULL,NULL,'membership',0,NULL),(2542,32,1693,NULL,'company','2023-12-19 00:00:00','2026-12-19 00:00:00',NULL,NULL,'2023-12-19 13:23:50','2025-12-19 23:09:01',NULL,1,NULL,NULL,NULL,NULL,'membership',0,NULL),(2563,32,1702,NULL,'company','2023-12-28 00:00:00','2026-12-28 00:00:00',NULL,NULL,'2023-12-28 21:52:14','2025-12-28 23:09:01',NULL,1,NULL,NULL,NULL,NULL,'membership',0,NULL),(2575,1,1705,NULL,'company','2024-01-10 10:44:36','2024-09-30 13:35:31',NULL,NULL,'2024-01-10 10:44:36','2024-09-30 13:35:31','sub_eubtxjNr6T',0,NULL,NULL,NULL,NULL,'user-package',10,2578),(2578,1,1705,NULL,'company','2024-01-10 10:44:36','2024-09-30 13:35:31',NULL,NULL,'2024-01-10 10:44:36','2024-09-30 13:35:31','sub_B3aNqfGJnn',0,NULL,NULL,NULL,NULL,'membership',0,2575),(2584,1,1711,NULL,'company','2024-01-17 14:48:39','2025-01-17 14:48:39',NULL,NULL,'2024-01-17 14:48:39','2024-01-17 14:51:07','sub_kwvBHLaMrr',0,'2025-02-19 20:38:56',NULL,NULL,NULL,'user-package',10,2587),(2587,1,1711,NULL,'company','2024-01-17 14:48:39','2025-01-17 14:48:39',NULL,NULL,'2024-01-17 14:48:39','2024-01-17 14:51:07','sub_suh2wdC2c6',0,'2025-02-19 20:38:56',NULL,NULL,NULL,'membership',0,2584),(2605,17,19,NULL,'company','2024-01-25 11:48:31','2025-01-25 11:48:31',NULL,NULL,'2024-01-25 11:48:31','2025-01-28 00:46:43','sub_AMMTRPP5SJ',0,NULL,NULL,NULL,NULL,'user-package',40,2608),(2608,17,19,NULL,'company','2024-01-25 11:48:31','2026-01-31 11:48:31',NULL,NULL,'2024-01-25 11:48:31','2025-01-28 00:46:34','sub_viDsanXBPu',1,NULL,NULL,NULL,NULL,'membership',0,2605),(2644,1,1735,NULL,'company','2024-02-07 14:27:42','2026-02-07 14:27:42',NULL,NULL,'2024-02-07 14:27:42','2025-02-19 20:40:18','sub_oaGTEgNNHU',1,NULL,NULL,NULL,NULL,'user-package',10,2647),(2647,1,1735,NULL,'company','2024-02-07 14:27:42','2026-02-07 14:27:42',NULL,NULL,'2024-02-07 14:27:42','2025-02-19 20:40:18','sub_aHBSzUZNBr',1,NULL,NULL,NULL,NULL,'membership',0,2644),(2650,1,1096,NULL,'company','2024-02-09 13:58:35','2026-02-09 13:58:35',NULL,NULL,'2024-02-09 13:58:35','2025-02-19 20:40:18','sub_YtRcBXskzu',1,NULL,NULL,NULL,NULL,'user-package',10,2653),(2653,1,1096,NULL,'company','2024-02-09 13:58:35','2026-02-09 13:58:35',NULL,NULL,'2024-02-09 13:58:35','2025-02-19 20:40:18','sub_qBnWDrb8DN',1,NULL,NULL,NULL,NULL,'membership',0,2650),(2656,32,1741,NULL,'company','2024-02-12 00:00:00','2026-02-12 00:00:00',NULL,NULL,'2024-02-12 10:31:04','2025-02-19 20:40:18',NULL,1,NULL,NULL,NULL,NULL,'membership',0,NULL),(2692,32,1759,NULL,'company','2024-02-27 00:00:00','2026-02-27 00:00:00',NULL,NULL,'2024-02-27 13:24:15','2025-02-27 00:09:02',NULL,1,NULL,NULL,NULL,NULL,'membership',0,NULL),(2701,32,1765,NULL,'company','2024-03-15 00:00:00','2026-03-15 00:00:00',NULL,NULL,'2024-03-15 10:01:31','2025-03-15 00:09:01',NULL,1,NULL,NULL,NULL,NULL,'membership',0,NULL),(2731,1,1777,NULL,'company','2024-04-02 11:33:49','2026-04-02 11:33:49',NULL,NULL,'2024-04-02 11:33:49','2025-04-03 01:25:40','sub_m3VsF9UABd',1,NULL,NULL,NULL,NULL,'user-package',10,2734),(2734,1,1777,NULL,'company','2024-04-02 11:33:49','2026-04-02 11:33:49',NULL,NULL,'2024-04-02 11:33:49','2025-04-03 01:25:42','sub_zEhDWQptbB',1,NULL,NULL,NULL,NULL,'membership',0,2731),(2749,32,1780,NULL,'company','2024-04-06 00:00:00','2026-04-06 00:00:00',NULL,NULL,'2024-04-06 14:35:30','2025-04-06 00:09:01',NULL,1,NULL,NULL,NULL,NULL,'membership',0,NULL),(2761,32,1792,NULL,'company','2024-04-09 00:00:00','2026-04-09 00:00:00',NULL,NULL,'2024-04-09 11:57:49','2025-04-09 00:09:01',NULL,1,NULL,NULL,NULL,NULL,'membership',0,NULL),(2773,32,1801,NULL,'company','2024-04-17 00:00:00','2026-04-17 00:00:00',NULL,NULL,'2024-04-17 13:27:03','2025-04-17 00:09:01',NULL,1,NULL,NULL,NULL,NULL,'membership',0,NULL),(2779,32,1804,NULL,'company','2024-04-18 00:00:00','2026-04-18 00:00:00',NULL,NULL,'2024-04-18 11:21:12','2025-04-18 00:09:02',NULL,1,NULL,NULL,NULL,NULL,'membership',0,NULL),(2785,32,1807,NULL,'company','2024-04-24 00:00:00','2026-04-24 00:00:00',NULL,NULL,'2024-04-24 15:14:44','2025-04-24 00:09:02',NULL,1,NULL,NULL,NULL,NULL,'membership',0,NULL),(2809,32,1810,NULL,'company','2024-05-21 00:00:00','2026-05-21 00:00:00',NULL,NULL,'2024-05-21 14:33:52','2025-05-21 00:09:02',NULL,1,NULL,NULL,NULL,NULL,'membership',0,NULL),(2824,1,1819,NULL,'company','2024-05-30 08:49:49','2026-05-30 08:49:49',NULL,NULL,'2024-05-30 08:49:49','2025-05-30 02:32:11','sub_aJpiVAjRUh',1,NULL,NULL,NULL,NULL,'user-package',10,2827),(2827,1,1819,NULL,'company','2024-05-30 08:49:49','2026-05-30 08:49:49',NULL,NULL,'2024-05-30 08:49:49','2025-05-30 02:32:11','sub_W4dMVpBD94',1,NULL,NULL,NULL,NULL,'membership',0,2824),(2845,32,1825,NULL,'company','2024-07-31 00:00:00','2026-07-31 00:00:00',NULL,NULL,'2024-07-31 12:09:23','2025-07-31 00:09:01',NULL,1,NULL,NULL,NULL,NULL,'membership',0,NULL),(2848,41,1825,NULL,'company','2024-07-31 00:00:00','2026-07-31 00:00:00',NULL,NULL,'2024-07-31 13:57:25','2025-07-31 00:09:01',NULL,1,NULL,3,58,NULL,'user-package',5,NULL),(2851,32,1828,NULL,'company','2024-07-31 00:00:00','2026-07-31 00:00:00',NULL,NULL,'2024-07-31 15:37:09','2025-07-31 00:09:01',NULL,1,NULL,NULL,NULL,NULL,'membership',0,NULL),(2854,32,1831,NULL,'company','2024-07-31 00:00:00','2026-07-31 00:00:00',NULL,NULL,'2024-07-31 16:17:27','2025-07-31 00:09:01',NULL,1,NULL,NULL,NULL,NULL,'membership',0,NULL),(2857,41,1828,NULL,'company','2024-08-02 00:00:00','2026-08-02 00:00:00',NULL,NULL,'2024-08-02 10:44:43','2025-08-02 00:09:01',NULL,1,NULL,3,58,NULL,'user-package',5,NULL),(2860,41,131,NULL,'company','2024-08-08 00:00:00','2026-08-08 00:00:00',NULL,NULL,'2024-08-08 15:05:38','2025-08-08 00:09:02',NULL,1,NULL,3,11,NULL,'user-package',20,NULL),(2869,14,131,NULL,'company','2024-08-12 12:09:05','2026-08-12 12:09:05',NULL,NULL,'2024-08-12 12:09:05','2025-08-12 02:59:56','sub_PvpPZTzuMp',1,NULL,NULL,NULL,NULL,'user-package',30,2872),(2872,14,131,NULL,'company','2024-08-12 12:09:05','2026-08-12 12:09:05',NULL,NULL,'2024-08-12 12:09:05','2025-08-12 02:59:56','sub_pyMvnBVeJn',1,NULL,NULL,NULL,NULL,'membership',0,2869),(2875,41,28,NULL,'company','2024-08-14 00:00:00','2027-01-01 00:00:00',NULL,NULL,'2024-08-14 16:48:23','2026-01-01 23:09:01',NULL,1,NULL,3,58,NULL,'user-package',5,NULL),(2878,41,1174,NULL,'company','2024-08-15 00:00:00','2026-08-15 00:00:00',NULL,NULL,'2024-08-15 11:59:42','2025-08-15 00:09:01',NULL,1,NULL,3,1,NULL,'user-package',10,NULL),(2881,32,1834,NULL,'company','2024-08-15 00:00:00','2026-08-15 00:00:00',NULL,NULL,'2024-08-15 12:28:52','2025-08-15 00:09:01',NULL,1,NULL,NULL,NULL,NULL,'membership',0,NULL),(2884,41,1834,NULL,'company','2024-08-15 00:00:00','2026-08-15 00:00:00',NULL,NULL,'2024-08-15 12:40:16','2025-08-15 00:09:01',NULL,1,NULL,3,58,NULL,'user-package',5,NULL),(2887,32,1840,NULL,'company','2024-08-19 00:00:00','2026-08-19 00:00:00',NULL,NULL,'2024-08-19 16:56:44','2025-08-19 00:09:01',NULL,1,NULL,NULL,NULL,NULL,'membership',0,NULL),(2890,41,1843,NULL,'company','2024-08-26 00:00:00','2026-08-26 00:00:00',NULL,NULL,'2024-08-26 16:47:01','2025-08-26 00:09:02',NULL,1,NULL,3,1,NULL,'user-package',10,NULL),(2893,41,1189,NULL,'company','2024-08-29 00:00:00','2026-08-29 00:00:00',NULL,NULL,'2024-08-29 11:27:54','2025-08-29 00:09:01',NULL,1,NULL,3,58,NULL,'user-package',5,NULL),(2896,32,1846,NULL,'company','2024-08-29 00:00:00','2026-08-29 00:00:00',NULL,NULL,'2024-08-29 14:45:04','2025-08-29 00:09:01',NULL,1,NULL,NULL,NULL,NULL,'membership',0,NULL),(2899,41,1846,NULL,'company','2024-08-29 00:00:00','2026-08-29 00:00:00',NULL,NULL,'2024-08-29 15:43:16','2025-08-29 00:09:01',NULL,1,NULL,3,1,NULL,'user-package',10,NULL),(2908,32,1849,NULL,'company','2024-09-04 00:00:00','2025-09-04 00:00:00',NULL,NULL,'2024-09-04 10:32:10','2024-09-04 10:32:10',NULL,0,'2025-02-19 20:38:56',NULL,NULL,NULL,'membership',0,NULL),(2911,41,193,NULL,'company','2024-09-04 00:00:00','2026-09-04 00:00:00',NULL,NULL,'2024-09-04 11:09:45','2025-09-04 00:09:01',NULL,1,NULL,3,1,NULL,'user-package',10,NULL),(2920,41,1186,NULL,'company','2024-09-10 00:00:00','2026-09-10 00:00:00',NULL,NULL,'2024-09-10 18:07:28','2025-09-10 00:09:01',NULL,1,NULL,3,58,NULL,'user-package',5,NULL),(2923,32,1864,NULL,'company','2024-09-17 00:00:00','2026-09-17 00:00:00',NULL,NULL,'2024-09-17 17:14:11','2025-09-17 00:09:01',NULL,1,NULL,NULL,NULL,NULL,'membership',0,NULL),(2926,41,1864,NULL,'company','2024-09-17 00:00:00','2026-09-17 00:00:00',NULL,NULL,'2024-09-17 18:29:07','2025-09-17 00:09:01',NULL,1,NULL,3,1,NULL,'user-package',10,NULL),(2929,32,1867,NULL,'company','2024-09-21 00:00:00','2026-09-21 00:00:00',NULL,NULL,'2024-09-21 11:38:48','2025-09-21 00:09:01',NULL,1,NULL,NULL,NULL,NULL,'membership',0,NULL),(2932,41,1867,NULL,'company','2024-09-21 00:00:00','2026-09-21 00:00:00',NULL,NULL,'2024-09-21 13:14:16','2025-09-21 00:09:01',NULL,1,NULL,3,1,NULL,'user-package',10,NULL),(2935,41,558,NULL,'company','2024-09-23 00:00:00','2026-09-23 00:00:00',NULL,NULL,'2024-09-23 23:01:19','2025-09-23 00:09:01',NULL,1,NULL,3,1,NULL,'user-package',10,NULL),(2938,11,1705,NULL,'company','2024-09-30 13:35:31','2026-09-30 13:35:31',NULL,NULL,'2024-09-30 13:35:31','2025-09-30 22:09:01','sub_KEGJ2D3QQC',1,NULL,NULL,NULL,NULL,'user-package',20,2941),(2941,11,1705,NULL,'company','2024-09-30 13:35:31','2026-09-30 13:35:31',NULL,NULL,'2024-09-30 13:35:31','2025-09-30 22:09:01','sub_Ld6i6RWNhz',1,NULL,NULL,NULL,NULL,'membership',0,2938),(2944,41,18,NULL,'company','2024-10-04 00:00:00','2025-10-04 00:00:00',NULL,NULL,'2024-10-04 10:37:19','2025-10-04 22:09:01',NULL,0,NULL,3,1,'2024-10-04 10:39:23','user-package',10,NULL),(2947,41,18,NULL,'company','2024-10-04 00:00:00','2026-10-04 00:00:00',NULL,NULL,'2024-10-04 10:39:51','2025-10-04 22:09:01',NULL,1,NULL,3,1,NULL,'user-package',10,NULL),(2950,32,1873,NULL,'company','2024-10-04 00:00:00','2026-10-04 00:00:00',NULL,NULL,'2024-10-04 14:15:10','2025-10-04 22:09:01',NULL,1,NULL,NULL,NULL,NULL,'membership',0,NULL),(2962,32,1879,NULL,'company','2024-10-14 00:00:00','2025-10-14 00:00:00',NULL,NULL,'2024-10-14 08:35:05','2024-10-14 08:35:05',NULL,0,'2025-02-19 20:38:56',NULL,NULL,NULL,'membership',0,NULL),(2965,32,1882,NULL,'company','2024-10-15 00:00:00','2026-10-15 00:00:00',NULL,NULL,'2024-10-15 09:24:57','2025-10-15 22:09:01',NULL,1,NULL,NULL,NULL,NULL,'membership',0,NULL),(2968,41,1882,NULL,'company','2024-10-15 00:00:00','2026-10-15 00:00:00',NULL,NULL,'2024-10-15 12:29:57','2025-10-15 22:09:01',NULL,1,NULL,3,58,NULL,'user-package',5,NULL),(2998,14,1897,NULL,'company','2024-11-11 13:42:10','2026-11-11 13:42:10',NULL,NULL,'2024-11-11 13:42:10','2025-11-11 23:09:01','sub_KRQNKiSZRn',1,NULL,NULL,NULL,NULL,'user-package',30,3001),(3001,14,1897,NULL,'company','2024-11-11 13:42:10','2026-11-11 13:42:10',NULL,NULL,'2024-11-11 13:42:10','2025-11-11 23:09:01','sub_ojnNZ9Dru6',1,NULL,NULL,NULL,NULL,'membership',0,2998),(3007,1,1915,NULL,'company','2025-01-30 13:22:35','2026-01-30 13:22:35',NULL,NULL,'2025-01-30 13:22:35','2025-01-30 13:28:44','sub_yZBv67etZW',1,NULL,NULL,NULL,NULL,'user-package',10,3010),(3010,1,1915,NULL,'company','2025-01-30 13:22:35','2026-01-30 13:22:35',NULL,NULL,'2025-01-30 13:22:35','2025-01-30 13:28:44','sub_YZXMGWN7Zc',1,NULL,NULL,NULL,NULL,'membership',0,3007),(3025,11,137,NULL,'company','2025-02-10 17:36:24','2026-02-10 17:36:24',NULL,NULL,'2025-02-10 17:36:24',NULL,NULL,1,NULL,NULL,NULL,NULL,'user-package',20,3028),(3028,11,137,NULL,'company','2025-02-10 17:36:24','2026-02-10 17:36:24',NULL,NULL,'2025-02-10 17:36:24',NULL,NULL,1,NULL,NULL,NULL,NULL,'membership',20,3025),(3031,1,1165,NULL,'company','2023-02-01 07:48:39','2026-02-01 07:48:39',NULL,NULL,'2023-02-15 07:48:17','2025-02-19 20:40:18',NULL,1,NULL,NULL,NULL,NULL,'user-package',10,NULL),(3034,41,339,NULL,'company','2025-02-19 00:00:00','2026-02-19 00:00:00',NULL,NULL,'2025-02-19 11:00:02','2025-02-19 11:00:02',NULL,1,NULL,3,58,NULL,'user-package',5,NULL),(3037,1,348,NULL,'company','2025-03-05 11:00:00','2026-03-05 11:00:00','2025-02-19 11:00:00','2025-03-05 11:00:00','2025-02-19 11:34:18','2025-03-11 12:00:23','sub_kMqCCT2gB3',1,NULL,NULL,NULL,NULL,'membership',0,3040),(3040,1,348,NULL,'company','2025-03-05 11:00:00','2026-03-05 11:00:00','2025-02-19 11:00:00','2025-03-05 11:00:00','2025-02-19 11:34:18','2025-03-11 12:00:23','sub_LEz376fm9J',1,NULL,NULL,NULL,NULL,'user-package',10,3037),(3043,8,NULL,52267,'user','2025-02-20 08:03:11','2026-02-20 08:03:11',NULL,NULL,'2025-02-20 08:03:11','2025-11-20 23:09:01',NULL,1,NULL,NULL,NULL,NULL,'user-package',1,3046),(3046,8,NULL,52267,'user','2025-02-20 08:03:11','2026-02-20 08:03:11',NULL,NULL,'2025-02-20 08:03:11','2025-11-20 23:09:01',NULL,1,NULL,NULL,NULL,NULL,'membership',0,3043),(3055,41,1855,NULL,'company','2025-02-28 00:00:00','2026-02-28 00:00:00',NULL,NULL,'2025-02-28 14:15:52','2025-02-28 14:15:52',NULL,1,NULL,3,58,NULL,'user-package',5,NULL),(3058,32,1918,NULL,'company','2025-03-05 00:00:00','2026-03-05 00:00:00',NULL,NULL,'2025-03-05 14:23:34','2025-03-05 14:23:34',NULL,1,NULL,NULL,NULL,NULL,'membership',0,NULL),(3061,41,348,NULL,'company','2025-03-10 00:00:00','2026-03-10 00:00:00',NULL,NULL,'2025-03-10 21:58:52','2025-03-11 11:58:05',NULL,1,NULL,3,1,'2025-03-11 11:58:05','user-package',10,NULL),(3073,32,1924,NULL,'company','2025-05-07 00:00:00','2026-05-07 00:00:00',NULL,NULL,'2025-05-07 11:44:12','2025-05-07 11:44:12',NULL,1,NULL,NULL,NULL,NULL,'membership',0,NULL),(3088,14,1930,NULL,'company','2025-06-24 08:24:48','2026-06-24 08:24:48',NULL,NULL,'2025-06-24 08:24:48','2025-06-24 08:28:58','sub_Etv6HFBLhv',1,NULL,NULL,NULL,NULL,'user-package',30,3091),(3091,14,1930,NULL,'company','2025-06-24 08:24:48','2026-06-24 08:24:48',NULL,NULL,'2025-06-24 08:24:48','2025-06-24 08:28:58','sub_TQp2EMKSzj',1,NULL,NULL,NULL,NULL,'membership',0,3088),(3094,8,NULL,52804,'user','2025-07-03 12:54:35','2026-04-03 12:54:35',NULL,NULL,'2025-07-03 12:54:35','2026-01-03 23:09:01',NULL,1,NULL,NULL,NULL,NULL,'user-package',1,3097),(3097,8,NULL,52804,'user','2025-07-03 12:54:35','2026-04-03 12:54:35',NULL,NULL,'2025-07-03 12:54:35','2026-01-03 23:09:01',NULL,1,NULL,NULL,NULL,NULL,'membership',0,3094),(3100,8,NULL,52828,'user','2025-07-17 14:39:23','2026-04-17 14:39:23',NULL,NULL,'2025-07-17 14:39:23','2026-01-17 23:09:02',NULL,1,NULL,NULL,NULL,NULL,'user-package',1,3103),(3103,8,NULL,52828,'user','2025-07-17 14:39:23','2026-04-17 14:39:23',NULL,NULL,'2025-07-17 14:39:23','2026-01-17 23:09:02',NULL,1,NULL,NULL,NULL,NULL,'membership',0,3100),(3106,32,1468,NULL,'company','2025-08-19 00:00:00','2026-08-19 00:00:00',NULL,NULL,'2025-08-19 14:16:02','2025-08-19 14:16:02',NULL,1,NULL,NULL,NULL,NULL,'membership',0,NULL),(3115,32,1936,NULL,'company','2025-11-03 00:00:00','2026-11-03 00:00:00',NULL,NULL,'2025-11-03 06:26:57','2025-11-03 06:26:57',NULL,1,NULL,NULL,NULL,NULL,'membership',0,NULL),(3116,32,1937,NULL,'company','2025-11-04 00:00:00','2026-11-04 00:00:00',NULL,NULL,'2025-11-04 10:23:42','2025-11-04 10:23:42',NULL,1,NULL,NULL,NULL,NULL,'membership',0,NULL),(3117,1,151,NULL,'company','2025-11-11 13:00:59','2026-11-11 13:00:59',NULL,NULL,'2025-11-11 13:00:59','2025-11-11 13:00:59',NULL,0,NULL,NULL,NULL,NULL,'user-package',10,3118),(3118,1,151,NULL,'company','2025-11-11 13:00:59','2026-11-11 13:00:59',NULL,NULL,'2025-11-11 13:00:59','2025-11-11 13:00:59',NULL,0,NULL,NULL,NULL,NULL,'membership',0,3117),(3119,41,26,NULL,'company','2025-11-28 00:00:00','2026-11-28 00:00:00',NULL,NULL,'2025-11-28 15:34:23','2025-11-28 15:34:23',NULL,1,NULL,3,1,NULL,'user-package',10,NULL),(3120,41,26,NULL,'company','2025-12-02 00:00:00','2026-12-02 00:00:00',NULL,NULL,'2025-12-02 14:59:57','2025-12-02 14:59:57',NULL,1,NULL,3,58,NULL,'user-package',5,NULL),(3121,41,26,NULL,'company','2025-12-03 00:00:00','2026-12-03 00:00:00',NULL,NULL,'2025-12-03 15:26:03','2025-12-03 15:26:03',NULL,1,NULL,3,58,NULL,'user-package',5,NULL),(3122,32,1938,NULL,'company','2025-12-18 00:00:00','2026-12-18 00:00:00',NULL,NULL,'2025-12-18 12:56:33','2025-12-18 12:56:33',NULL,1,NULL,NULL,NULL,NULL,'membership',0,NULL),(3123,41,1938,NULL,'company','2025-12-18 00:00:00','2026-12-18 00:00:00',NULL,NULL,'2025-12-18 15:17:41','2025-12-18 15:17:41',NULL,1,NULL,3,1,NULL,'user-package',10,NULL),(3124,41,26,NULL,'company','2026-01-02 00:00:00','2027-01-02 00:00:00',NULL,NULL,'2026-01-02 13:30:08','2026-01-02 13:30:08',NULL,1,NULL,3,1,NULL,'user-package',10,NULL);

--
-- Table structure for table `packages`
--

CREATE TABLE `packages` (
  `id` int NOT NULL AUTO_INCREMENT,
  `label` varchar(50) CHARACTER SET utf8mb4 COLLATE utf8mb4_unicode_ci DEFAULT NULL,
  `is_published` smallint DEFAULT NULL,
  `package_type` varchar(20) CHARACTER SET utf8mb4 COLLATE utf8mb4_unicode_ci DEFAULT NULL,
  `organization_cost_year` decimal(8,2) DEFAULT NULL,
  `organization_cost_month` decimal(6,2) DEFAULT NULL,
  `user_cost_year` decimal(6,2) DEFAULT NULL,
  `user_cost_month` decimal(6,2) DEFAULT NULL,
  `billing_period_membership` varchar(50) CHARACTER SET utf8mb4 COLLATE utf8mb4_unicode_ci DEFAULT NULL,
  `max_users` int DEFAULT NULL,
  `description` varchar(255) CHARACTER SET utf8mb4 COLLATE utf8mb4_unicode_ci DEFAULT NULL,
  `trial_period_in_weeks` int DEFAULT NULL,
  `is_addon` smallint DEFAULT NULL,
  `is_student` smallint DEFAULT NULL,
  `billing_period_user_package` varchar(50) CHARACTER SET utf8mb4 COLLATE utf8mb4_unicode_ci DEFAULT NULL,
  `contract_period_in_month_membership` int DEFAULT '12',
  `is_manually_invoiced` tinyint NOT NULL DEFAULT '0',
  `is_custom` tinyint NOT NULL DEFAULT '0',
  `is_deleted` tinyint NOT NULL DEFAULT '0',
  `is_referred_by` tinyint(1) NOT NULL DEFAULT '0',
  `contract_period_in_month_user_package` int DEFAULT '24',
  `is_template` tinyint(1) NOT NULL DEFAULT '0',
  PRIMARY KEY (`id`)
) ENGINE=InnoDB AUTO_INCREMENT=62 DEFAULT CHARSET=utf8mb4 COLLATE=utf8mb4_unicode_ci;

--
-- Dumping data for table `packages`
--

INSERT INTO `packages` VALUES (1,'HSEQ Direct company 1-10',1,'company',50.00,4.17,13.00,1.08,'year',10,NULL,0,0,0,'year',12,0,0,0,0,12,1),(2,'HSEQ Direct company 1-25',0,'company',1200.00,100.00,18.00,1.40,'year',25,NULL,0,0,0,'year',12,0,0,0,0,12,0),(3,'HSEQ Direct company 1-50',1,'company',50.00,4.17,12.00,1.00,'year',50,NULL,0,0,0,'year',12,0,0,0,0,12,1),(4,'HSEQ Direct company 1-100',1,'company',50.00,4.17,12.00,1.00,'year',100,NULL,0,0,0,'year',12,0,0,0,0,12,1),(5,'HSEQ Direct company 1-150',1,'company',50.00,4.17,12.00,1.00,'year',150,NULL,0,0,0,'year',12,0,0,0,0,12,1),(6,'HSEQ Direct company 1-250',0,'company',1200.00,100.00,13.20,1.00,'year',250,NULL,0,0,0,'year',12,0,0,0,0,12,0),(7,'HSEQ Direct company 1-500',0,'company',2400.00,200.00,12.00,1.00,'year',500,NULL,0,0,0,'year',12,0,0,0,0,12,0),(8,'Student',1,'user',0.00,0.00,0.00,0.00,'year',1,'Student Package',0,0,1,'year',3,0,0,0,0,3,0),(11,'HSEQ Direct company 1-20',1,'company',50.00,4.17,12.00,1.00,'year',20,NULL,0,0,0,'year',12,0,0,0,0,12,1),(14,'HSEQ Direct company 1-30',1,'company',50.00,4.17,12.00,1.00,'year',30,NULL,0,0,0,'year',12,0,0,0,0,12,1),(17,'HSEQ Direct company 1-40',1,'company',50.00,4.17,12.00,1.00,'year',40,NULL,0,0,0,'year',12,0,0,0,0,12,1),(20,'HSEQ Direct company 1-75',1,'company',50.00,4.17,12.00,1.00,'year',75,NULL,0,0,0,'year',12,0,0,0,0,12,1),(23,'HSEQ Direct company 1-125',1,'company',50.00,4.17,12.00,1.00,'year',125,NULL,0,0,0,'year',12,0,0,0,0,12,1),(26,'HSEQ Direct company 1-175',1,'company',50.00,4.17,12.00,1.00,'year',175,NULL,0,0,0,'year',12,0,0,0,0,12,1),(29,'HSEQ Direct company 1-200',1,'company',50.00,4.17,12.00,1.00,'year',200,NULL,0,0,0,'year',12,0,0,0,0,12,1),(32,'HSEQ Direct referred by other company',1,'company',0.00,0.00,0.00,0.00,'year',1,'This package is used for contractors or (small) companies who get assigned a user-package from a super-company. The max-user 1 is the company-owner (who still needs a assigned user-package to be able to score certificates)',0,0,0,'year',12,0,0,0,1,12,0),(35,'HSEQ Direct company 1-300',0,'company',50.00,4.17,12.00,1.00,'year',300,NULL,0,0,0,'year',12,1,0,0,0,12,0),(38,'TAQA custom 4000',0,'company',14400.00,1200.00,12.00,1.00,'year',4000,NULL,0,0,0,'year',12,1,1,0,0,12,0),(41,'OneDyas custom 1500',0,'company',12000.00,1000.00,12.00,1.00,'year',1500,NULL,0,0,0,'year',12,1,1,0,0,12,0),(43,'Quercus custom 20',0,'company',288.00,24.00,12.00,1.00,'year',20,NULL,0,0,0,'year',12,1,1,0,0,12,0),(46,'DPO custom 100',0,'company',1440.00,120.00,12.00,1.00,'year',100,NULL,0,0,0,'year',12,1,1,0,0,12,0),(49,'Brand Belgium custom 100',0,'company',1440.00,120.00,12.00,1.00,'year',100,NULL,0,0,0,'year',12,1,1,0,0,12,0),(52,'Brand custom 1050',0,'company',50.00,4.17,12.00,1.00,'year',1050,NULL,0,0,0,'year',12,1,1,0,0,12,0),(55,'Brand Germany custom 750',0,'company',50.00,4.17,12.00,1.00,'year',750,NULL,0,0,0,'year',12,1,1,0,0,12,0),(58,'HSEQ Direct company 1-5',0,'company',50.00,4.17,13.00,1.08,'year',5,NULL,0,0,0,'year',12,0,0,0,0,12,1),(61,'TWG custom 25',0,'company',1.00,1.00,1.00,1.00,'year',25,NULL,0,0,0,'year',12,1,1,0,0,12,0);

--
-- Table structure for table `payments`
--

CREATE TABLE `payments` (
  `id` int NOT NULL AUTO_INCREMENT,
  `created_at` datetime NOT NULL DEFAULT '2021-01-01 00:00:00',
  `updated_at` datetime(6) NOT NULL,
  `name` varchar(255) CHARACTER SET utf8mb4 COLLATE utf8mb4_unicode_ci DEFAULT NULL,
  `description` longtext CHARACTER SET utf8mb4 COLLATE utf8mb4_unicode_ci,
  `mollie_payment_id` varchar(32) CHARACTER SET utf8mb4 COLLATE utf8mb4_unicode_ci DEFAULT NULL,
  `subscription_id` int DEFAULT NULL,
  `status` int NOT NULL,
  `taxno` varchar(64) CHARACTER SET utf8mb4 COLLATE utf8mb4_unicode_ci DEFAULT NULL,
  `amount` varchar(32) CHARACTER SET utf8mb4 COLLATE utf8mb4_unicode_ci DEFAULT NULL,
  `tax` varchar(32) CHARACTER SET utf8mb4 COLLATE utf8mb4_unicode_ci DEFAULT NULL,
  `countrycode` varchar(16) CHARACTER SET utf8mb4 COLLATE utf8mb4_unicode_ci DEFAULT NULL,
  `completed_at` datetime(6) DEFAULT NULL,
  `metadata` varchar(255) CHARACTER SET utf8mb4 COLLATE utf8mb4_unicode_ci DEFAULT NULL,
  `mollie_refund_id` varchar(32) CHARACTER SET utf8mb4 COLLATE utf8mb4_unicode_ci DEFAULT NULL,
  `amount_refunded` varchar(32) CHARACTER SET utf8mb4 COLLATE utf8mb4_unicode_ci DEFAULT NULL,
  PRIMARY KEY (`id`),
  KEY `IX_payments_subscription_id` (`subscription_id`),
  CONSTRAINT `FK_65D29B329A1887DC` FOREIGN KEY (`subscription_id`) REFERENCES `subscriptions` (`id`) ON DELETE CASCADE
) ENGINE=InnoDB AUTO_INCREMENT=29197 DEFAULT CHARSET=utf8mb4 COLLATE=utf8mb4_unicode_ci;

--
-- Dumping data for table `payments`
--

INSERT INTO `payments` VALUES (6,'2018-05-01 15:44:46','2018-05-01 15:44:46.000000','','','tr_kfEJenFURD',13,1,'','99','20.79','NL','2018-05-01 15:44:46.000000',NULL,NULL,NULL),(37,'2018-05-22 13:25:09','2018-05-22 13:25:09.000000','','','tr_QB43nhy9mA',20,1,'NL115081951B02','99','20.79','NL','2018-05-22 13:25:08.000000',NULL,NULL,NULL),(54,'2018-05-31 14:47:36','2018-05-31 14:47:36.000000','','','tr_6ddrHMaG5j',24,1,'819662343','99','20.79','NL','2018-05-31 14:47:36.000000',NULL,NULL,NULL),(144,'2018-07-09 12:16:50','2018-07-09 12:16:50.000000','','','tr_sUqw8aQvbM',40,1,'','99','20.79','NL','2018-07-09 12:16:50.000000',NULL,NULL,NULL),(145,'2018-07-10 09:32:26','2018-07-10 09:32:26.000000','','','tr_dnbrfqkPKh',41,1,'8027.58.034.B.04','99','20.79','NL','2018-07-10 09:32:26.000000',NULL,NULL,NULL),(219,'2018-08-06 09:59:41','2018-08-06 09:59:41.000000','','','tr_4fpQBuNnee',54,1,'A','99','20.79','NL','2018-08-06 09:59:41.000000',NULL,NULL,NULL),(232,'2018-08-13 09:00:39','2018-08-13 09:00:39.000000','','','tr_BquT5dAt57',57,1,'','99','20.79','NL','2018-08-13 09:00:39.000000',NULL,NULL,NULL),(274,'2018-09-07 10:43:55','2018-09-07 10:43:55.000000','','','tr_3DVuF7FjMV',67,1,'NL813359193B01','99','20.79','NL','2018-09-07 10:43:55.000000',NULL,NULL,NULL),(289,'2018-09-14 11:29:23','2018-09-14 11:29:23.000000','','','tr_GsTGMB3sxk',71,1,'','99','20.79','NL','2018-09-14 11:29:23.000000',NULL,NULL,NULL),(294,'2018-09-17 09:24:55','2018-09-17 09:24:55.000000','','','tr_2khFvvBFWT',75,1,'','99','20.79','NL','2018-09-17 09:24:55.000000',NULL,NULL,NULL),(296,'2018-09-17 16:32:21','2018-09-17 16:32:21.000000','','','tr_jn6UTnJTWN',76,1,'','99','19.8','FR','2018-09-17 16:32:21.000000',NULL,NULL,NULL),(314,'2018-09-22 08:36:12','2018-09-22 08:36:12.000000','','','tr_zNSMzkTtB6',83,1,'','99','20.79','NL','2018-09-22 08:36:12.000000',NULL,NULL,NULL),(317,'2018-09-23 15:39:31','2018-09-23 15:39:31.000000','','','tr_jWMueuU77w',85,1,'Joleso BV','99','20.79','NL','2018-09-23 15:39:31.000000',NULL,NULL,NULL),(320,'2018-09-25 13:17:18','2018-09-25 13:17:18.000000','','','tr_Pj5HfsDpr8',87,1,'','99','0','CH','2018-09-25 13:17:18.000000',NULL,NULL,NULL),(332,'2018-09-27 14:49:35','2018-09-27 14:49:35.000000','','','tr_wf7wPce3Sh',93,1,'','99','20.79','NL','2018-09-27 14:49:35.000000',NULL,NULL,NULL),(337,'2018-10-02 08:15:00','2018-10-02 08:15:00.000000','','','tr_uac67QMEp8',96,1,'','99','20.79','NL','2018-10-02 08:15:00.000000',NULL,NULL,NULL),(341,'2018-10-04 12:18:24','2018-10-04 12:18:24.000000','','','tr_5fQjpmQQ5F',98,1,'NL854389349B01','99','20.79','NL','2018-10-04 12:18:24.000000',NULL,NULL,NULL),(347,'2018-10-09 10:33:00','2018-10-09 10:33:00.000000','','','tr_xKFztPCTJ5',100,1,'8092.54.852.B01','99','20.79','NL','2018-10-09 10:33:00.000000',NULL,NULL,NULL),(356,'2018-10-17 10:35:13','2018-10-17 10:35:13.000000','','','tr_mkQRy7jk3g',103,1,'8092.54.852.B01','99','18.81','DE','2018-10-17 10:35:13.000000',NULL,NULL,NULL),(372,'2018-10-26 20:41:06','2018-10-26 20:41:06.000000','','','tr_MJSbgU7rC5',110,1,'','99','20.79','NL','2018-10-26 20:41:06.000000',NULL,NULL,NULL),(374,'2018-10-29 16:16:29','2018-10-29 16:16:29.000000','','','tr_U7kmAh5wau',111,1,'Solar','99','20.79','NL','2018-10-29 16:16:29.000000',NULL,NULL,NULL),(403,'2018-11-09 12:51:03','2018-11-09 12:51:03.000000','','','tr_5NVQt6zRCJ',124,1,'','99','18.81','DE','2018-11-09 12:51:03.000000',NULL,NULL,NULL),(406,'2018-11-10 14:52:59','2018-11-10 14:52:59.000000','','','tr_TggmV6eCkQ',126,1,'','99','18.81','DE','2018-11-10 14:52:59.000000',NULL,NULL,NULL),(408,'2018-11-14 16:05:36','2018-11-14 16:05:36.000000','','','tr_JQWrgtCxKU',127,1,'','99','20.79','NL','2018-11-14 16:05:35.000000',NULL,NULL,NULL),(458,'2019-01-03 13:28:23','2019-01-03 13:28:23.000000','','','tr_FJQ3mt7st7',145,1,'1197596','99','20.79','NL','2019-01-03 13:28:23.000000',NULL,NULL,NULL),(472,'2019-01-14 09:19:17','2019-01-14 09:19:17.000000','','','tr_5Qme4ANxTu',150,1,'','99','0','US','2019-01-14 09:19:17.000000',NULL,NULL,NULL),(481,'2019-01-21 13:10:40','2019-01-21 13:10:40.000000','','','tr_DzRx3g2T6m',152,1,'nl803266571b01','99','20.79','NL','2019-01-21 13:10:39.000000',NULL,NULL,NULL),(486,'2019-01-23 15:56:05','2019-01-23 15:56:05.000000','','','tr_r4cSuVGkR2',154,1,'NL851862354B01','99','20.79','NL','2019-01-23 15:56:05.000000',NULL,NULL,NULL),(496,'2019-01-29 10:53:45','2019-01-29 10:53:45.000000','','','tr_JvaC83vRAg',158,1,'nl802179277b01','99','20.79','NL','2019-01-29 10:53:41.000000',NULL,NULL,NULL),(500,'2019-01-30 13:58:12','2019-01-30 13:58:12.000000','','','tr_WgTCueU9Ep',161,1,'NL009760258B03','99','20.79','NL','2019-01-30 13:58:12.000000',NULL,NULL,NULL),(514,'2019-02-05 15:37:10','2019-02-05 15:37:10.000000','','','tr_y3m2fdHEFM',162,1,'NL801038157B01','99','20.79','NL','2019-02-05 15:37:09.000000',NULL,NULL,NULL),(541,'2019-02-19 16:53:06','2019-02-19 16:53:06.000000','','','tr_fAggGkKM3G',172,1,'820878595B01','99','20.79','NL','2019-02-19 16:53:05.000000',NULL,NULL,NULL),(561,'2019-04-04 12:07:08','2019-04-04 12:07:08.000000','','','tr_HcVx6jkw5N',180,1,'','99','20.79','NL','2019-04-04 12:07:06.000000',NULL,NULL,NULL),(565,'2019-04-04 16:16:02','2019-04-04 16:16:02.000000','','','tr_h7rxmwENnS',182,1,'NL819662343B01','99','20.79','NL','2019-04-04 16:16:02.000000',NULL,NULL,NULL),(582,'2019-04-12 19:09:47','2019-04-12 19:09:47.000000','','','tr_uHWSJa9Jz5',187,1,'1194928','99','20.79','NL','2019-04-12 19:09:43.000000',NULL,NULL,NULL),(585,'2019-04-15 15:00:39','2019-04-15 15:00:39.000000','','','tr_4wEa5bvwrx',189,1,'PL6770081871','99','0','FR','2019-04-15 15:00:38.000000',NULL,NULL,NULL),(642,'2019-05-14 11:25:10','2019-05-14 11:25:10.000000','','','tr_tfkS9Vh9SD',204,1,'','99','0','US','2019-05-14 11:25:10.000000',NULL,NULL,NULL),(660,'2019-05-23 12:04:49','2019-05-23 12:04:49.000000','','','tr_SgHHs6VDrj',214,1,'PL8171880779','99','0','PL','2019-05-23 12:04:49.000000',NULL,NULL,NULL),(692,'2019-06-08 12:50:14','2019-06-08 12:50:14.000000','','','tr_NtFeQ9AE5s',225,1,'PL6770081871','99','0','PL','2019-06-08 12:50:14.000000',NULL,NULL,NULL),(879,'2019-07-02 11:53:23','2019-07-02 11:53:22.905620',NULL,'LARS first payment','tr_GVAnmGd2tC',40,3,NULL,'99','20.79','NL','2019-07-02 13:53:22.000000',NULL,NULL,NULL),(881,'2019-07-02 15:58:24','2019-07-02 15:58:24.166519',NULL,'LARS first payment','tr_GhfJrGGVAk',41,3,NULL,'99','20.79','NL','2019-07-02 17:58:23.000000',NULL,NULL,NULL),(2904,'2019-07-25 13:16:01','2019-07-25 13:16:01.062208',NULL,'LARS first payment','tr_EBzmRQrjVF',54,3,NULL,'99','20.79','NL','2019-07-25 15:16:00.000000',NULL,NULL,NULL),(2948,'2019-07-29 21:38:29','2019-07-29 21:38:28.662802',NULL,'LARS first payment','tr_yDjqx9uJc6',57,3,NULL,'99','20.79','NL','2019-07-29 23:38:28.000000',NULL,NULL,NULL),(3721,'2019-08-14 10:13:41','2019-08-14 10:13:40.954695',NULL,'LARS first payment','tr_zuaEuRm8E4',67,3,NULL,'99','20.79','NL','2019-08-14 12:13:40.000000',NULL,NULL,NULL),(4012,'2019-08-16 14:35:10','2019-08-16 14:35:10.398336',NULL,'LARS first payment','tr_e6qkt2njRt',71,3,NULL,'99','20.79','GB','2019-08-16 16:35:10.000000',NULL,NULL,NULL),(4046,'2019-08-18 09:10:13','2019-08-18 09:10:13.448250',NULL,'LARS first payment','tr_fB92SctrVf',75,3,NULL,'99','20.79','GB','2019-08-18 11:10:13.000000',NULL,NULL,NULL),(4209,'2019-08-19 12:44:24','2019-08-19 12:44:23.500510',NULL,'LARS first payment','tr_HDsJWsG9S2',76,3,NULL,'99','20.79','NL','2019-08-19 14:44:23.000000',NULL,NULL,NULL),(4260,'2019-08-20 10:07:32','2019-08-20 10:07:31.776077',NULL,'LARS first payment','tr_af9TUmq2CQ',74,3,NULL,'99','20.79','NL','2019-08-17 12:59:54.000000',NULL,NULL,NULL),(4571,'2019-08-23 20:40:09','2019-08-23 20:40:09.396101',NULL,'LARS first payment','tr_nM5RTMTfuA',83,3,NULL,'99','20.79','NL','2019-08-23 22:40:09.000000',NULL,NULL,NULL),(5210,'2019-08-28 07:54:45','2019-08-28 07:54:45.071253',NULL,'LARS first payment','tr_x4E5vpMj9t',85,3,NULL,'99','20.79','NL','2019-08-28 09:54:44.000000',NULL,NULL,NULL),(5975,'2019-09-02 06:18:45','2019-09-02 06:18:44.878383',NULL,'LARS first payment','tr_9KF4NDmVkN',87,3,NULL,'99','20.79','NL','2019-09-02 08:18:44.000000',NULL,NULL,NULL),(6464,'2019-09-05 14:28:19','2019-09-05 14:28:19.229143',NULL,'LARS first payment','tr_MzDfBgGxPa',93,3,NULL,'99','20.79','NL','2019-09-05 16:28:18.000000',NULL,NULL,NULL),(7041,'2019-09-15 16:59:31','2019-09-15 16:59:30.885329',NULL,'LARS first payment','tr_69hBdMrTuj',96,3,NULL,'99','20.79','NL','2019-09-15 18:59:30.000000',NULL,NULL,NULL),(7507,'2019-09-20 13:57:04','2019-09-20 13:57:04.001275',NULL,'LARS first payment','tr_BNyQnRATbT',98,3,NULL,'99','20.79','NL','2019-09-20 15:57:03.000000',NULL,NULL,NULL),(7708,'2019-09-23 11:49:23','2019-09-23 11:49:22.742648',NULL,'LARS first payment','tr_SckhARtry9',100,3,NULL,'99','20.79','NL','2019-09-23 13:49:22.000000',NULL,NULL,NULL),(8258,'2019-09-29 15:54:25','2019-09-29 15:54:24.557279',NULL,'LARS first payment','tr_ys9Mg5E6rr',103,3,NULL,'99','20.79','NL','2019-09-29 17:54:24.000000',NULL,NULL,NULL),(10579,'2019-10-24 10:39:35','2019-10-24 10:39:34.963085',NULL,'LARS first payment','tr_ddceBQzs96',110,3,NULL,'99','20.79','NL','2019-10-24 12:39:34.000000',NULL,NULL,NULL),(13326,'2019-11-19 22:30:36','2019-11-19 22:30:35.903473',NULL,'LARS first payment','tr_UxUT5PFtnS',111,3,NULL,'99','20.79','NL','2019-11-19 23:30:35.000000',NULL,NULL,NULL),(14907,'2019-12-13 17:05:46','2019-12-13 17:05:45.830341',NULL,'LARS first payment','tr_c6wRDUMatG',124,3,NULL,'99','20.79','NL','2019-12-13 18:05:45.000000',NULL,NULL,NULL),(15600,'2020-01-06 14:57:16','2020-01-06 14:57:16.186674',NULL,'LARS first payment','tr_P9vUnUgQeW',126,3,NULL,'99','20.79','GB','2020-01-06 15:57:15.000000',NULL,NULL,NULL),(15612,'2020-01-07 12:43:17','2020-01-07 12:43:16.978133',NULL,'LARS first payment','tr_J88snfK8uF',127,3,NULL,'99','20.79','GB','2020-01-07 13:43:16.000000',NULL,NULL,NULL),(20064,'2020-03-02 08:08:17','2020-03-02 08:08:16.584101',NULL,'LARS first payment','tr_qctJpVm6Eu',145,3,NULL,'99','20.79','NL','2020-03-02 09:08:16.000000',NULL,NULL,NULL),(20436,'2020-03-06 15:59:21','2020-03-06 15:59:21.082258',NULL,'LARS first payment','tr_3BSq8UW9jv',150,3,NULL,'99','20.79','NL','2020-03-06 16:59:20.000000',NULL,NULL,NULL),(21642,'2020-04-01 07:58:42','2020-04-01 07:58:41.851602',NULL,'LARS first payment','tr_vPqw6D2VVJ',152,3,NULL,'99','20.79','NL','2020-04-01 09:58:41.000000',NULL,NULL,NULL),(21781,'2020-04-02 15:25:17','2020-04-02 15:25:17.247630',NULL,'LARS first payment','tr_bd8f9etqhV',154,3,NULL,'99','20.79','NL','2020-04-02 17:25:16.000000',NULL,NULL,NULL),(22123,'2020-04-17 09:50:50','2020-04-17 09:50:50.354722',NULL,'LARS first payment','tr_eqvHPHp8AW',158,3,NULL,'99','20.79','NL','2020-04-17 11:50:49.000000',NULL,NULL,NULL),(22706,'2020-04-30 07:31:20','2020-04-30 07:31:20.329394',NULL,'LARS first payment','tr_mDkmdAd8H7',160,3,NULL,'99','20.79','NL','2020-04-30 08:55:56.000000',NULL,NULL,NULL),(22741,'2020-05-01 09:17:12','2020-05-01 09:17:11.870023',NULL,'LARS first payment','tr_5PQ5xgn8cN',161,3,NULL,'99','20.79','NL','2020-05-01 11:17:11.000000',NULL,NULL,NULL),(22889,'2020-05-07 16:02:26','2020-05-07 16:02:25.708204',NULL,'LARS first payment','tr_afq6VPQB7W',162,3,NULL,'99','20.79','NL','2020-05-07 18:02:25.000000',NULL,NULL,NULL),(23633,'2020-05-22 09:45:46','2020-05-22 09:45:46.036528',NULL,'LARS first payment','tr_b3pGAmvmFh',171,3,NULL,'99','20.79','NL','2020-05-21 06:41:22.000000',NULL,NULL,NULL),(23701,'2020-05-25 12:20:45','2020-05-25 12:20:44.743516',NULL,'LARS first payment','tr_5ACC6srddx',172,3,NULL,'99','20.79','NL','2020-05-25 14:20:44.000000',NULL,NULL,NULL),(24644,'2020-06-24 14:55:31','2020-06-24 14:55:30.817838',NULL,'LARS first payment','tr_RW4gr3g5cf',180,3,NULL,'99','20.79','GB','2020-06-24 16:55:30.000000',NULL,NULL,NULL),(24945,'2020-06-30 17:33:25','2020-06-30 17:33:24.920141',NULL,'LARS first payment','tr_zBmwG2Asur',182,3,NULL,'99','20.79','NL','2020-06-30 19:33:24.000000',NULL,NULL,NULL),(25141,'2020-07-03 09:43:25','2020-07-03 09:43:25.207889',NULL,'LARS first payment','tr_3MdstjFWP9',183,3,NULL,'99','20.79','NL','2020-07-02 16:12:31.000000',NULL,NULL,NULL),(25718,'2020-07-21 10:24:13','2020-07-21 10:24:13.292440',NULL,'LARS first payment','tr_3F4PBRUFaz',187,3,NULL,'99','20.79','NL','2020-07-21 12:24:12.000000',NULL,NULL,NULL),(25945,'2020-07-24 22:07:19','2020-07-24 22:07:19.080650',NULL,'Lars yearly fee','tr_E3mB6HC8Sz',54,3,NULL,'99','20.79','NL','2020-07-25 00:07:18.000000',NULL,NULL,NULL),(26018,'2020-07-29 06:56:21','2020-07-29 06:56:21.097953',NULL,'Lars yearly fee','tr_E3mB6HC8Sz',54,3,NULL,'99','20.79','NL','2020-07-25 00:07:18.000000',NULL,NULL,NULL),(26058,'2020-07-30 05:15:30','2020-07-30 05:15:30.263222',NULL,'LARS first payment','tr_fUNPb756ch',189,3,NULL,'99','20.79','NL','2020-07-30 07:15:29.000000',NULL,NULL,NULL),(26235,'2020-08-03 05:39:17','2020-08-03 05:39:16.591133',NULL,'Lars yearly fee','tr_uun3NuQQvA',57,3,NULL,'99','20.79','NL','2020-08-03 07:39:15.000000',NULL,NULL,NULL),(26688,'2020-08-13 22:07:46','2020-08-13 22:07:46.329739',NULL,'Lars yearly fee','tr_nBj3hPWDpq',67,7,NULL,'99','20.79','NL',NULL,NULL,NULL,NULL),(26728,'2020-08-15 22:07:23','2020-08-15 22:07:22.802030',NULL,'Lars yearly fee','tr_E8R6yNGmEx',71,3,NULL,'99','20.79','GB','2020-08-16 00:07:22.000000',NULL,NULL,NULL),(26750,'2020-08-17 07:32:34','2020-08-17 07:32:33.566023',NULL,'Lars yearly fee','tr_E8R6yNGmEx',71,3,NULL,'99','20.79','GB','2020-08-16 00:07:22.000000',NULL,NULL,NULL),(26841,'2020-08-17 22:07:27','2020-08-17 22:07:27.496423',NULL,'Lars yearly fee','tr_JdHzx5W6FW',75,7,NULL,'99','20.79','GB',NULL,NULL,NULL,NULL),(26967,'2020-08-20 04:52:06','2020-08-20 04:52:06.142670',NULL,'Lars yearly fee','tr_MPn2gutWn4',74,3,NULL,'99','20.79','NL','2020-08-20 06:51:59.000000',NULL,NULL,NULL),(27006,'2020-08-20 08:29:18','2020-08-20 08:29:18.480431',NULL,'LARS first payment','tr_jeVe9cqjkU',192,3,NULL,'99','20.79','NL','2020-08-11 10:36:43.000000',NULL,NULL,NULL),(27085,'2020-08-21 08:55:22','2020-08-21 08:55:22.454140',NULL,'LARS first payment','tr_krCV7tQatJ',193,3,NULL,'99','20.79','NL','2020-08-17 15:06:46.000000',NULL,NULL,NULL),(27141,'2020-08-22 22:07:31','2020-08-22 22:07:30.710948',NULL,'Lars yearly fee','tr_HvJzAVqm7d',83,7,NULL,'99','20.79','NL',NULL,NULL,NULL,NULL),(27171,'2020-08-24 05:23:49','2020-08-24 05:23:48.558001',NULL,'Lars yearly fee','tr_d6u2VVWxuF',76,3,NULL,'99','20.79','NL','2020-08-24 07:23:45.000000',NULL,NULL,NULL),(27296,'2020-08-25 05:04:58','2020-08-25 05:04:57.701658',NULL,'Lars yearly fee','tr_MPn2gutWn4',74,3,NULL,'99','20.79','NL','2020-08-20 06:51:59.000000',NULL,NULL,NULL),(27796,'2020-08-30 12:25:24','2020-08-30 12:25:24.225787',NULL,'Lars yearly fee','tr_uun3NuQQvA',57,3,NULL,'99','20.79','NL','2020-08-03 07:39:15.000000',NULL,NULL,NULL),(27805,'2020-09-02 06:55:03','2020-09-02 06:55:03.367599',NULL,'Lars yearly fee','tr_fa7GmeGJyb',85,3,NULL,'99','20.79','NL','2020-09-02 08:54:59.000000',NULL,NULL,NULL),(27811,'2020-09-03 08:16:01','2020-09-03 08:16:00.864380',NULL,'Lars yearly fee','tr_fa7GmeGJyb',85,3,NULL,'99','20.79','NL','2020-09-02 08:54:59.000000',NULL,NULL,NULL),(27814,'2020-09-05 12:07:56','2020-09-05 12:07:56.275578',NULL,'Lars yearly fee','tr_ATy2Ww7CpP',93,1,NULL,'99','20.79','NL',NULL,NULL,NULL,NULL),(27817,'2020-09-07 05:10:08','2020-09-07 05:10:07.797066',NULL,'Lars yearly fee','tr_CawvpR53sP',87,3,NULL,'99','20.79','NL','2020-09-07 07:10:07.000000',NULL,NULL,NULL),(27819,'2020-09-07 13:06:35','2020-09-07 13:06:35.000000',NULL,'LARS first payment','tr_NFm3U9Ng6K',204,3,NULL,'119.79','25.1559','NL','2020-09-07 13:06:35.000000',NULL,NULL,NULL),(27832,'2020-09-09 14:13:08','2020-09-09 14:13:07.737334',NULL,'Lars yearly fee','tr_CawvpR53sP',87,3,NULL,'99','20.79','NL','2020-09-07 07:10:07.000000',NULL,NULL,NULL),(27841,'2020-09-10 15:01:34','2020-09-10 15:01:34.000000',NULL,'LARS first payment','tr_aJHdEckvVe',214,3,NULL,'119.79','0','DE','2020-09-10 15:01:34.000000',NULL,NULL,NULL),(27850,'2020-09-14 22:07:08','2020-09-14 22:07:08.454804',NULL,'Lars yearly fee','tr_QKgRh9xvVG',96,7,NULL,'99','20.79','NL',NULL,NULL,NULL,NULL),(27853,'2020-09-15 05:00:43','2020-09-15 05:00:43.262095',NULL,'Lars yearly fee','tr_CawvpR53sP',87,3,NULL,'99','20.79','NL','2020-09-07 07:10:07.000000',NULL,NULL,NULL),(27856,'2020-09-19 22:07:42','2020-09-19 22:07:41.702129',NULL,'Lars yearly fee','tr_a5wB65C9Wp',98,7,NULL,'99','20.79','NL',NULL,NULL,NULL,NULL),(27865,'2020-09-22 12:02:57','2020-09-22 12:02:56.769509',NULL,'LARS first payment','tr_678BaJnnhH',151,3,NULL,'99','20.79','NL','2020-03-24 15:24:50.000000',NULL,NULL,NULL),(27877,'2020-09-28 05:03:47','2020-09-28 05:03:47.299066',NULL,'Lars yearly fee','tr_ua6swgmKzh',100,3,NULL,'99','20.79','NL','2020-09-28 07:02:03.000000',NULL,NULL,NULL),(27880,'2020-09-28 07:52:14','2020-09-28 07:52:14.458464',NULL,'Lars yearly fee','tr_ua6swgmKzh',100,3,NULL,'99','20.79','NL','2020-09-28 07:02:03.000000',NULL,NULL,NULL),(27886,'2020-09-29 13:39:14','2020-09-29 13:39:14.099797',NULL,'Lars yearly fee','tr_VJbwHJu4en',103,1,NULL,'99','20.79','NL',NULL,NULL,NULL,NULL),(27900,'2020-10-21 11:48:26','2020-10-21 11:48:26.000000',NULL,'LARS first payment','tr_dBNMD7zyaA',225,3,NULL,'119.79','25.1559','NL','2020-10-21 11:48:26.000000',NULL,NULL,NULL),(27902,'2021-01-08 16:34:03','2021-01-08 16:34:03.000000',NULL,'LARS first payment','tr_evtAaFhxrz',227,3,NULL,'119.79','25.1559','NL','2021-01-08 16:34:03.000000',NULL,NULL,NULL),(27904,'2021-01-26 07:02:04','2021-01-26 07:02:04.000000',NULL,'LARS first payment','tr_SKmQkhUR4D',229,3,NULL,'119.79','25.1559','NL','2021-01-26 07:02:04.000000',NULL,NULL,NULL),(27907,'2021-02-15 07:53:27','2021-02-15 07:53:27.000000',NULL,'LARS first payment','tr_PA5DaT3CMN',232,3,NULL,'119.79','25.1559','NL','2021-02-15 07:53:27.000000',NULL,NULL,NULL),(27921,'2021-05-18 15:44:54','2021-05-18 15:44:54.000000',NULL,'LARS first payment','tr_9Bx7SEhcgp',246,3,NULL,'119.79','0','BE','2021-05-18 15:44:54.000000',NULL,NULL,NULL),(27924,'2021-05-19 15:28:54','2021-05-19 15:28:54.000000',NULL,'LARS first payment','tr_x67HV4dzqP',249,3,NULL,'119.79','25.1559','NL','2021-05-19 15:28:54.000000',NULL,NULL,NULL),(27941,'2021-09-10 19:32:26','2021-09-10 21:53:41.000000',NULL,'HSEQdirect company 1-10 first payment','tr_nRRdxadW3c',266,0,NULL,'19.36','24.15',NULL,'2021-09-10 21:53:41.000000','{\"package_subscription_id\":2}',NULL,NULL),(27947,'2021-09-14 09:30:31','2021-09-15 13:39:30.000000',NULL,'HSEQdirect company 1-10 first payment','tr_vAnAfm2HCt',266,1,NULL,'19.36','24.15','NL','2021-09-15 13:39:30.000000','{\"package_subscription_id\":2}',NULL,NULL),(27950,'2021-09-14 09:30:31','2021-09-15 13:49:12.000000',NULL,'HSEQdirect company 1-10 first payment','tr_vAnAfm2HCt',266,1,NULL,'19.36','24.15','NL','2021-09-15 13:49:12.000000','{\"package_subscription_id\":2}',NULL,NULL),(27953,'2021-09-15 12:21:32','2021-09-15 14:21:49.000000',NULL,'HSEQdirect company 1-10 first payment','tr_MNnJKQ3CKE',266,0,NULL,'139.15','24.15',NULL,'2021-09-15 14:21:49.000000','{\"package_subscription_id\":2}',NULL,NULL),(27956,'2021-09-14 10:13:28','2021-09-15 14:31:29.000000',NULL,'HSEQdirect company 1-10 first payment','tr_TDx5NzU3pE',266,1,NULL,'139.15','24.15',NULL,'2021-09-15 14:31:29.000000','{\"package_subscription_id\":2}',NULL,NULL),(27959,'2021-09-15 12:21:51','2021-09-15 14:41:04.000000',NULL,'HSEQdirect company 1-10 first payment','tr_kNTApyNa8z',266,1,NULL,'139.15','24.15','NL','2021-09-15 14:41:04.000000','{\"package_subscription_id\":2}',NULL,NULL),(27962,'2021-09-14 10:59:20','2021-09-15 15:17:30.000000',NULL,'HSEQdirect company 1-10 first payment','tr_m2dxBmWMSm',266,1,NULL,'139.15','24.15','NL','2021-09-15 15:17:30.000000','{\"package_subscription_id\":2}',NULL,NULL),(27965,'2021-09-14 11:06:38','2021-09-15 15:24:29.000000',NULL,'HSEQdirect company 1-10 first payment','tr_EdP8Md4bT7',266,1,NULL,'139.15','24.15',NULL,'2021-09-15 15:24:29.000000','{\"package_subscription_id\":2}',NULL,NULL),(27968,'2021-09-15 13:12:37','2021-09-15 15:30:13.000000',NULL,'HSEQdirect company 1-10 first payment','tr_PJHUuuTDQs',266,1,NULL,'139.15','24.15','NL','2021-09-15 15:30:13.000000','{\"package_subscription_id\":2}',NULL,NULL),(27971,'2021-09-15 13:42:16','2021-09-15 16:00:05.000000',NULL,'HSEQdirect company 1-10 first payment','tr_p3rPj56RJd',266,1,NULL,'139.15','24.15',NULL,'2021-09-15 16:00:05.000000','{\"package_subscription_id\":2}',NULL,NULL),(27974,'2021-09-15 13:54:30','2021-09-15 16:13:12.000000',NULL,'HSEQdirect company 1-10 first payment','tr_7BxrNgNggj',266,1,NULL,'139.15','24.15','NL','2021-09-15 16:13:12.000000','{\"package_subscription_id\":2}',NULL,NULL),(27977,'2021-09-15 14:05:23','2021-09-15 16:23:05.000000',NULL,'HSEQdirect company 1-10 first payment','tr_EbzrC6C54S',272,1,'NL-BTW-01234567','139.15','24.15','NL','2021-09-15 16:23:05.000000','{\"package_subscription_id\":17}',NULL,NULL),(27980,'2021-09-14 15:12:09','2021-09-15 19:30:17.000000',NULL,'HSEQdirect company 1-10 first payment','tr_vagzmxc2JD',266,1,NULL,'139.15','24.15',NULL,'2021-09-15 19:30:17.000000','{\"package_subscription_id\":2}',NULL,NULL),(27983,'2021-09-16 07:56:08','2021-09-16 10:14:07.000000',NULL,'HSEQdirect company 1-10 first payment','tr_58H6hPga94',266,1,NULL,'139.15','24.15',NULL,'2021-09-16 10:14:07.000000','{\"package_subscription_id\":2}',NULL,NULL),(27986,'2021-09-16 12:44:06','2021-09-16 14:48:22.000000',NULL,'HSEQdirect company 1-10 first payment','tr_CbPrrft7T9',275,3,NULL,'139.15','24.15','NL','2021-09-16 14:48:22.000000','{\"package_subscription_id\":2}',NULL,'0.00'),(27989,'2021-09-16 12:44:06','2021-09-20 09:07:06.000000',NULL,'HSEQdirect company 1-10 first payment','tr_CbPrrft7T9',278,3,NULL,'139.15','24.15','NL','2021-09-20 09:07:06.000000','{\"package_subscription_id\":2}',NULL,'139.15'),(27992,'2021-09-27 11:41:47','2021-09-27 13:42:48.000000',NULL,'HSEQdirect company 1-10 first payment','tr_ktyGuCgBqa',281,3,NULL,'139.15','24.15','NL','2021-09-27 13:42:48.000000','{\"package_subscription_id\":38}',NULL,'0.00'),(27995,'2021-09-27 11:41:47','2021-09-27 17:12:01.000000',NULL,'HSEQdirect company 1-10 first payment','tr_ktyGuCgBqa',281,3,NULL,'139.15','24.15','NL','2021-09-27 17:12:01.000000','{\"package_subscription_id\":38}',NULL,'139.15'),(28004,'2021-10-05 09:19:41','2021-10-05 11:20:03.000000',NULL,'HSEQdirect company 1-50 first payment','tr_DCjVECxesn',290,0,NULL,'199.65','34.65','IN','2021-10-05 11:20:03.000000','{\"package_subscription_id\":62}',NULL,NULL),(28010,'2021-10-19 08:36:04','2021-10-19 10:55:20.000000',NULL,'HSEQdirect company 1-10 first payment','tr_UttfvkteHn',296,1,NULL,'139.15','24.15','IN','2021-10-19 10:55:20.000000','{\"package_subscription_id\":32}',NULL,NULL),(28012,'2022-07-26 12:54:41','2022-07-26 15:13:59.000000',NULL,'HSEQdirect company 1-50 first payment','tr_wAcprzMv4i',298,3,'NL8093.19.810.B.01','199.65','34.65','NL','2022-07-26 15:13:59.000000','{\"package_subscription_id\":100}',NULL,'0.00'),(28015,'2022-07-26 12:26:44','2022-07-26 15:14:14.000000',NULL,'HSEQdirect company 1-50 first payment','tr_SbJRgNLAyv',298,1,'NL8093.19.810.B.01','199.65','34.65',NULL,'2022-07-26 15:14:14.000000','{\"package_subscription_id\":100}',NULL,NULL),(28018,'2022-07-26 12:47:35','2022-07-26 15:19:07.000000',NULL,'HSEQdirect company 1-50 first payment','tr_b6N2xTh7oT',298,1,'NL8093.19.810.B.01','199.65','34.65',NULL,'2022-07-26 15:19:07.000000','{\"package_subscription_id\":100}',NULL,NULL),(28021,'2022-08-15 11:07:49','2022-08-15 13:16:06.000000',NULL,'HSEQdirect company 1-100 first payment','tr_RfRMj5bMjA',298,3,'NL8093.19.810.B.01','266.20','46.2','NL','2022-08-15 13:16:06.000000','{\"package_subscription_id\":109}',NULL,'0.00'),(28024,'2022-11-26 00:35:24','2022-11-26 01:35:26.000000',NULL,'HSEQdirect company 1-100 montly fee','tr_efDchhdDct',301,3,'NL8093.19.810.B.01','266.20','46.2',NULL,'2022-11-26 01:35:26.000000',NULL,NULL,'0.00'),(28027,'2022-12-26 00:37:28','2022-12-26 01:37:31.000000',NULL,'HSEQdirect company 1-100 montly fee','tr_vsh8FmJekX',301,3,'NL8093.19.810.B.01','266.20','46.2',NULL,'2022-12-26 01:37:31.000000',NULL,NULL,'0.00'),(28030,'2023-01-26 00:08:08','2023-01-26 01:08:11.000000',NULL,'HSEQdirect company 1-100 montly fee','tr_Jedp6bcjrX',301,3,'NL8093.19.810.B.01','266.20','46.2',NULL,'2023-01-26 01:08:11.000000',NULL,NULL,'0.00'),(28033,'2023-02-16 13:06:40','2023-02-16 14:08:13.000000',NULL,'HSEQ Direct company 1-10 first payment membership and user-package','tr_32sYN4axmU',307,3,'','217.80','37.80','NL','2023-02-16 14:08:13.000000','[{\"package_subscription_id\":1453},{\"package_subscription_id\":1456}]',NULL,'0.00'),(28036,'2023-02-20 08:19:36','2023-02-20 09:29:58.000000',NULL,'HSEQ Direct company 1-40 first payment membership and user-package','tr_mnjJyDMU5u',313,3,NULL,'641.30','111.30','NL','2023-02-20 09:29:58.000000','[{\"package_subscription_id\":1465},{\"package_subscription_id\":1468}]',NULL,'0.00'),(28039,'2023-02-21 14:52:20','2023-02-21 15:54:45.000000',NULL,'HSEQ Direct company 1-10 first payment membership and user-package','tr_TtQZJhZPo9',319,3,'','217.80','37.80','NL','2023-02-21 15:54:45.000000','[{\"package_subscription_id\":1480},{\"package_subscription_id\":1483}]',NULL,'0.00'),(28042,'2023-02-24 15:42:03','2023-02-24 16:42:38.000000',NULL,'HSEQ Direct company 1-30 first payment membership and user-package','tr_bEHzEqkbW4',325,3,'','496.10','86.10','NL','2023-02-24 16:42:38.000000','[{\"package_subscription_id\":1696},{\"package_subscription_id\":1699}]',NULL,'0.00'),(28045,'2023-02-26 04:02:37','2023-02-26 05:02:40.000000',NULL,'HSEQdirect company 1-100 montly fee','tr_vw9exyPwY3',301,3,'NL8093.19.810.B.01','266.20','10.50',NULL,'2023-02-26 05:02:40.000000',NULL,NULL,'0.00'),(28054,'2023-03-06 11:22:50','2023-03-06 12:24:05.000000',NULL,'HSEQ Direct company 1-30 first payment membership and user-package','tr_dvoaZXgyx7',343,3,'','496.10','86.10','NL','2023-03-06 12:24:05.000000','[{\"package_subscription_id\":1735},{\"package_subscription_id\":1738}]',NULL,'0.00'),(28057,'2023-03-17 14:58:29','2023-03-17 16:00:39.000000',NULL,'HSEQ Direct company 1-10 first payment membership and user-package','tr_ruTXTbwS5s',NULL,0,NULL,'180.00','0.00',NULL,'2023-03-17 16:00:39.000000','[{\"package_subscription_id\":1759},{\"package_subscription_id\":1762}]',NULL,NULL),(28060,'2023-03-17 14:58:29','2023-03-17 16:15:12.000000',NULL,'HSEQ Direct company 1-10 first payment membership and user-package','tr_hwu8SF2Hkj',NULL,2,NULL,'180.00','0.00',NULL,'2023-03-17 16:15:12.000000','[{\"package_subscription_id\":1759},{\"package_subscription_id\":1762}]',NULL,NULL),(28063,'2023-03-17 15:01:15','2023-03-17 16:18:14.000000',NULL,'HSEQ Direct company 1-10 first payment membership and user-package','tr_jSTN4Potav',NULL,2,NULL,'180.00','0.00',NULL,'2023-03-17 16:18:14.000000','[{\"package_subscription_id\":1759},{\"package_subscription_id\":1762}]',NULL,NULL),(28066,'2023-03-17 15:01:14','2023-03-17 16:18:14.000000',NULL,'HSEQ Direct company 1-10 first payment membership and user-package','tr_AuqkvtXFmo',NULL,2,NULL,'180.00','0.00',NULL,'2023-03-17 16:18:14.000000','[{\"package_subscription_id\":1759},{\"package_subscription_id\":1762}]',NULL,NULL),(28069,'2023-03-17 15:05:46','2023-03-17 16:22:14.000000',NULL,'HSEQ Direct company 1-10 first payment membership and user-package','tr_q3RcioyiX7',NULL,2,NULL,'180.00','0.00',NULL,'2023-03-17 16:22:14.000000','[{\"package_subscription_id\":1759},{\"package_subscription_id\":1762}]',NULL,NULL),(28072,'2023-03-17 15:05:46','2023-03-17 16:22:16.000000',NULL,'HSEQ Direct company 1-10 first payment membership and user-package','tr_oRRpQuHoJo',NULL,2,NULL,'180.00','0.00',NULL,'2023-03-17 16:22:16.000000','[{\"package_subscription_id\":1759},{\"package_subscription_id\":1762}]',NULL,NULL),(28075,'2023-03-26 03:49:14','2023-03-26 05:49:18.000000',NULL,'HSEQdirect company 1-100 montly fee','tr_FpjKyDhSvY',301,3,'NL8093.19.810.B.01','266.20','10.50',NULL,'2023-03-26 05:49:18.000000',NULL,NULL,'0.00'),(28078,'2023-03-27 11:08:12','2023-03-27 13:08:36.000000',NULL,'HSEQ Direct company 1-5 first payment membership and user-package','tr_3nqhrgJ9L6',NULL,0,NULL,'139.15','0.00',NULL,'2023-03-27 13:08:36.000000','[{\"package_subscription_id\":1789},{\"package_subscription_id\":1792}]',NULL,NULL),(28081,'2023-03-27 11:09:07','2023-03-27 13:09:16.000000',NULL,'HSEQ Direct company 1-5 first payment membership and user-package','tr_Nhmf3CvY9n',NULL,0,NULL,'139.15','0.00',NULL,'2023-03-27 13:09:16.000000','[{\"package_subscription_id\":1789},{\"package_subscription_id\":1792}]',NULL,NULL),(28084,'2023-03-27 11:11:44','2023-03-27 13:12:00.000000',NULL,'HSEQ Direct company 1-5 first payment membership and user-package','tr_fcohmtHBKF',NULL,0,NULL,'139.15','0.00',NULL,'2023-03-27 13:12:00.000000','[{\"package_subscription_id\":1789},{\"package_subscription_id\":1792}]',NULL,NULL),(28087,'2023-03-27 11:09:19','2023-03-27 13:12:02.000000',NULL,'HSEQ Direct company 1-5 first payment membership and user-package','tr_f48aaWfopU',349,3,NULL,'139.15','24.15','NL','2023-03-27 13:12:02.000000','[{\"package_subscription_id\":1789},{\"package_subscription_id\":1792}]',NULL,'0.00'),(28090,'2023-03-27 10:57:07','2023-03-27 13:13:15.000000',NULL,'HSEQ Direct company 1-5 first payment membership and user-package','tr_KrpyzQBwJc',NULL,2,NULL,'139.15','0.00',NULL,'2023-03-27 13:13:15.000000','[{\"package_subscription_id\":1789},{\"package_subscription_id\":1792}]',NULL,NULL),(28093,'2023-03-27 10:59:18','2023-03-27 13:16:14.000000',NULL,'HSEQ Direct company 1-5 first payment membership and user-package','tr_6dyfYJuQ6U',NULL,2,NULL,'139.15','0.00',NULL,'2023-03-27 13:16:14.000000','[{\"package_subscription_id\":1789},{\"package_subscription_id\":1792}]',NULL,NULL),(28096,'2023-03-27 10:59:18','2023-03-27 13:16:14.000000',NULL,'HSEQ Direct company 1-5 first payment membership and user-package','tr_FE4PXfECUW',NULL,2,NULL,'139.15','0.00',NULL,'2023-03-27 13:16:14.000000','[{\"package_subscription_id\":1789},{\"package_subscription_id\":1792}]',NULL,NULL),(28099,'2023-03-27 10:59:54','2023-03-27 13:16:14.000000',NULL,'HSEQ Direct company 1-5 first payment membership and user-package','tr_RQUQNAKV33',NULL,2,NULL,'139.15','0.00',NULL,'2023-03-27 13:16:14.000000','[{\"package_subscription_id\":1789},{\"package_subscription_id\":1792}]',NULL,NULL),(28102,'2023-03-27 10:59:54','2023-03-27 13:16:21.000000',NULL,'HSEQ Direct company 1-5 first payment membership and user-package','tr_XXwtYVaBcc',NULL,2,NULL,'139.15','0.00',NULL,'2023-03-27 13:16:21.000000','[{\"package_subscription_id\":1789},{\"package_subscription_id\":1792}]',NULL,NULL),(28105,'2023-03-27 11:00:16','2023-03-27 13:17:16.000000',NULL,'HSEQ Direct company 1-5 first payment membership and user-package','tr_jLwojTbExp',NULL,2,NULL,'139.15','0.00',NULL,'2023-03-27 13:17:16.000000','[{\"package_subscription_id\":1789},{\"package_subscription_id\":1792}]',NULL,NULL),(28108,'2023-03-27 11:00:16','2023-03-27 13:17:16.000000',NULL,'HSEQ Direct company 1-5 first payment membership and user-package','tr_kLDGJVFc4F',NULL,2,NULL,'139.15','0.00',NULL,'2023-03-27 13:17:16.000000','[{\"package_subscription_id\":1789},{\"package_subscription_id\":1792}]',NULL,NULL),(28111,'2023-03-27 11:00:35','2023-03-27 13:17:20.000000',NULL,'HSEQ Direct company 1-5 first payment membership and user-package','tr_hsw8cS4y5o',NULL,2,NULL,'139.15','0.00',NULL,'2023-03-27 13:17:20.000000','[{\"package_subscription_id\":1789},{\"package_subscription_id\":1792}]',NULL,NULL),(28114,'2023-03-27 11:00:35','2023-03-27 13:17:22.000000',NULL,'HSEQ Direct company 1-5 first payment membership and user-package','tr_pdJzyGR8W9',NULL,2,NULL,'139.15','0.00',NULL,'2023-03-27 13:17:22.000000','[{\"package_subscription_id\":1789},{\"package_subscription_id\":1792}]',NULL,NULL),(28117,'2023-03-27 11:01:27','2023-03-27 13:18:18.000000',NULL,'HSEQ Direct company 1-5 first payment membership and user-package','tr_DS9xBW3eUc',NULL,2,NULL,'139.15','0.00',NULL,'2023-03-27 13:18:18.000000','[{\"package_subscription_id\":1789},{\"package_subscription_id\":1792}]',NULL,NULL),(28120,'2023-03-27 11:01:27','2023-03-27 13:18:18.000000',NULL,'HSEQ Direct company 1-5 first payment membership and user-package','tr_Xexna3AkED',NULL,2,NULL,'139.15','0.00',NULL,'2023-03-27 13:18:18.000000','[{\"package_subscription_id\":1789},{\"package_subscription_id\":1792}]',NULL,NULL),(28123,'2023-03-27 11:02:14','2023-03-27 13:19:16.000000',NULL,'HSEQ Direct company 1-5 first payment membership and user-package','tr_F4e4ZQsDS4',NULL,2,NULL,'139.15','0.00',NULL,'2023-03-27 13:19:16.000000','[{\"package_subscription_id\":1789},{\"package_subscription_id\":1792}]',NULL,NULL),(28126,'2023-03-27 11:02:14','2023-03-27 13:19:17.000000',NULL,'HSEQ Direct company 1-5 first payment membership and user-package','tr_6iYaSacWKC',NULL,2,NULL,'139.15','0.00',NULL,'2023-03-27 13:19:17.000000','[{\"package_subscription_id\":1789},{\"package_subscription_id\":1792}]',NULL,NULL),(28129,'2023-03-27 11:06:40','2023-03-27 13:23:16.000000',NULL,'HSEQ Direct company 1-5 first payment membership and user-package','tr_kLeuoXQRk9',NULL,2,NULL,'139.15','0.00',NULL,'2023-03-27 13:23:16.000000','[{\"package_subscription_id\":1789},{\"package_subscription_id\":1792}]',NULL,NULL),(28132,'2023-03-27 11:06:40','2023-03-27 13:23:18.000000',NULL,'HSEQ Direct company 1-5 first payment membership and user-package','tr_qbeJDsdTNE',NULL,2,NULL,'139.15','0.00',NULL,'2023-03-27 13:23:18.000000','[{\"package_subscription_id\":1789},{\"package_subscription_id\":1792}]',NULL,NULL),(28135,'2023-03-27 11:07:12','2023-03-27 13:24:16.000000',NULL,'HSEQ Direct company 1-5 first payment membership and user-package','tr_rufejw6DL3',NULL,2,NULL,'139.15','0.00',NULL,'2023-03-27 13:24:16.000000','[{\"package_subscription_id\":1789},{\"package_subscription_id\":1792}]',NULL,NULL),(28138,'2023-03-27 11:07:12','2023-03-27 13:24:17.000000',NULL,'HSEQ Direct company 1-5 first payment membership and user-package','tr_ZBGgwmdAUN',NULL,2,NULL,'139.15','0.00',NULL,'2023-03-27 13:24:17.000000','[{\"package_subscription_id\":1789},{\"package_subscription_id\":1792}]',NULL,NULL),(28141,'2023-03-27 11:08:11','2023-03-27 13:24:22.000000',NULL,'HSEQ Direct company 1-5 first payment membership and user-package','tr_Mv9488vK5a',NULL,2,NULL,'139.15','0.00',NULL,'2023-03-27 13:24:22.000000','[{\"package_subscription_id\":1789},{\"package_subscription_id\":1792}]',NULL,NULL),(28144,'2023-03-27 11:08:40','2023-03-27 13:25:13.000000',NULL,'HSEQ Direct company 1-5 first payment membership and user-package','tr_yBe6CqiqKa',NULL,2,NULL,'139.15','0.00',NULL,'2023-03-27 13:25:13.000000','[{\"package_subscription_id\":1789},{\"package_subscription_id\":1792}]',NULL,NULL),(28147,'2023-03-27 11:09:06','2023-03-27 13:25:13.000000',NULL,'HSEQ Direct company 1-5 first payment membership and user-package','tr_6cv73L8a5r',NULL,2,NULL,'139.15','0.00',NULL,'2023-03-27 13:25:13.000000','[{\"package_subscription_id\":1789},{\"package_subscription_id\":1792}]',NULL,NULL),(28150,'2023-03-27 11:11:04','2023-03-27 13:27:15.000000',NULL,'HSEQ Direct company 1-5 first payment membership and user-package','tr_MsUTjCYZYS',NULL,2,NULL,'139.15','0.00',NULL,'2023-03-27 13:27:15.000000','[{\"package_subscription_id\":1789},{\"package_subscription_id\":1792}]',NULL,NULL),(28153,'2023-03-27 11:11:44','2023-03-27 13:28:15.000000',NULL,'HSEQ Direct company 1-5 first payment membership and user-package','tr_wikfTsCZxx',NULL,2,NULL,'139.15','0.00',NULL,'2023-03-27 13:28:15.000000','[{\"package_subscription_id\":1789},{\"package_subscription_id\":1792}]',NULL,NULL),(28156,'2023-03-27 11:12:03','2023-03-27 13:28:23.000000',NULL,'HSEQ Direct company 1-5 first payment membership and user-package','tr_xJGVLXs2r9',NULL,2,NULL,'139.15','0.00',NULL,'2023-03-27 13:28:23.000000','[{\"package_subscription_id\":1789},{\"package_subscription_id\":1792}]',NULL,NULL),(28159,'2023-03-31 09:42:37','2023-03-31 11:59:19.000000',NULL,'HSEQ Direct company 1-5 first payment membership and user-package','tr_eiw34vgzS9',NULL,2,'NL005366148B01','139.15','0.00',NULL,'2023-03-31 11:59:19.000000','[{\"package_subscription_id\":1795},{\"package_subscription_id\":1798}]',NULL,NULL),(28162,'2023-03-31 09:53:51','2023-03-31 12:10:15.000000',NULL,'HSEQ Direct company 1-5 first payment membership and user-package','tr_A63L3fVt92',NULL,2,'NL005366148B01','139.15','0.00',NULL,'2023-03-31 12:10:15.000000','[{\"package_subscription_id\":1795},{\"package_subscription_id\":1798}]',NULL,NULL),(28165,'2023-03-31 09:53:52','2023-03-31 12:10:16.000000',NULL,'HSEQ Direct company 1-5 first payment membership and user-package','tr_mbWmYLah2v',NULL,2,'NL005366148B01','139.15','0.00',NULL,'2023-03-31 12:10:16.000000','[{\"package_subscription_id\":1795},{\"package_subscription_id\":1798}]',NULL,NULL),(28168,'2023-04-03 11:29:41','2023-04-03 13:46:24.000000',NULL,'HSEQ Direct company 1-5 first payment membership and user-package','tr_uddGvaRwSv',NULL,2,'NL005366148B01','139.15','0.00',NULL,'2023-04-03 13:46:24.000000','[{\"package_subscription_id\":1795},{\"package_subscription_id\":1798}]',NULL,NULL),(28171,'2023-04-03 11:29:41','2023-04-03 13:46:28.000000',NULL,'HSEQ Direct company 1-5 first payment membership and user-package','tr_wUGAjGCmGi',NULL,2,'NL005366148B01','139.15','0.00',NULL,'2023-04-03 13:46:28.000000','[{\"package_subscription_id\":1795},{\"package_subscription_id\":1798}]',NULL,NULL),(28174,'2023-04-03 12:30:54','2023-04-03 14:34:23.000000',NULL,'HSEQ Direct company 1-5 first payment membership and user-package','tr_etxMiVN75s',355,3,'NL005366148B01','139.15','24.15','NL','2023-04-03 14:34:23.000000','[{\"package_subscription_id\":1795},{\"package_subscription_id\":1798}]',NULL,'0.00'),(28177,'2023-04-03 12:30:53','2023-04-03 14:47:16.000000',NULL,'HSEQ Direct company 1-5 first payment membership and user-package','tr_XVYTXihAsc',NULL,2,'NL005366148B01','139.15','0.00',NULL,'2023-04-03 14:47:16.000000','[{\"package_subscription_id\":1795},{\"package_subscription_id\":1798}]',NULL,NULL),(28180,'2023-04-05 09:27:06','2023-04-05 11:43:13.000000',NULL,'HSEQ Direct company 1-5 first payment membership and user-package','tr_GVFwJExgBz',NULL,2,'','115.00','0.00',NULL,'2023-04-05 11:43:13.000000','[{\"package_subscription_id\":1801},{\"package_subscription_id\":1804}]',NULL,NULL),(28183,'2023-04-05 09:27:07','2023-04-05 11:43:32.000000',NULL,'HSEQ Direct company 1-5 first payment membership and user-package','tr_NwMP6Zrjas',NULL,2,'','115.00','0.00',NULL,'2023-04-05 11:43:32.000000','[{\"package_subscription_id\":1801},{\"package_subscription_id\":1804}]',NULL,NULL),(28186,'2023-04-12 11:56:14','2023-04-12 14:13:17.000000',NULL,'HSEQ Direct company 1-5 first payment membership and user-package','tr_3gXA8pCFEG',NULL,2,'','115.00','0.00',NULL,'2023-04-12 14:13:17.000000','[{\"package_subscription_id\":1801},{\"package_subscription_id\":1804}]',NULL,NULL),(28189,'2023-04-12 11:56:14','2023-04-12 14:13:24.000000',NULL,'HSEQ Direct company 1-5 first payment membership and user-package','tr_qmjMuq8syY',NULL,2,'','115.00','0.00',NULL,'2023-04-12 14:13:24.000000','[{\"package_subscription_id\":1801},{\"package_subscription_id\":1804}]',NULL,NULL),(28192,'2023-04-13 14:11:48','2023-04-13 16:28:41.000000',NULL,'HSEQ Direct company 1-10 first payment membership and user-package','tr_jUARQGcTVm',NULL,2,NULL,'217.80','0.00',NULL,'2023-04-13 16:28:41.000000','[{\"package_subscription_id\":1825},{\"package_subscription_id\":1828}]',NULL,NULL),(28195,'2023-04-13 14:29:24','2023-04-13 16:32:05.000000',NULL,'HSEQ Direct company 1-10 first payment membership and user-package','tr_tBQE7hXoz8',361,3,NULL,'217.80','37.80','BE','2023-04-13 16:32:05.000000','[{\"package_subscription_id\":1825},{\"package_subscription_id\":1828}]',NULL,'0.00'),(28198,'2023-04-13 14:29:27','2023-04-13 16:47:51.000000',NULL,'HSEQ Direct company 1-10 first payment membership and user-package','tr_2XRoqnx5MN',NULL,2,NULL,'217.80','0.00',NULL,'2023-04-13 16:47:51.000000','[{\"package_subscription_id\":1825},{\"package_subscription_id\":1828}]',NULL,NULL),(28201,'2023-04-13 14:29:24','2023-04-13 16:47:51.000000',NULL,'HSEQ Direct company 1-10 first payment membership and user-package','tr_G4hWFJYsYz',NULL,2,NULL,'217.80','0.00',NULL,'2023-04-13 16:47:51.000000','[{\"package_subscription_id\":1825},{\"package_subscription_id\":1828}]',NULL,NULL),(28204,'2023-04-13 14:29:27','2023-04-13 16:47:52.000000',NULL,'HSEQ Direct company 1-10 first payment membership and user-package','tr_JgqQs2XxcG',NULL,2,NULL,'217.80','0.00',NULL,'2023-04-13 16:47:52.000000','[{\"package_subscription_id\":1825},{\"package_subscription_id\":1828}]',NULL,NULL),(28207,'2023-04-13 14:31:31','2023-04-13 16:48:31.000000',NULL,'HSEQ Direct company 1-10 first payment membership and user-package','tr_GYt7Hdtykx',NULL,2,NULL,'217.80','0.00',NULL,'2023-04-13 16:48:31.000000','[{\"package_subscription_id\":1825},{\"package_subscription_id\":1828}]',NULL,NULL),(28210,'2023-04-13 14:31:32','2023-04-13 16:48:37.000000',NULL,'HSEQ Direct company 1-10 first payment membership and user-package','tr_pzdHBJEe45',NULL,2,NULL,'217.80','0.00',NULL,'2023-04-13 16:48:37.000000','[{\"package_subscription_id\":1825},{\"package_subscription_id\":1828}]',NULL,NULL),(28213,'2023-04-16 13:15:42','2023-04-16 15:19:51.000000',NULL,'HSEQ Direct company 1-10 first payment membership and user-package','tr_xvPjKEVdiC',367,3,'NL002520644B55','217.80','37.80','NL','2023-04-16 15:19:51.000000','[{\"package_subscription_id\":1831},{\"package_subscription_id\":1834}]',NULL,'0.00'),(28216,'2023-04-16 13:12:08','2023-04-16 15:28:14.000000',NULL,'HSEQ Direct company 1-10 first payment membership and user-package','tr_hDpTWiXCVK',NULL,2,'NL002520644B55','217.80','0.00',NULL,'2023-04-16 15:28:14.000000','[{\"package_subscription_id\":1831},{\"package_subscription_id\":1834}]',NULL,NULL),(28219,'2023-04-16 13:12:08','2023-04-16 15:28:15.000000',NULL,'HSEQ Direct company 1-10 first payment membership and user-package','tr_G6wbVRZUvP',NULL,2,'NL002520644B55','217.80','0.00',NULL,'2023-04-16 15:28:15.000000','[{\"package_subscription_id\":1831},{\"package_subscription_id\":1834}]',NULL,NULL),(28222,'2023-04-16 13:15:42','2023-04-16 15:32:14.000000',NULL,'HSEQ Direct company 1-10 first payment membership and user-package','tr_cFkjRszooc',NULL,2,'NL002520644B55','217.80','0.00',NULL,'2023-04-16 15:32:14.000000','[{\"package_subscription_id\":1831},{\"package_subscription_id\":1834}]',NULL,NULL),(28225,'2023-04-16 13:19:25','2023-04-16 15:36:15.000000',NULL,'HSEQ Direct company 1-10 first payment membership and user-package','tr_9TpLmg6DE3',NULL,2,'NL002520644B55','217.80','0.00',NULL,'2023-04-16 15:36:15.000000','[{\"package_subscription_id\":1831},{\"package_subscription_id\":1834}]',NULL,NULL),(28228,'2023-04-16 13:19:24','2023-04-16 15:36:15.000000',NULL,'HSEQ Direct company 1-10 first payment membership and user-package','tr_DA3UNtnZtQ',NULL,2,'NL002520644B55','217.80','0.00',NULL,'2023-04-16 15:36:15.000000','[{\"package_subscription_id\":1831},{\"package_subscription_id\":1834}]',NULL,NULL),(28231,'2023-04-21 08:04:26','2023-04-21 10:21:22.000000',NULL,'HSEQ Direct company 1-5 first payment membership and user-package','tr_QBfBJAE5kq',NULL,2,'','115.00','0.00',NULL,'2023-04-21 10:21:22.000000','[{\"package_subscription_id\":1801},{\"package_subscription_id\":1804}]',NULL,NULL),(28234,'2023-04-21 08:04:27','2023-04-21 10:33:41.000000',NULL,'HSEQ Direct company 1-5 first payment membership and user-package','tr_4AbPgv3qQd',NULL,2,'','115.00','0.00',NULL,'2023-04-21 10:33:41.000000','[{\"package_subscription_id\":1801},{\"package_subscription_id\":1804}]',NULL,NULL),(28237,'2023-04-26 03:37:36','2023-04-26 05:37:40.000000',NULL,'HSEQdirect company 1-100 montly fee','tr_Cgmu8WzDWn',301,3,'NL8093.19.810.B.01','266.20','10.50',NULL,'2023-04-26 05:37:40.000000',NULL,NULL,'0.00'),(28240,'2023-04-26 07:14:42','2023-04-26 09:31:16.000000',NULL,'HSEQ Direct company 1-10 first payment membership and user-package','tr_Gcuub4ELH8',NULL,2,'34367959','217.80','0.00',NULL,'2023-04-26 09:31:16.000000','[{\"package_subscription_id\":1840},{\"package_subscription_id\":1843}]',NULL,NULL),(28243,'2023-04-26 07:17:00','2023-04-26 09:33:19.000000',NULL,'HSEQ Direct company 1-10 first payment membership and user-package','tr_suraMfv85n',NULL,2,'34367959','217.80','0.00',NULL,'2023-04-26 09:33:19.000000','[{\"package_subscription_id\":1840},{\"package_subscription_id\":1843}]',NULL,NULL),(28246,'2023-04-26 07:17:00','2023-04-26 09:33:19.000000',NULL,'HSEQ Direct company 1-10 first payment membership and user-package','tr_REHLkRPkdh',NULL,2,'34367959','217.80','0.00',NULL,'2023-04-26 09:33:19.000000','[{\"package_subscription_id\":1840},{\"package_subscription_id\":1843}]',NULL,NULL),(28249,'2023-05-10 12:23:26','2023-05-10 14:24:39.000000',NULL,'HSEQ Direct company 1-10 first payment membership and user-package','tr_VMsguoW7qq',NULL,0,'','217.80','0.00',NULL,'2023-05-10 14:24:39.000000','[{\"package_subscription_id\":1864},{\"package_subscription_id\":1867}]',NULL,NULL),(28252,'2023-05-10 12:23:26','2023-05-10 14:40:18.000000',NULL,'HSEQ Direct company 1-10 first payment membership and user-package','tr_5caBSiC7f7',NULL,2,'','217.80','0.00',NULL,'2023-05-10 14:40:18.000000','[{\"package_subscription_id\":1864},{\"package_subscription_id\":1867}]',NULL,NULL),(28255,'2023-05-10 12:28:24','2023-05-10 14:45:31.000000',NULL,'HSEQ Direct company 1-10 first payment membership and user-package','tr_HfhJBKAZVJ',NULL,2,NULL,'217.80','0.00',NULL,'2023-05-10 14:45:31.000000','[{\"package_subscription_id\":1870},{\"package_subscription_id\":1873}]',NULL,NULL),(28258,'2023-05-10 13:34:25','2023-05-10 15:51:23.000000',NULL,'HSEQ Direct company 1-10 first payment membership and user-package','tr_Eyoskkw9tS',NULL,2,NULL,'217.80','0.00',NULL,'2023-05-10 15:51:23.000000','[{\"package_subscription_id\":1879},{\"package_subscription_id\":1882}]',NULL,NULL),(28261,'2023-05-10 14:25:14','2023-05-10 16:42:44.000000',NULL,'HSEQ Direct company 1-10 first payment membership and user-package','tr_ocCvFfe2LS',NULL,2,NULL,'217.80','0.00',NULL,'2023-05-10 16:42:44.000000','[{\"package_subscription_id\":1885},{\"package_subscription_id\":1888}]',NULL,NULL),(28264,'2023-05-11 08:47:50','2023-05-11 10:55:07.000000',NULL,'HSEQ Direct company 1-10 first payment membership and user-package','tr_bVY4znsgqD',373,3,NULL,'217.80','37.80','NL','2023-05-11 10:55:07.000000','[{\"package_subscription_id\":1891},{\"package_subscription_id\":1894}]',NULL,'0.00'),(28267,'2023-05-11 08:54:05','2023-05-11 11:10:57.000000',NULL,'HSEQ Direct company 1-10 first payment membership and user-package','tr_A8KUxgQJAB',NULL,2,NULL,'217.80','0.00',NULL,'2023-05-11 11:10:57.000000','[{\"package_subscription_id\":1891},{\"package_subscription_id\":1894}]',NULL,NULL),(28270,'2023-05-11 08:54:05','2023-05-11 11:10:57.000000',NULL,'HSEQ Direct company 1-10 first payment membership and user-package','tr_3ooW93iFCg',NULL,2,NULL,'217.80','0.00',NULL,'2023-05-11 11:10:57.000000','[{\"package_subscription_id\":1891},{\"package_subscription_id\":1894}]',NULL,NULL),(28273,'2023-05-11 12:35:19','2023-05-11 14:53:12.000000',NULL,'HSEQ Direct company 1-150 first payment membership and user-package','tr_Mj3HUpPCGc',NULL,2,'','2238.50','0.00',NULL,'2023-05-11 14:53:12.000000','[{\"package_subscription_id\":1897},{\"package_subscription_id\":1900}]',NULL,NULL),(28279,'2023-05-26 01:48:59','2023-05-26 03:49:03.000000',NULL,'HSEQdirect company 1-100 montly fee','tr_Q3bkjcSBHX',301,3,'NL8093.19.810.B.01','266.20','10.50',NULL,'2023-05-26 03:49:03.000000',NULL,NULL,'0.00'),(28282,'2023-06-01 15:21:39','2023-06-01 17:38:36.000000',NULL,'HSEQ Direct company 1-10 first payment membership and user-package','tr_9r9HTyVqTz',NULL,2,'616057994B01','217.80','0.00',NULL,'2023-06-01 17:38:36.000000','[{\"package_subscription_id\":1930},{\"package_subscription_id\":1933}]',NULL,NULL),(28285,'2023-06-02 10:48:38','2023-06-02 13:05:31.000000',NULL,'HSEQ Direct company 1-10 first payment membership and user-package','tr_9B7sezpchq',NULL,2,'NL 819662343B01','217.80','0.00',NULL,'2023-06-02 13:05:31.000000','[{\"package_subscription_id\":1939},{\"package_subscription_id\":1942}]',NULL,NULL),(28288,'2023-06-02 10:55:36','2023-06-02 13:23:56.000000',NULL,'HSEQ Direct company 1-10 first payment membership and user-package','tr_3mZdXhAPBv',NULL,2,'616057994B01','217.80','0.00','NL','2023-06-02 13:23:56.000000','[{\"package_subscription_id\":1945},{\"package_subscription_id\":1948}]',NULL,NULL),(28291,'2023-06-02 14:42:45','2023-06-02 16:44:23.000000',NULL,'HSEQ Direct company 1-10 first payment membership and user-package','tr_Vz2JWJ4Rnp',385,3,'616057994B01','217.80','37.80','NL','2023-06-02 16:44:23.000000','[{\"package_subscription_id\":1951},{\"package_subscription_id\":1954}]',NULL,'0.00'),(28294,'2023-06-02 14:43:42','2023-06-02 17:00:36.000000',NULL,'HSEQ Direct company 1-10 first payment membership and user-package','tr_i7gg5q9m8c',NULL,2,'616057994B01','217.80','0.00',NULL,'2023-06-02 17:00:36.000000','[{\"package_subscription_id\":1951},{\"package_subscription_id\":1954}]',NULL,NULL),(28297,'2023-06-02 14:43:42','2023-06-02 17:00:36.000000',NULL,'HSEQ Direct company 1-10 first payment membership and user-package','tr_QF69dJC492',NULL,2,'616057994B01','217.80','0.00',NULL,'2023-06-02 17:00:36.000000','[{\"package_subscription_id\":1951},{\"package_subscription_id\":1954}]',NULL,NULL),(28300,'2023-06-07 16:02:41','2023-06-07 18:20:13.000000',NULL,'HSEQ Direct company 1-10 first payment membership and user-package','tr_8b8PX3pPbk',NULL,2,NULL,'217.80','0.00',NULL,'2023-06-07 18:20:13.000000','[{\"package_subscription_id\":1957},{\"package_subscription_id\":1960}]',NULL,NULL),(28303,'2023-06-07 16:05:30','2023-06-07 18:22:34.000000',NULL,'HSEQ Direct company 1-10 first payment membership and user-package','tr_2ADayqJpHG',NULL,2,NULL,'180.00','0.00',NULL,'2023-06-07 18:22:34.000000','[{\"package_subscription_id\":1957},{\"package_subscription_id\":1960}]',NULL,NULL),(28306,'2023-06-07 16:06:13','2023-06-07 18:23:21.000000',NULL,'HSEQ Direct company 1-10 first payment membership and user-package','tr_9hX7GCW4Mt',NULL,2,NULL,'180.00','0.00',NULL,'2023-06-07 18:23:21.000000','[{\"package_subscription_id\":1957},{\"package_subscription_id\":1960}]',NULL,NULL),(28309,'2023-06-09 07:17:21','2023-06-09 09:21:29.000000',NULL,'HSEQ Direct company 1-10 first payment membership and user-package','tr_FS2yqCr3zB',391,3,NULL,'180.00','0.00','US','2023-06-09 09:21:29.000000','[{\"package_subscription_id\":1975},{\"package_subscription_id\":1978}]',NULL,'0.00'),(28312,'2023-06-09 07:03:56','2023-06-09 09:22:09.000000',NULL,'HSEQ Direct company 1-10 first payment membership and user-package','tr_UnTxzPcyqD',NULL,2,NULL,'180.00','0.00','US','2023-06-09 09:22:09.000000','[{\"package_subscription_id\":1975},{\"package_subscription_id\":1978}]',NULL,NULL),(28315,'2023-06-09 07:16:09','2023-06-09 09:32:57.000000',NULL,'HSEQ Direct company 1-10 first payment membership and user-package','tr_eevCQNuuLG',NULL,2,NULL,'180.00','0.00',NULL,'2023-06-09 09:32:57.000000','[{\"package_subscription_id\":1975},{\"package_subscription_id\":1978}]',NULL,NULL),(28318,'2023-06-09 07:16:09','2023-06-09 09:32:58.000000',NULL,'HSEQ Direct company 1-10 first payment membership and user-package','tr_7TBXKkRBmr',NULL,2,NULL,'180.00','0.00',NULL,'2023-06-09 09:32:58.000000','[{\"package_subscription_id\":1975},{\"package_subscription_id\":1978}]',NULL,NULL),(28321,'2023-06-09 07:17:21','2023-06-09 09:34:23.000000',NULL,'HSEQ Direct company 1-10 first payment membership and user-package','tr_duSqHyJeey',NULL,2,NULL,'180.00','0.00',NULL,'2023-06-09 09:34:23.000000','[{\"package_subscription_id\":1975},{\"package_subscription_id\":1978}]',NULL,NULL),(28324,'2023-06-09 07:20:56','2023-06-09 09:37:26.000000',NULL,'HSEQ Direct company 1-10 first payment membership and user-package','tr_xeRMKCYEip',NULL,2,NULL,'180.00','0.00',NULL,'2023-06-09 09:37:26.000000','[{\"package_subscription_id\":1975},{\"package_subscription_id\":1978}]',NULL,NULL),(28327,'2023-06-09 07:20:55','2023-06-09 09:37:31.000000',NULL,'HSEQ Direct company 1-10 first payment membership and user-package','tr_sTRtAZZ7hc',NULL,2,NULL,'180.00','0.00',NULL,'2023-06-09 09:37:31.000000','[{\"package_subscription_id\":1975},{\"package_subscription_id\":1978}]',NULL,NULL),(28330,'2023-06-12 17:38:29','2023-06-12 19:55:52.000000',NULL,'HSEQ Direct company 1-10 first payment membership and user-package','tr_uJoEVaHXu7',NULL,2,'','217.80','0.00',NULL,'2023-06-12 19:55:52.000000','[{\"package_subscription_id\":2005},{\"package_subscription_id\":2008}]',NULL,NULL),(28333,'2023-06-12 17:39:09','2023-06-12 19:56:04.000000',NULL,'HSEQ Direct company 1-10 first payment membership and user-package','tr_CGAJRDzFDr',NULL,2,'','217.80','0.00',NULL,'2023-06-12 19:56:04.000000','[{\"package_subscription_id\":2005},{\"package_subscription_id\":2008}]',NULL,NULL),(28336,'2023-06-12 17:39:08','2023-06-12 19:56:08.000000',NULL,'HSEQ Direct company 1-10 first payment membership and user-package','tr_WomcUT7tbs',NULL,2,'','217.80','0.00',NULL,'2023-06-12 19:56:08.000000','[{\"package_subscription_id\":2005},{\"package_subscription_id\":2008}]',NULL,NULL),(28339,'2023-06-12 17:45:39','2023-06-12 20:02:38.000000',NULL,'HSEQ Direct company 1-10 first payment membership and user-package','tr_oMFobGUiYU',NULL,2,'','217.80','0.00',NULL,'2023-06-12 20:02:38.000000','[{\"package_subscription_id\":2005},{\"package_subscription_id\":2008}]',NULL,NULL),(28342,'2023-06-12 17:45:38','2023-06-12 20:02:38.000000',NULL,'HSEQ Direct company 1-10 first payment membership and user-package','tr_cwcB4obCDW',NULL,2,'','217.80','0.00',NULL,'2023-06-12 20:02:38.000000','[{\"package_subscription_id\":2005},{\"package_subscription_id\":2008}]',NULL,NULL),(28345,'2023-06-14 09:26:55','2023-06-14 11:32:30.000000',NULL,'HSEQ Direct company 1-10 first payment membership and user-package','tr_6VmEnZVBGS',397,3,NULL,'180.00','0.00','GB','2023-06-14 11:32:30.000000','[{\"package_subscription_id\":2023},{\"package_subscription_id\":2026}]',NULL,'0.00'),(28348,'2023-06-14 09:15:13','2023-06-14 11:33:21.000000',NULL,'HSEQ Direct company 1-10 first payment membership and user-package','tr_Tt678gupwv',NULL,2,NULL,'180.00','0.00',NULL,'2023-06-14 11:33:21.000000','[{\"package_subscription_id\":2023},{\"package_subscription_id\":2026}]',NULL,NULL),(28351,'2023-06-14 09:25:10','2023-06-14 11:41:42.000000',NULL,'HSEQ Direct company 1-10 first payment membership and user-package','tr_5YBCj4hhqU',NULL,2,NULL,'180.00','0.00',NULL,'2023-06-14 11:41:42.000000','[{\"package_subscription_id\":2023},{\"package_subscription_id\":2026}]',NULL,NULL),(28354,'2023-06-14 09:25:11','2023-06-14 11:42:17.000000',NULL,'HSEQ Direct company 1-10 first payment membership and user-package','tr_E5o37ZLE3y',NULL,2,NULL,'180.00','0.00',NULL,'2023-06-14 11:42:17.000000','[{\"package_subscription_id\":2023},{\"package_subscription_id\":2026}]',NULL,NULL),(28357,'2023-06-14 09:26:54','2023-06-14 11:43:39.000000',NULL,'HSEQ Direct company 1-10 first payment membership and user-package','tr_GSaqfVSZUV',NULL,2,NULL,'180.00','0.00',NULL,'2023-06-14 11:43:39.000000','[{\"package_subscription_id\":2023},{\"package_subscription_id\":2026}]',NULL,NULL),(28360,'2023-06-14 09:29:50','2023-06-14 11:47:06.000000',NULL,'HSEQ Direct company 1-10 first payment membership and user-package','tr_KhC99kPeM9',NULL,2,NULL,'180.00','0.00',NULL,'2023-06-14 11:47:06.000000','[{\"package_subscription_id\":2023},{\"package_subscription_id\":2026}]',NULL,NULL),(28363,'2023-06-14 09:29:51','2023-06-14 11:47:09.000000',NULL,'HSEQ Direct company 1-10 first payment membership and user-package','tr_XtC7fryRcG',NULL,2,NULL,'180.00','0.00',NULL,'2023-06-14 11:47:09.000000','[{\"package_subscription_id\":2023},{\"package_subscription_id\":2026}]',NULL,NULL),(28366,'2023-06-14 09:31:24','2023-06-14 11:48:16.000000',NULL,'HSEQ Direct company 1-10 first payment membership and user-package','tr_iWdshTNXkg',NULL,2,NULL,'180.00','0.00',NULL,'2023-06-14 11:48:16.000000','[{\"package_subscription_id\":2023},{\"package_subscription_id\":2026}]',NULL,NULL),(28369,'2023-06-14 09:31:24','2023-06-14 11:48:17.000000',NULL,'HSEQ Direct company 1-10 first payment membership and user-package','tr_9RCsXxfMBH',NULL,2,NULL,'180.00','0.00',NULL,'2023-06-14 11:48:17.000000','[{\"package_subscription_id\":2023},{\"package_subscription_id\":2026}]',NULL,NULL),(28372,'2023-06-14 09:31:22','2023-06-14 11:48:18.000000',NULL,'HSEQ Direct company 1-10 first payment membership and user-package','tr_77yrHG292M',NULL,2,NULL,'180.00','0.00',NULL,'2023-06-14 11:48:18.000000','[{\"package_subscription_id\":2023},{\"package_subscription_id\":2026}]',NULL,NULL),(28375,'2023-06-14 09:31:23','2023-06-14 11:48:19.000000',NULL,'HSEQ Direct company 1-10 first payment membership and user-package','tr_tLRNLCW9Cn',NULL,2,NULL,'180.00','0.00',NULL,'2023-06-14 11:48:19.000000','[{\"package_subscription_id\":2023},{\"package_subscription_id\":2026}]',NULL,NULL),(28378,'2023-06-14 09:31:25','2023-06-14 11:48:19.000000',NULL,'HSEQ Direct company 1-10 first payment membership and user-package','tr_atPqgDHrDy',NULL,2,NULL,'180.00','0.00',NULL,'2023-06-14 11:48:19.000000','[{\"package_subscription_id\":2023},{\"package_subscription_id\":2026}]',NULL,NULL),(28381,'2023-06-14 09:31:21','2023-06-14 11:48:20.000000',NULL,'HSEQ Direct company 1-10 first payment membership and user-package','tr_etKQyn8RTf',NULL,2,NULL,'180.00','0.00',NULL,'2023-06-14 11:48:20.000000','[{\"package_subscription_id\":2023},{\"package_subscription_id\":2026}]',NULL,NULL),(28384,'2023-06-14 09:31:26','2023-06-14 11:48:21.000000',NULL,'HSEQ Direct company 1-10 first payment membership and user-package','tr_v5sHcs5SHC',NULL,2,NULL,'180.00','0.00',NULL,'2023-06-14 11:48:21.000000','[{\"package_subscription_id\":2023},{\"package_subscription_id\":2026}]',NULL,NULL),(28387,'2023-06-14 09:31:27','2023-06-14 11:48:21.000000',NULL,'HSEQ Direct company 1-10 first payment membership and user-package','tr_tAddgRZtwq',NULL,2,NULL,'180.00','0.00',NULL,'2023-06-14 11:48:21.000000','[{\"package_subscription_id\":2023},{\"package_subscription_id\":2026}]',NULL,NULL),(28390,'2023-06-22 06:35:21','2023-06-22 08:52:13.000000',NULL,'HSEQ Direct company 1-20 first payment membership and user-package','tr_U3yercRiHc',NULL,2,'','350.90','0.00',NULL,'2023-06-22 08:52:13.000000','[{\"package_subscription_id\":2035},{\"package_subscription_id\":2038}]',NULL,NULL),(28393,'2023-06-22 06:35:25','2023-06-22 08:52:13.000000',NULL,'HSEQ Direct company 1-20 first payment membership and user-package','tr_VQ9N3hDnjj',NULL,2,'','350.90','0.00',NULL,'2023-06-22 08:52:13.000000','[{\"package_subscription_id\":2035},{\"package_subscription_id\":2038}]',NULL,NULL),(28396,'2023-06-22 06:37:27','2023-06-22 08:54:15.000000',NULL,'HSEQ Direct company 1-20 first payment membership and user-package','tr_PQc59odZR5',NULL,2,'','350.90','0.00',NULL,'2023-06-22 08:54:15.000000','[{\"package_subscription_id\":2035},{\"package_subscription_id\":2038}]',NULL,NULL),(28399,'2023-06-22 06:37:56','2023-06-22 08:54:20.000000',NULL,'HSEQ Direct company 1-20 first payment membership and user-package','tr_MXS9MazH6f',NULL,2,'','350.90','0.00',NULL,'2023-06-22 08:54:20.000000','[{\"package_subscription_id\":2035},{\"package_subscription_id\":2038}]',NULL,NULL),(28402,'2023-06-22 06:37:57','2023-06-22 08:54:20.000000',NULL,'HSEQ Direct company 1-20 first payment membership and user-package','tr_Eq5RWDyDfZ',NULL,2,'','350.90','0.00',NULL,'2023-06-22 08:54:20.000000','[{\"package_subscription_id\":2035},{\"package_subscription_id\":2038}]',NULL,NULL),(28405,'2023-06-22 06:37:28','2023-06-22 08:54:21.000000',NULL,'HSEQ Direct company 1-20 first payment membership and user-package','tr_NtykB4ojuk',NULL,2,'','350.90','0.00',NULL,'2023-06-22 08:54:21.000000','[{\"package_subscription_id\":2035},{\"package_subscription_id\":2038}]',NULL,NULL),(28408,'2023-06-22 06:39:03','2023-06-22 08:55:20.000000',NULL,'HSEQ Direct company 1-20 first payment membership and user-package','tr_nnJxq3ULju',NULL,2,'','350.90','0.00',NULL,'2023-06-22 08:55:20.000000','[{\"package_subscription_id\":2035},{\"package_subscription_id\":2038}]',NULL,NULL),(28411,'2023-06-22 06:39:16','2023-06-22 08:56:15.000000',NULL,'HSEQ Direct company 1-20 first payment membership and user-package','tr_3tsXUZ6idm',NULL,2,'','350.90','0.00',NULL,'2023-06-22 08:56:15.000000','[{\"package_subscription_id\":2035},{\"package_subscription_id\":2038}]',NULL,NULL),(28414,'2023-06-22 06:39:16','2023-06-22 08:56:15.000000',NULL,'HSEQ Direct company 1-20 first payment membership and user-package','tr_oKzffs4jiB',NULL,2,'','350.90','0.00',NULL,'2023-06-22 08:56:15.000000','[{\"package_subscription_id\":2035},{\"package_subscription_id\":2038}]',NULL,NULL),(28417,'2023-06-22 06:39:59','2023-06-22 08:56:19.000000',NULL,'HSEQ Direct company 1-20 first payment membership and user-package','tr_2kpX3pLHV5',NULL,2,'','350.90','0.00',NULL,'2023-06-22 08:56:19.000000','[{\"package_subscription_id\":2035},{\"package_subscription_id\":2038}]',NULL,NULL),(28420,'2023-06-22 06:40:00','2023-06-22 08:56:19.000000',NULL,'HSEQ Direct company 1-20 first payment membership and user-package','tr_bqvYkTogsH',NULL,2,'','350.90','0.00',NULL,'2023-06-22 08:56:19.000000','[{\"package_subscription_id\":2035},{\"package_subscription_id\":2038}]',NULL,NULL),(28423,'2023-06-22 06:41:33','2023-06-22 08:58:19.000000',NULL,'HSEQ Direct company 1-20 first payment membership and user-package','tr_3ESzUArYQD',NULL,2,'','350.90','0.00',NULL,'2023-06-22 08:58:19.000000','[{\"package_subscription_id\":2035},{\"package_subscription_id\":2038}]',NULL,NULL),(28426,'2023-06-22 06:41:33','2023-06-22 08:58:20.000000',NULL,'HSEQ Direct company 1-20 first payment membership and user-package','tr_HBvESNsfKL',NULL,2,'','350.90','0.00',NULL,'2023-06-22 08:58:20.000000','[{\"package_subscription_id\":2035},{\"package_subscription_id\":2038}]',NULL,NULL),(28429,'2023-06-22 06:43:31','2023-06-22 09:00:12.000000',NULL,'HSEQ Direct company 1-20 first payment membership and user-package','tr_VygoRNX74V',NULL,2,'','350.90','0.00',NULL,'2023-06-22 09:00:12.000000','[{\"package_subscription_id\":2035},{\"package_subscription_id\":2038}]',NULL,NULL),(28432,'2023-06-22 06:43:32','2023-06-22 09:00:12.000000',NULL,'HSEQ Direct company 1-20 first payment membership and user-package','tr_xsmb4iw8x8',NULL,2,'','350.90','0.00',NULL,'2023-06-22 09:00:12.000000','[{\"package_subscription_id\":2035},{\"package_subscription_id\":2038}]',NULL,NULL),(28435,'2023-06-22 06:45:20','2023-06-22 09:02:18.000000',NULL,'HSEQ Direct company 1-20 first payment membership and user-package','tr_a8QMY9zubY',NULL,2,'','350.90','0.00',NULL,'2023-06-22 09:02:18.000000','[{\"package_subscription_id\":2035},{\"package_subscription_id\":2038}]',NULL,NULL),(28438,'2023-06-22 06:45:21','2023-06-22 09:02:24.000000',NULL,'HSEQ Direct company 1-20 first payment membership and user-package','tr_m2ntmftoGe',NULL,2,'','350.90','0.00',NULL,'2023-06-22 09:02:24.000000','[{\"package_subscription_id\":2035},{\"package_subscription_id\":2038}]',NULL,NULL),(28441,'2023-06-22 06:46:52','2023-06-22 09:03:19.000000',NULL,'HSEQ Direct company 1-20 first payment membership and user-package','tr_bnC6BXVfwN',NULL,2,'','350.90','0.00',NULL,'2023-06-22 09:03:19.000000','[{\"package_subscription_id\":2035},{\"package_subscription_id\":2038}]',NULL,NULL),(28444,'2023-06-22 06:49:30','2023-06-22 09:06:14.000000',NULL,'HSEQ Direct company 1-20 first payment membership and user-package','tr_kMhroPgkon',NULL,2,'','350.90','0.00',NULL,'2023-06-22 09:06:14.000000','[{\"package_subscription_id\":2035},{\"package_subscription_id\":2038}]',NULL,NULL),(28447,'2023-06-22 06:49:30','2023-06-22 09:06:15.000000',NULL,'HSEQ Direct company 1-20 first payment membership and user-package','tr_6DLTX2XkAt',NULL,2,'','350.90','0.00',NULL,'2023-06-22 09:06:15.000000','[{\"package_subscription_id\":2035},{\"package_subscription_id\":2038}]',NULL,NULL),(28450,'2023-06-26 01:03:50','2023-06-26 03:34:42.000000',NULL,'HSEQdirect company 1-100 montly fee','tr_JAqSjxxpRa',301,3,'NL8093.19.810.B.01','266.20','10.50',NULL,'2023-06-26 03:34:42.000000',NULL,NULL,'0.00'),(28453,'2023-07-07 11:47:40','2023-07-07 14:04:24.000000',NULL,'HSEQ Direct company 1-10 first payment membership and user-package','tr_9wvj9wxhs7',NULL,2,NULL,'217.80','0.00',NULL,'2023-07-07 14:04:24.000000','[{\"package_subscription_id\":2068},{\"package_subscription_id\":2071}]',NULL,NULL),(28456,'2023-07-07 11:48:40','2023-07-07 14:05:21.000000',NULL,'HSEQ Direct company 1-10 first payment membership and user-package','tr_gCvyxNRcFX',NULL,2,NULL,'217.80','0.00',NULL,'2023-07-07 14:05:21.000000','[{\"package_subscription_id\":2068},{\"package_subscription_id\":2071}]',NULL,NULL),(28462,'2023-07-07 12:14:53','2023-07-07 14:31:30.000000',NULL,'HSEQ Direct company 1-10 first payment membership and user-package','tr_MXsyMnw4X7',NULL,2,NULL,'217.80','0.00',NULL,'2023-07-07 14:31:30.000000','[{\"package_subscription_id\":2074},{\"package_subscription_id\":2077}]',NULL,NULL),(28465,'2023-07-07 12:16:51','2023-07-07 14:33:24.000000',NULL,'HSEQ Direct company 1-10 first payment membership and user-package','tr_iy68ZJFfws',NULL,2,NULL,'217.80','0.00',NULL,'2023-07-07 14:33:24.000000','[{\"package_subscription_id\":2074},{\"package_subscription_id\":2077}]',NULL,NULL),(28468,'2023-07-07 12:25:13','2023-07-07 14:42:13.000000',NULL,'HSEQ Direct company 1-10 first payment membership and user-package','tr_8WyUU3kduA',NULL,2,NULL,'217.80','0.00',NULL,'2023-07-07 14:42:13.000000','[{\"package_subscription_id\":2074},{\"package_subscription_id\":2077}]',NULL,NULL),(28474,'2023-07-13 08:15:28','2023-07-13 10:17:10.000000',NULL,'HSEQ Direct company 1-10 first payment membership and user-package','tr_eU8Zz7fdVZ',415,3,NULL,'217.80','37.80','NL','2023-07-13 10:17:10.000000','[{\"package_subscription_id\":2092},{\"package_subscription_id\":2095}]',NULL,'0.00'),(28477,'2023-07-17 08:17:09','2023-07-17 10:33:27.000000',NULL,'HSEQ Direct company 1-20 first payment membership and user-package','tr_X4qpexi6kW',NULL,2,NULL,'350.90','0.00',NULL,'2023-07-17 10:33:27.000000','[{\"package_subscription_id\":2104},{\"package_subscription_id\":2107}]',NULL,NULL),(28483,'2023-07-18 16:04:06','2023-07-18 18:20:20.000000',NULL,'HSEQ Direct company 1-20 first payment membership and user-package','tr_679ryXFoWg',NULL,2,NULL,'350.90','0.00',NULL,'2023-07-18 18:20:20.000000','[{\"package_subscription_id\":2125},{\"package_subscription_id\":2128}]',NULL,NULL),(28486,'2023-07-20 06:42:31','2023-07-20 08:59:23.000000',NULL,'HSEQ Direct company 1-20 first payment membership and user-package','tr_PiFDQBmRat',NULL,2,NULL,'350.90','0.00',NULL,'2023-07-20 08:59:23.000000','[{\"package_subscription_id\":2137},{\"package_subscription_id\":2140}]',NULL,NULL),(28489,'2023-07-20 06:42:31','2023-07-20 08:59:24.000000',NULL,'HSEQ Direct company 1-20 first payment membership and user-package','tr_29Bwy7uEHH',NULL,2,NULL,'350.90','0.00',NULL,'2023-07-20 08:59:24.000000','[{\"package_subscription_id\":2137},{\"package_subscription_id\":2140}]',NULL,NULL),(28495,'2023-07-20 10:02:04','2023-07-20 12:18:24.000000',NULL,'HSEQ Direct company 1-20 first payment membership and user-package','tr_wbd56KTm8y',NULL,2,NULL,'350.90','0.00',NULL,'2023-07-20 12:18:24.000000','[{\"package_subscription_id\":2143},{\"package_subscription_id\":2146}]',NULL,NULL),(28498,'2023-07-26 01:11:44','2023-07-26 03:35:22.000000',NULL,'HSEQdirect company 1-100 montly fee','tr_Q3xtEPPuqV',301,3,'NL8093.19.810.B.01','266.20','10.50',NULL,'2023-07-26 03:35:22.000000',NULL,NULL,'0.00'),(28501,'2023-07-27 07:15:39','2023-07-27 09:16:04.000000',NULL,'HSEQ Direct company 1-20 first payment membership and user-package','tr_UW89PfST6L',NULL,0,NULL,'350.90','0.00',NULL,'2023-07-27 09:16:04.000000','[{\"package_subscription_id\":2149},{\"package_subscription_id\":2152}]',NULL,NULL),(28504,'2023-07-27 07:16:24','2023-07-27 09:33:22.000000',NULL,'HSEQ Direct company 1-20 first payment membership and user-package','tr_RtArNmiYCp',NULL,2,NULL,'350.90','0.00',NULL,'2023-07-27 09:33:22.000000','[{\"package_subscription_id\":2155},{\"package_subscription_id\":2158}]',NULL,NULL),(28507,'2023-07-28 07:02:31','2023-07-28 09:02:37.000000',NULL,'HSEQ Direct company 1-30 first payment membership and user-package','tr_SBQuibJ5jo',NULL,0,NULL,'496.10','0.00',NULL,'2023-07-28 09:02:37.000000','[{\"package_subscription_id\":2161},{\"package_subscription_id\":2164}]',NULL,NULL),(28510,'2023-08-03 13:08:54','2023-08-03 16:22:36.000000',NULL,'HSEQ Direct company 1-30 first payment membership and user-package','tr_mXNKJYiXeN',NULL,2,'','496.10','0.00',NULL,'2023-08-03 16:22:36.000000','[{\"package_subscription_id\":2167},{\"package_subscription_id\":2170}]',NULL,NULL),(28513,'2023-08-03 13:10:20','2023-08-03 16:22:40.000000',NULL,'HSEQ Direct company 1-30 first payment membership and user-package','tr_qDBixtwidH',NULL,2,'','496.10','0.00',NULL,'2023-08-03 16:22:40.000000','[{\"package_subscription_id\":2167},{\"package_subscription_id\":2170}]',NULL,NULL),(28516,'2023-08-03 13:14:59','2023-08-03 16:22:49.000000',NULL,'HSEQ Direct company 1-30 first payment membership and user-package','tr_LsEh3DC47o',NULL,2,'','496.10','0.00',NULL,'2023-08-03 16:22:49.000000','[{\"package_subscription_id\":2167},{\"package_subscription_id\":2170}]',NULL,NULL),(28519,'2023-08-03 13:14:59','2023-08-03 16:22:50.000000',NULL,'HSEQ Direct company 1-30 first payment membership and user-package','tr_P4yEnrBhcA',NULL,2,'','496.10','0.00',NULL,'2023-08-03 16:22:50.000000','[{\"package_subscription_id\":2167},{\"package_subscription_id\":2170}]',NULL,NULL),(28522,'2023-08-03 13:17:20','2023-08-03 16:26:26.000000',NULL,'HSEQ Direct company 1-30 first payment membership and user-package','tr_ePiUq4JgNg',NULL,2,'','496.10','0.00',NULL,'2023-08-03 16:26:26.000000','[{\"package_subscription_id\":2167},{\"package_subscription_id\":2170}]',NULL,NULL),(28525,'2023-08-03 13:17:20','2023-08-03 16:26:27.000000',NULL,'HSEQ Direct company 1-30 first payment membership and user-package','tr_CiCy43Rovi',NULL,2,'','496.10','0.00',NULL,'2023-08-03 16:26:27.000000','[{\"package_subscription_id\":2167},{\"package_subscription_id\":2170}]',NULL,NULL),(28528,'2023-08-03 13:23:20','2023-08-03 16:26:50.000000',NULL,'HSEQ Direct company 1-30 first payment membership and user-package','tr_kLmPWs9DH9',NULL,2,'','496.10','0.00',NULL,'2023-08-03 16:26:50.000000','[{\"package_subscription_id\":2167},{\"package_subscription_id\":2170}]',NULL,NULL),(28531,'2023-08-03 13:23:20','2023-08-03 16:26:51.000000',NULL,'HSEQ Direct company 1-30 first payment membership and user-package','tr_9hXeqAxHV6',NULL,2,'','496.10','0.00',NULL,'2023-08-03 16:26:51.000000','[{\"package_subscription_id\":2167},{\"package_subscription_id\":2170}]',NULL,NULL),(28534,'2023-08-03 13:28:48','2023-08-03 16:27:08.000000',NULL,'HSEQ Direct company 1-30 first payment membership and user-package','tr_zzT3z7wUkT',NULL,2,'','496.10','0.00',NULL,'2023-08-03 16:27:08.000000','[{\"package_subscription_id\":2167},{\"package_subscription_id\":2170}]',NULL,NULL),(28537,'2023-08-03 13:28:48','2023-08-03 16:27:13.000000',NULL,'HSEQ Direct company 1-30 first payment membership and user-package','tr_xmUzgumuQB',NULL,2,'','496.10','0.00',NULL,'2023-08-03 16:27:13.000000','[{\"package_subscription_id\":2167},{\"package_subscription_id\":2170}]',NULL,NULL),(28540,'2023-08-07 11:17:12','2023-08-07 13:36:52.000000',NULL,'HSEQ Direct company 1-10 first payment membership and user-package','tr_vUYXAMq2z3',NULL,3,NULL,'217.80','37.80','NL','2023-08-07 13:36:52.000000','[{\"package_subscription_id\":2173},{\"package_subscription_id\":2176}]',NULL,'0.00'),(28543,'2023-08-14 13:26:20','2023-08-14 15:29:46.000000',NULL,'HSEQ Direct company 1-20 first payment membership and user-package','tr_dpdAfHEMDT',445,3,NULL,'350.90','60.90','NL','2023-08-14 15:29:46.000000','[{\"package_subscription_id\":2188},{\"package_subscription_id\":2191}]',NULL,'0.00'),(28546,'2023-08-22 11:32:48','2023-08-22 13:49:24.000000',NULL,'HSEQ Direct company 1-10 first payment membership and user-package','tr_4o665SecRM',NULL,2,NULL,'217.80','0.00',NULL,'2023-08-22 13:49:24.000000','[{\"package_subscription_id\":2194},{\"package_subscription_id\":2197}]',NULL,NULL),(28549,'2023-08-26 01:08:45','2023-08-26 03:08:49.000000',NULL,'HSEQdirect company 1-100 montly fee','tr_8vaaNfEiBE',301,3,'NL8093.19.810.B.01','266.20','10.50',NULL,'2023-08-26 03:08:49.000000',NULL,NULL,'0.00'),(28552,'2023-08-28 17:54:06','2023-08-28 20:10:27.000000',NULL,'HSEQ Direct company 1-10 first payment membership and user-package','tr_9tGK233nSJ',NULL,2,NULL,'217.80','0.00',NULL,'2023-08-28 20:10:27.000000','[{\"package_subscription_id\":2215},{\"package_subscription_id\":2218}]',NULL,NULL),(28555,'2023-09-06 09:39:55','2023-09-06 11:42:26.000000',NULL,'HSEQ Direct company 1-10 first payment membership and user-package','tr_7FwUFKXvES',451,3,'NL 859177798B01','217.80','37.80','NL','2023-09-06 11:42:26.000000','[{\"package_subscription_id\":2230},{\"package_subscription_id\":2233}]',NULL,'0.00'),(28561,'2023-09-26 01:12:36','2023-09-26 03:24:45.000000',NULL,'HSEQdirect company 1-100 montly fee','tr_BFiKwFLMux',301,3,'NL8093.19.810.B.01','266.20','10.50',NULL,'2023-09-26 03:24:45.000000',NULL,NULL,'0.00'),(28564,'2023-10-05 07:41:26','2023-10-05 09:49:20.000000',NULL,'HSEQ Direct company 1-10 first payment membership and user-package','tr_573apngXS8',463,3,NULL,'217.80','37.80','NL','2023-10-05 09:49:20.000000','[{\"package_subscription_id\":2323},{\"package_subscription_id\":2326}]',NULL,'0.00'),(28567,'2023-10-26 00:41:18','2023-10-26 02:49:08.000000',NULL,'HSEQdirect company 1-100 montly fee','tr_6ZHE52cQeF',301,3,'NL8093.19.810.B.01','266.20','10.50',NULL,'2023-10-26 02:49:08.000000',NULL,NULL,'0.00'),(28570,'2023-11-03 06:13:29','2023-11-03 07:30:08.000000',NULL,'HSEQ Direct company 1-10 first payment membership and user-package','tr_4jDzwQKNMB',NULL,2,'EBN','217.80','0.00',NULL,'2023-11-03 07:30:08.000000','[{\"package_subscription_id\":2437},{\"package_subscription_id\":2440}]',NULL,NULL),(28573,'2023-11-03 06:14:33','2023-11-03 07:31:07.000000',NULL,'HSEQ Direct company 1-10 first payment membership and user-package','tr_NqcPuHSEbY',NULL,2,'EBN','217.80','0.00',NULL,'2023-11-03 07:31:07.000000','[{\"package_subscription_id\":2437},{\"package_subscription_id\":2440}]',NULL,NULL),(28576,'2023-11-03 06:14:33','2023-11-03 07:31:07.000000',NULL,'HSEQ Direct company 1-10 first payment membership and user-package','tr_GUyoudoGL2',NULL,2,'EBN','217.80','0.00',NULL,'2023-11-03 07:31:07.000000','[{\"package_subscription_id\":2437},{\"package_subscription_id\":2440}]',NULL,NULL),(28579,'2023-11-03 06:14:47','2023-11-03 07:31:07.000000',NULL,'HSEQ Direct company 1-10 first payment membership and user-package','tr_hSsphRDJmi',NULL,2,'EBN','217.80','0.00',NULL,'2023-11-03 07:31:07.000000','[{\"package_subscription_id\":2437},{\"package_subscription_id\":2440}]',NULL,NULL),(28582,'2023-11-03 06:14:48','2023-11-03 07:31:07.000000',NULL,'HSEQ Direct company 1-10 first payment membership and user-package','tr_hEXXLvLi33',NULL,2,'EBN','217.80','0.00',NULL,'2023-11-03 07:31:07.000000','[{\"package_subscription_id\":2437},{\"package_subscription_id\":2440}]',NULL,NULL),(28585,'2023-11-03 06:17:06','2023-11-03 07:33:08.000000',NULL,'HSEQ Direct company 1-10 first payment membership and user-package','tr_CUYoyEsAfT',NULL,2,'EBN','217.80','0.00',NULL,'2023-11-03 07:33:08.000000','[{\"package_subscription_id\":2437},{\"package_subscription_id\":2440}]',NULL,NULL),(28588,'2023-11-03 06:17:06','2023-11-03 07:33:09.000000',NULL,'HSEQ Direct company 1-10 first payment membership and user-package','tr_55RUDqy9mX',NULL,2,'EBN','217.80','0.00',NULL,'2023-11-03 07:33:09.000000','[{\"package_subscription_id\":2437},{\"package_subscription_id\":2440}]',NULL,NULL),(28591,'2023-11-26 00:42:06','2023-11-26 01:42:09.000000',NULL,'HSEQdirect company 1-100 montly fee','tr_8nTXdBzfyQ',301,3,'NL8093.19.810.B.01','266.20','10.50',NULL,'2023-11-26 01:42:09.000000',NULL,NULL,'0.00'),(28594,'2023-12-18 10:23:32','2023-12-18 11:26:57.000000',NULL,'HSEQ Direct company 1-10 first payment membership and user-package','tr_QfvY84JtLA',469,3,NULL,'217.80','37.80','NL','2023-12-18 11:26:57.000000','[{\"package_subscription_id\":2533},{\"package_subscription_id\":2536}]',NULL,'0.00'),(28597,'2023-12-26 00:42:21','2023-12-26 01:42:24.000000',NULL,'HSEQdirect company 1-100 montly fee','tr_U9uNG2vJoU',301,3,'NL8093.19.810.B.01','266.20','10.50',NULL,'2023-12-26 01:42:24.000000',NULL,NULL,'0.00'),(28600,'2023-12-28 19:46:19','2023-12-28 20:46:34.000000',NULL,'HSEQ Direct company 1-10 first payment membership and user-package','tr_bJGHX63sST',NULL,0,NULL,'217.80','0.00',NULL,'2023-12-28 20:46:34.000000','[{\"package_subscription_id\":2548},{\"package_subscription_id\":2551}]',NULL,NULL),(28603,'2023-12-28 19:36:38','2023-12-28 20:53:09.000000',NULL,'HSEQ Direct company 1-10 first payment membership and user-package','tr_bc6gTf5H2y',NULL,2,NULL,'217.80','0.00',NULL,'2023-12-28 20:53:09.000000','[{\"package_subscription_id\":2548},{\"package_subscription_id\":2551}]',NULL,NULL),(28606,'2023-12-28 19:45:03','2023-12-28 21:01:13.000000',NULL,'HSEQ Direct company 1-10 first payment membership and user-package','tr_Rau4DDRnw3',NULL,2,NULL,'217.80','0.00',NULL,'2023-12-28 21:01:13.000000','[{\"package_subscription_id\":2548},{\"package_subscription_id\":2551}]',NULL,NULL),(28609,'2023-12-28 19:45:03','2023-12-28 21:01:13.000000',NULL,'HSEQ Direct company 1-10 first payment membership and user-package','tr_dtEscN6uG7',NULL,2,NULL,'217.80','0.00',NULL,'2023-12-28 21:01:13.000000','[{\"package_subscription_id\":2548},{\"package_subscription_id\":2551}]',NULL,NULL),(28612,'2023-12-28 19:46:19','2023-12-28 21:03:08.000000',NULL,'HSEQ Direct company 1-10 first payment membership and user-package','tr_9PfLvk3wce',NULL,2,NULL,'217.80','0.00',NULL,'2023-12-28 21:03:08.000000','[{\"package_subscription_id\":2548},{\"package_subscription_id\":2551}]',NULL,NULL),(28615,'2023-12-28 20:07:07','2023-12-28 21:24:08.000000',NULL,'HSEQ Direct company 1-10 first payment membership and user-package','tr_uJ2zcx5qPP',NULL,2,NULL,'217.80','0.00',NULL,'2023-12-28 21:24:08.000000','[{\"package_subscription_id\":2557},{\"package_subscription_id\":2560}]',NULL,NULL),(28618,'2023-12-28 20:09:27','2023-12-28 21:26:09.000000',NULL,'HSEQ Direct company 1-10 first payment membership and user-package','tr_v4Th6rtWeY',NULL,2,NULL,'217.80','0.00',NULL,'2023-12-28 21:26:09.000000','[{\"package_subscription_id\":2557},{\"package_subscription_id\":2560}]',NULL,NULL),(28621,'2023-12-28 20:09:27','2023-12-28 21:26:12.000000',NULL,'HSEQ Direct company 1-10 first payment membership and user-package','tr_uGo2WZy7R8',NULL,2,NULL,'217.80','0.00',NULL,'2023-12-28 21:26:12.000000','[{\"package_subscription_id\":2557},{\"package_subscription_id\":2560}]',NULL,NULL),(28624,'2024-01-10 09:44:37','2024-01-10 10:47:18.000000',NULL,'HSEQ Direct company 1-10 first payment membership and user-package','tr_SdeXe9nRT6',475,3,'Runwell Energy Services','217.80','37.80','NL','2024-01-10 10:47:18.000000','[{\"package_subscription_id\":2575},{\"package_subscription_id\":2578}]',NULL,'0.00'),(28627,'2024-01-17 13:48:40','2024-01-17 14:51:07.000000',NULL,'HSEQ Direct company 1-10 first payment membership and user-package','tr_JjTL7T4E7z',481,3,'PT238586278','180.00','0.00','PT','2024-01-17 14:51:07.000000','[{\"package_subscription_id\":2584},{\"package_subscription_id\":2587}]',NULL,'0.00'),(28630,'2024-01-17 13:51:06','2024-01-17 15:08:06.000000',NULL,'HSEQ Direct company 1-10 first payment membership and user-package','tr_Fm4g9qVxq7',NULL,2,'PT238586278','180.00','0.00',NULL,'2024-01-17 15:08:06.000000','[{\"package_subscription_id\":2584},{\"package_subscription_id\":2587}]',NULL,NULL),(28633,'2024-01-17 13:51:07','2024-01-17 15:08:06.000000',NULL,'HSEQ Direct company 1-10 first payment membership and user-package','tr_LHcE6sQC7Z',NULL,2,'PT238586278','180.00','0.00',NULL,'2024-01-17 15:08:06.000000','[{\"package_subscription_id\":2584},{\"package_subscription_id\":2587}]',NULL,NULL),(28636,'2024-01-25 10:49:21','2024-01-25 11:51:14.000000',NULL,'HSEQ Direct company 1-40 first payment membership and user-package','tr_vMXvfDbLDi',487,3,'','641.30','111.30','NL','2024-01-25 11:51:14.000000','[{\"package_subscription_id\":2605},{\"package_subscription_id\":2608}]',NULL,'0.00'),(28639,'2024-01-25 10:48:32','2024-01-25 12:05:11.000000',NULL,'HSEQ Direct company 1-40 first payment membership and user-package','tr_3BwGbY3qSG',NULL,2,'','641.30','0.00',NULL,'2024-01-25 12:05:11.000000','[{\"package_subscription_id\":2605},{\"package_subscription_id\":2608}]',NULL,NULL),(28642,'2024-01-25 10:50:50','2024-01-25 12:07:06.000000',NULL,'HSEQ Direct company 1-40 first payment membership and user-package','tr_VLqhGC5FB9',NULL,2,'','641.30','0.00',NULL,'2024-01-25 12:07:06.000000','[{\"package_subscription_id\":2605},{\"package_subscription_id\":2608}]',NULL,NULL),(28645,'2024-01-26 00:39:50','2024-01-26 02:00:32.000000',NULL,'HSEQdirect company 1-100 montly fee','tr_ZTweqDKVUB',301,3,'NL8093.19.810.B.01','266.20','10.50',NULL,'2024-01-26 02:00:32.000000',NULL,NULL,'0.00'),(28648,'2024-02-05 10:38:33','2024-02-05 11:55:13.000000',NULL,'HSEQ Direct company 1-10 first payment membership and user-package','tr_u6akpW75c3',NULL,2,NULL,'217.80','0.00',NULL,'2024-02-05 11:55:13.000000','[{\"package_subscription_id\":2629},{\"package_subscription_id\":2632}]',NULL,NULL),(28651,'2024-02-05 10:54:56','2024-02-05 12:11:10.000000',NULL,'HSEQ Direct company 1-10 first payment membership and user-package','tr_kpcFYUUCBN',NULL,2,NULL,'217.80','0.00',NULL,'2024-02-05 12:11:10.000000','[{\"package_subscription_id\":2629},{\"package_subscription_id\":2632}]',NULL,NULL),(28654,'2024-02-05 10:54:55','2024-02-05 12:11:11.000000',NULL,'HSEQ Direct company 1-10 first payment membership and user-package','tr_MMJcd3rcfm',NULL,2,NULL,'217.80','0.00',NULL,'2024-02-05 12:11:11.000000','[{\"package_subscription_id\":2629},{\"package_subscription_id\":2632}]',NULL,NULL),(28657,'2024-02-07 11:28:38','2024-02-07 12:45:09.000000',NULL,'HSEQ Direct company 1-10 first payment membership and user-package','tr_Nbd83Qb3BJ',NULL,2,'NL856224042B01','217.80','0.00',NULL,'2024-02-07 12:45:09.000000','[{\"package_subscription_id\":2638},{\"package_subscription_id\":2641}]',NULL,NULL),(28660,'2024-02-07 13:27:43','2024-02-07 14:38:43.000000',NULL,'HSEQ Direct company 1-10 first payment membership and user-package','tr_UfGHJQyqTz',493,3,'NL856224042B01','217.80','37.80','NL','2024-02-07 14:38:43.000000','[{\"package_subscription_id\":2644},{\"package_subscription_id\":2647}]',NULL,'0.00'),(28663,'2024-02-07 13:32:13','2024-02-07 14:49:09.000000',NULL,'HSEQ Direct company 1-10 first payment membership and user-package','tr_KVNf5DVBMv',NULL,2,'NL856224042B01','217.80','0.00',NULL,'2024-02-07 14:49:09.000000','[{\"package_subscription_id\":2644},{\"package_subscription_id\":2647}]',NULL,NULL),(28666,'2024-02-07 13:32:13','2024-02-07 14:49:09.000000',NULL,'HSEQ Direct company 1-10 first payment membership and user-package','tr_Gb3dnQ3s3r',NULL,2,'NL856224042B01','217.80','0.00',NULL,'2024-02-07 14:49:09.000000','[{\"package_subscription_id\":2644},{\"package_subscription_id\":2647}]',NULL,NULL),(28669,'2024-02-09 13:03:24','2024-02-09 14:05:14.000000',NULL,'HSEQ Direct company 1-10 first payment membership and user-package','tr_yXziLqfhnP',499,3,NULL,'217.80','37.80','NL','2024-02-09 14:05:14.000000','[{\"package_subscription_id\":2650},{\"package_subscription_id\":2653}]',NULL,'0.00'),(28672,'2024-02-09 12:58:37','2024-02-09 14:15:15.000000',NULL,'HSEQ Direct company 1-10 first payment membership and user-package','tr_obaTwphG6R',NULL,2,NULL,'217.80','0.00',NULL,'2024-02-09 14:15:15.000000','[{\"package_subscription_id\":2650},{\"package_subscription_id\":2653}]',NULL,NULL),(28675,'2024-02-16 00:42:00','2024-02-16 01:42:03.000000',NULL,'HSEQ Direct company 1-10 user-package year fee','tr_aw6Xp6JVyR',304,3,'','157.30','27.30',NULL,'2024-02-16 01:42:03.000000',NULL,NULL,'0.00'),(28678,'2024-02-16 00:42:01','2024-02-16 01:42:04.000000',NULL,'HSEQ Direct company 1-10 membership year fee','tr_HEUVmcWFvh',307,3,'','60.50','10.50',NULL,'2024-02-16 01:42:04.000000',NULL,NULL,'0.00'),(28681,'2024-02-20 00:43:56','2024-02-20 02:04:19.000000',NULL,'HSEQ Direct company 1-40 membership year fee','tr_wwpstWbJZe',313,3,NULL,'60.50','10.50',NULL,'2024-02-20 02:04:19.000000',NULL,NULL,'0.00'),(28684,'2024-02-20 00:43:56','2024-02-20 02:04:22.000000',NULL,'HSEQ Direct company 1-40 user-package year fee','tr_C2vJyT3xAV',310,3,NULL,'580.80','100.80',NULL,'2024-02-20 02:04:22.000000',NULL,NULL,'0.00'),(28687,'2024-02-26 00:43:38','2024-02-26 01:43:41.000000',NULL,'HSEQdirect company 1-100 montly fee','tr_WemdrGp6eG',301,3,'NL8093.19.810.B.01','266.20','10.50',NULL,'2024-02-26 01:43:41.000000',NULL,NULL,'0.00'),(28690,'2024-03-06 00:43:33','2024-03-07 00:51:10.000000',NULL,'HSEQ Direct company 1-30 user-package year fee','tr_VBjoKNBZC4',340,3,'','435.60','75.60',NULL,'2024-03-07 00:51:10.000000',NULL,NULL,'0.00'),(28693,'2024-03-06 00:43:33','2024-03-07 00:51:11.000000',NULL,'HSEQ Direct company 1-30 membership year fee','tr_7q5g5gnhdZ',343,3,'','60.50','10.50',NULL,'2024-03-07 00:51:11.000000',NULL,NULL,'0.00'),(28696,'2024-03-26 00:45:09','2024-03-26 01:45:12.000000',NULL,'HSEQdirect company 1-100 montly fee','tr_VtHSZKF8He',301,3,'NL8093.19.810.B.01','266.20','10.50',NULL,'2024-03-26 01:45:12.000000',NULL,NULL,'0.00'),(28699,'2024-03-27 00:53:21','2024-03-28 00:43:36.000000',NULL,'HSEQ Direct company 1-5 membership year fee','tr_guNyBA2g4U',349,3,NULL,'60.50','10.50',NULL,'2024-03-28 00:43:36.000000',NULL,NULL,'0.00'),(28702,'2024-03-27 00:53:20','2024-03-28 00:43:39.000000',NULL,'HSEQ Direct company 1-5 user-package year fee','tr_xRfp4GYpjq',346,3,NULL,'78.65','13.65',NULL,'2024-03-28 00:43:39.000000',NULL,NULL,'0.00'),(28705,'2024-04-02 07:22:55','2024-04-02 09:23:00.000000',NULL,'HSEQ Direct company 1-40 first payment membership and user-package','tr_ZwbQwtiAqe',NULL,0,NULL,'641.30','0.00',NULL,'2024-04-02 09:23:00.000000','[{\"package_subscription_id\":2725},{\"package_subscription_id\":2728}]',NULL,NULL),(28708,'2024-04-02 07:19:30','2024-04-02 09:36:09.000000',NULL,'HSEQ Direct company 1-40 first payment membership and user-package','tr_xhjkz8aBaV',NULL,2,NULL,'641.30','0.00',NULL,'2024-04-02 09:36:09.000000','[{\"package_subscription_id\":2725},{\"package_subscription_id\":2728}]',NULL,NULL),(28711,'2024-04-02 07:22:21','2024-04-02 09:39:09.000000',NULL,'HSEQ Direct company 1-40 first payment membership and user-package','tr_Teqx4e9sd8',NULL,2,NULL,'641.30','0.00',NULL,'2024-04-02 09:39:09.000000','[{\"package_subscription_id\":2725},{\"package_subscription_id\":2728}]',NULL,NULL),(28714,'2024-04-02 07:22:29','2024-04-02 09:39:10.000000',NULL,'HSEQ Direct company 1-40 first payment membership and user-package','tr_ecf7kSjST2',NULL,2,NULL,'641.30','0.00',NULL,'2024-04-02 09:39:10.000000','[{\"package_subscription_id\":2725},{\"package_subscription_id\":2728}]',NULL,NULL),(28720,'2024-04-02 09:37:33','2024-04-02 11:54:19.000000',NULL,'HSEQ Direct company 1-10 first payment membership and user-package','tr_HSckYAWFAw',NULL,2,'NL856923370B01','217.80','0.00',NULL,'2024-04-02 11:54:19.000000','[{\"package_subscription_id\":2731},{\"package_subscription_id\":2734}]',NULL,NULL),(28723,'2024-04-02 09:37:32','2024-04-02 11:54:20.000000',NULL,'HSEQ Direct company 1-10 first payment membership and user-package','tr_ndMrk4YPfU',NULL,2,'NL856923370B01','217.80','0.00',NULL,'2024-04-02 11:54:20.000000','[{\"package_subscription_id\":2731},{\"package_subscription_id\":2734}]',NULL,NULL),(28726,'2024-04-02 09:38:30','2024-04-02 11:55:12.000000',NULL,'HSEQ Direct company 1-10 first payment membership and user-package','tr_fVJV5JUkiu',NULL,2,'NL856923370B01','217.80','0.00',NULL,'2024-04-02 11:55:12.000000','[{\"package_subscription_id\":2731},{\"package_subscription_id\":2734}]',NULL,NULL),(28729,'2024-04-02 09:38:31','2024-04-02 11:55:12.000000',NULL,'HSEQ Direct company 1-10 first payment membership and user-package','tr_5uKQH4xQwa',NULL,2,'NL856923370B01','217.80','0.00',NULL,'2024-04-02 11:55:12.000000','[{\"package_subscription_id\":2731},{\"package_subscription_id\":2734}]',NULL,NULL),(28732,'2024-04-02 09:40:57','2024-04-02 11:57:11.000000',NULL,'HSEQ Direct company 1-10 first payment membership and user-package','tr_LDqHS2sv6p',NULL,2,'NL856923370B01','217.80','0.00',NULL,'2024-04-02 11:57:11.000000','[{\"package_subscription_id\":2731},{\"package_subscription_id\":2734}]',NULL,NULL),(28735,'2024-04-02 09:41:01','2024-04-02 11:57:11.000000',NULL,'HSEQ Direct company 1-10 first payment membership and user-package','tr_JsWBCs7RQe',NULL,2,'NL856923370B01','217.80','0.00',NULL,'2024-04-02 11:57:11.000000','[{\"package_subscription_id\":2731},{\"package_subscription_id\":2734}]',NULL,NULL),(28738,'2024-04-02 09:41:00','2024-04-02 11:57:11.000000',NULL,'HSEQ Direct company 1-10 first payment membership and user-package','tr_NkCRxNNejf',NULL,2,'NL856923370B01','217.80','0.00',NULL,'2024-04-02 11:57:11.000000','[{\"package_subscription_id\":2731},{\"package_subscription_id\":2734}]',NULL,NULL),(28741,'2024-04-02 09:40:57','2024-04-02 11:57:11.000000',NULL,'HSEQ Direct company 1-10 first payment membership and user-package','tr_SKRjgVdtbY',NULL,2,'NL856923370B01','217.80','0.00',NULL,'2024-04-02 11:57:11.000000','[{\"package_subscription_id\":2731},{\"package_subscription_id\":2734}]',NULL,NULL),(28744,'2024-04-03 00:49:03','2024-04-04 01:25:36.000000',NULL,'HSEQ Direct company 1-5 user-package year fee','tr_MKBEzdNa2z',352,3,'NL005366148B01','78.65','13.65',NULL,'2024-04-04 01:25:36.000000',NULL,NULL,'0.00'),(28747,'2024-04-03 00:49:03','2024-04-04 01:25:37.000000',NULL,'HSEQ Direct company 1-5 membership year fee','tr_Pv8G8Wv7cS',355,3,'NL005366148B01','60.50','10.50',NULL,'2024-04-04 01:25:37.000000',NULL,NULL,'0.00'),(28750,'2024-04-13 00:44:54','2024-04-17 13:40:53.000000',NULL,'HSEQ Direct company 1-10 membership year fee','tr_pm8jbq2zhD',361,3,NULL,'60.50','10.50',NULL,'2024-04-17 13:40:53.000000',NULL,NULL,'0.00'),(28753,'2024-04-13 00:44:54','2024-04-17 13:40:50.000000',NULL,'HSEQ Direct company 1-10 user-package year fee','tr_N8EpqVB9YY',358,3,NULL,'157.30','27.30',NULL,'2024-04-17 13:40:50.000000',NULL,NULL,'0.00'),(28756,'2024-04-16 00:47:33','2024-04-17 00:44:45.000000',NULL,'HSEQ Direct company 1-10 membership year fee','tr_TeGRXczuJ3',367,3,'NL002520644B55','60.50','10.50',NULL,'2024-04-17 00:44:45.000000',NULL,NULL,'0.00'),(28759,'2024-04-16 00:47:33','2024-04-17 00:44:47.000000',NULL,'HSEQ Direct company 1-10 user-package year fee','tr_bAjrG4a2vK',364,3,'NL002520644B55','157.30','27.30',NULL,'2024-04-17 00:44:47.000000',NULL,NULL,'0.00'),(28762,'2024-04-26 00:44:45','2024-04-26 02:44:48.000000',NULL,'HSEQdirect company 1-100 montly fee','tr_ynwYXZKaYn',301,3,'NL8093.19.810.B.01','266.20','10.50',NULL,'2024-04-26 02:44:48.000000',NULL,NULL,'0.00'),(28765,'2024-05-13 00:48:48','2024-05-13 02:48:51.000000',NULL,'HSEQ Direct company 1-150 membership year fee','tr_ZUmNrBeU33',NULL,1,'','60.50','0.00',NULL,'2024-05-13 02:48:51.000000',NULL,NULL,NULL),(28768,'2024-05-13 00:48:47','2024-05-13 02:48:51.000000',NULL,'HSEQ Direct company 1-150 user-package year fee','tr_tYFrpy5Bja',NULL,1,'','2178.00','0.00',NULL,'2024-05-13 02:48:51.000000',NULL,NULL,NULL),(28771,'2024-05-15 09:18:25','2024-05-15 11:35:12.000000',NULL,'HSEQ Direct company 1-40 first payment membership and user-package','tr_UEiVAKnmTt',NULL,2,'','641.30','0.00',NULL,'2024-05-15 11:35:12.000000','[{\"package_subscription_id\":2803},{\"package_subscription_id\":2806}]',NULL,NULL),(28774,'2024-05-15 09:18:26','2024-05-15 11:35:12.000000',NULL,'HSEQ Direct company 1-40 first payment membership and user-package','tr_r6A9G6XBTw',NULL,2,'','641.30','0.00',NULL,'2024-05-15 11:35:12.000000','[{\"package_subscription_id\":2803},{\"package_subscription_id\":2806}]',NULL,NULL),(28777,'2024-05-15 09:19:57','2024-05-15 11:36:11.000000',NULL,'HSEQ Direct company 1-40 first payment membership and user-package','tr_WG6C7vY7bX',NULL,2,'','641.30','0.00',NULL,'2024-05-15 11:36:11.000000','[{\"package_subscription_id\":2803},{\"package_subscription_id\":2806}]',NULL,NULL),(28780,'2024-05-15 09:22:11','2024-05-15 11:39:09.000000',NULL,'HSEQ Direct company 1-40 first payment membership and user-package','tr_CTZXQZcfHp',NULL,2,'','641.30','0.00',NULL,'2024-05-15 11:39:09.000000','[{\"package_subscription_id\":2803},{\"package_subscription_id\":2806}]',NULL,NULL),(28783,'2024-05-15 09:31:10','2024-05-15 11:48:10.000000',NULL,'HSEQ Direct company 1-40 first payment membership and user-package','tr_vbrv2DQ4YA',NULL,2,'','641.30','0.00',NULL,'2024-05-15 11:48:10.000000','[{\"package_subscription_id\":2803},{\"package_subscription_id\":2806}]',NULL,NULL),(28786,'2024-05-26 00:44:34','2024-05-26 02:44:37.000000',NULL,'HSEQdirect company 1-100 montly fee','tr_AzWu4MdamC',301,3,'NL8093.19.810.B.01','266.20','10.50',NULL,'2024-05-26 02:44:37.000000',NULL,NULL,'0.00'),(28789,'2024-05-29 18:54:01','2024-05-29 21:10:15.000000',NULL,'HSEQ Direct company 1-10 first payment membership and user-package','tr_qGTNTWs5q6',NULL,2,NULL,'180.00','0.00',NULL,'2024-05-29 21:10:15.000000','[{\"package_subscription_id\":2812},{\"package_subscription_id\":2815}]',NULL,NULL),(28792,'2024-05-29 19:07:44','2024-05-29 21:24:15.000000',NULL,'HSEQ Direct company 1-10 first payment membership and user-package','tr_rUAK2H6YQv',NULL,2,NULL,'180.00','0.00',NULL,'2024-05-29 21:24:15.000000','[{\"package_subscription_id\":2812},{\"package_subscription_id\":2815}]',NULL,NULL),(28795,'2024-05-29 19:26:07','2024-05-29 21:44:13.000000',NULL,'HSEQ Direct company 1-10 first payment membership and user-package','tr_nHMo4V3tKC',NULL,2,'PL5832697356','180.00','0.00','PL','2024-05-29 21:44:13.000000','[{\"package_subscription_id\":2818},{\"package_subscription_id\":2821}]',NULL,NULL),(28798,'2024-05-29 19:31:34','2024-05-29 21:48:12.000000',NULL,'HSEQ Direct company 1-10 first payment membership and user-package','tr_gmRsn4ANNC',NULL,2,'PL5832697356','180.00','0.00',NULL,'2024-05-29 21:48:12.000000','[{\"package_subscription_id\":2818},{\"package_subscription_id\":2821}]',NULL,NULL),(28801,'2024-05-29 19:31:34','2024-05-29 21:48:12.000000',NULL,'HSEQ Direct company 1-10 first payment membership and user-package','tr_CLMH5NgNqR',NULL,2,'PL5832697356','180.00','0.00',NULL,'2024-05-29 21:48:12.000000','[{\"package_subscription_id\":2818},{\"package_subscription_id\":2821}]',NULL,NULL),(28804,'2024-05-29 19:31:54','2024-05-29 21:48:12.000000',NULL,'HSEQ Direct company 1-10 first payment membership and user-package','tr_VwMqXuKZC4',NULL,2,'PL5832697356','180.00','0.00',NULL,'2024-05-29 21:48:12.000000','[{\"package_subscription_id\":2818},{\"package_subscription_id\":2821}]',NULL,NULL),(28807,'2024-05-29 19:31:54','2024-05-29 21:48:14.000000',NULL,'HSEQ Direct company 1-10 first payment membership and user-package','tr_rEYCEvQSQE',NULL,2,'PL5832697356','180.00','0.00',NULL,'2024-05-29 21:48:14.000000','[{\"package_subscription_id\":2818},{\"package_subscription_id\":2821}]',NULL,NULL),(28810,'2024-05-29 19:32:22','2024-05-29 21:49:11.000000',NULL,'HSEQ Direct company 1-10 first payment membership and user-package','tr_Vu5NJ4SFgN',NULL,2,'PL5832697356','180.00','0.00',NULL,'2024-05-29 21:49:11.000000','[{\"package_subscription_id\":2818},{\"package_subscription_id\":2821}]',NULL,NULL),(28813,'2024-05-29 19:32:22','2024-05-29 21:49:11.000000',NULL,'HSEQ Direct company 1-10 first payment membership and user-package','tr_g5wqaB3CGh',NULL,2,'PL5832697356','180.00','0.00',NULL,'2024-05-29 21:49:11.000000','[{\"package_subscription_id\":2818},{\"package_subscription_id\":2821}]',NULL,NULL),(28816,'2024-05-29 19:34:33','2024-05-29 21:51:11.000000',NULL,'HSEQ Direct company 1-10 first payment membership and user-package','tr_7wiZ6L6RWb',NULL,2,'PL5832697356','180.00','0.00',NULL,'2024-05-29 21:51:11.000000','[{\"package_subscription_id\":2818},{\"package_subscription_id\":2821}]',NULL,NULL),(28819,'2024-05-29 19:34:32','2024-05-29 21:51:11.000000',NULL,'HSEQ Direct company 1-10 first payment membership and user-package','tr_cuduDHyrgW',NULL,2,'PL5832697356','180.00','0.00',NULL,'2024-05-29 21:51:11.000000','[{\"package_subscription_id\":2818},{\"package_subscription_id\":2821}]',NULL,NULL),(28822,'2024-05-29 19:43:04','2024-05-29 21:59:13.000000',NULL,'HSEQ Direct company 1-10 first payment membership and user-package','tr_Yi2znjvgtY',NULL,2,'PL5832697356','180.00','0.00',NULL,'2024-05-29 21:59:13.000000','[{\"package_subscription_id\":2818},{\"package_subscription_id\":2821}]',NULL,NULL),(28825,'2024-05-30 06:49:50','2024-05-30 08:56:18.000000',NULL,'HSEQ Direct company 1-10 first payment membership and user-package','tr_HNg6zFWJGa',511,3,'NL809504121B01','217.80','37.80','NL','2024-05-30 08:56:18.000000','[{\"package_subscription_id\":2824},{\"package_subscription_id\":2827}]',NULL,'0.00'),(28831,'2024-06-02 00:45:45','2024-06-04 05:48:36.000000',NULL,'HSEQ Direct company 1-10 user-package year fee','tr_QVqfRsLyz4',382,3,'616057994B01','157.30','27.30',NULL,'2024-06-04 05:48:36.000000',NULL,NULL,'0.00'),(28834,'2024-06-02 00:45:45','2024-06-04 05:48:46.000000',NULL,'HSEQ Direct company 1-10 membership year fee','tr_DZmqmBR8zE',385,3,'616057994B01','60.50','10.50',NULL,'2024-06-04 05:48:46.000000',NULL,NULL,'0.00'),(28837,'2024-06-09 00:48:25','2024-06-09 02:48:27.000000',NULL,'HSEQ Direct company 1-10 user-package year fee','tr_S8krve4f3d',388,3,NULL,'130.00','0.00',NULL,'2024-06-09 02:48:27.000000',NULL,NULL,'0.00'),(28840,'2024-06-09 00:48:25','2024-06-09 02:48:27.000000',NULL,'HSEQ Direct company 1-10 membership year fee','tr_4WcRMA6AfF',391,3,NULL,'50.00','0.00',NULL,'2024-06-09 02:48:27.000000',NULL,NULL,'0.00'),(28843,'2024-06-14 00:54:53','2024-06-14 02:54:56.000000',NULL,'HSEQ Direct company 1-10 user-package year fee','tr_2iUSCnZWWX',394,3,NULL,'130.00','0.00',NULL,'2024-06-14 02:54:56.000000',NULL,NULL,'0.00'),(28846,'2024-06-14 00:54:54','2024-06-14 02:54:58.000000',NULL,'HSEQ Direct company 1-10 membership year fee','tr_ZgXKKZDuVt',397,3,NULL,'50.00','0.00',NULL,'2024-06-14 02:54:58.000000',NULL,NULL,'0.00'),(28849,'2024-06-26 00:40:16','2024-06-26 02:40:20.000000',NULL,'HSEQdirect company 1-100 montly fee','tr_oX7gjrCo2x',301,3,'NL8093.19.810.B.01','266.20','10.50',NULL,'2024-06-26 02:40:20.000000',NULL,NULL,'0.00'),(28864,'2024-07-13 00:43:43','2024-07-16 00:39:23.000000',NULL,'HSEQ Direct company 1-10 membership year fee','tr_52fogkMm9J',415,3,NULL,'60.50','10.50',NULL,'2024-07-16 00:39:23.000000','[{\"package_subscription_id\":2092},{\"package_subscription_id\":2095}]',NULL,'0.00'),(28867,'2024-07-13 00:43:43','2024-07-16 00:39:25.000000',NULL,'HSEQ Direct company 1-10 user-package year fee','tr_kpbbvoHut8',412,3,NULL,'157.30','27.30',NULL,'2024-07-16 00:39:25.000000','[{\"package_subscription_id\":2092},{\"package_subscription_id\":2095}]',NULL,'0.00'),(28870,'2024-07-20 00:46:44','2024-07-20 02:46:47.000000',NULL,'HSEQ Direct company 1-20 user-package year fee','tr_244oykntAW',NULL,1,NULL,'290.40','0.00',NULL,'2024-07-20 02:46:47.000000',NULL,NULL,NULL),(28879,'2024-07-22 08:31:43','2024-07-22 10:48:10.000000',NULL,'HSEQ Direct company 1-10 first payment membership and user-package','tr_hkMLNMr6nJ',NULL,2,'','217.80','0.00',NULL,'2024-07-22 10:48:10.000000','[{\"package_subscription_id\":2836},{\"package_subscription_id\":2839}]',NULL,NULL),(28882,'2024-07-22 08:31:43','2024-07-22 10:48:15.000000',NULL,'HSEQ Direct company 1-10 first payment membership and user-package','tr_iroqv3SGS4',NULL,2,'','217.80','0.00',NULL,'2024-07-22 10:48:15.000000','[{\"package_subscription_id\":2836},{\"package_subscription_id\":2839}]',NULL,NULL),(28885,'2024-07-26 00:40:17','2024-07-26 02:40:20.000000',NULL,'HSEQdirect company 1-100 montly fee','tr_3CJPLQBPa4',301,3,'NL8093.19.810.B.01','266.20','10.50',NULL,'2024-07-26 02:40:20.000000',NULL,NULL,'0.00'),(28888,'2024-08-12 08:07:38','2024-08-12 10:24:13.000000',NULL,'HSEQ Direct company 1-20 first payment membership and user-package','tr_4S7tC35eFW',NULL,2,'','350.90','0.00',NULL,'2024-08-12 10:24:13.000000','[{\"package_subscription_id\":2863},{\"package_subscription_id\":2866}]',NULL,NULL),(28891,'2024-08-12 10:09:52','2024-08-12 12:14:18.000000',NULL,'HSEQ Direct company 1-30 first payment membership and user-package','tr_A56ETDcr7a',523,3,'','496.10','86.10','NL','2024-08-12 12:14:18.000000','[{\"package_subscription_id\":2869},{\"package_subscription_id\":2872}]',NULL,'0.00'),(28894,'2024-08-12 10:09:06','2024-08-12 12:25:28.000000',NULL,'HSEQ Direct company 1-30 first payment membership and user-package','tr_BcnBQfyNZN',NULL,2,'','496.10','0.00',NULL,'2024-08-12 12:25:28.000000','[{\"package_subscription_id\":2869},{\"package_subscription_id\":2872}]',NULL,NULL),(28897,'2024-08-26 00:43:48','2024-08-26 02:43:51.000000',NULL,'HSEQdirect company 1-100 montly fee','tr_zameHw7hCj',301,3,'NL8093.19.810.B.01','266.20','10.50',NULL,'2024-08-26 02:43:51.000000',NULL,NULL,'0.00'),(28900,'2024-09-06 00:50:52','2024-09-25 13:49:55.000000',NULL,'HSEQ Direct company 1-10 membership year fee','tr_3CV8MgpfAH',451,3,'NL 859177798B01','60.50','10.50',NULL,'2024-09-25 13:49:55.000000',NULL,NULL,'0.00'),(28903,'2024-09-06 00:50:52','2024-09-25 13:49:57.000000',NULL,'HSEQ Direct company 1-10 user-package year fee','tr_hL868EGCig',448,3,'NL 859177798B01','157.30','27.30',NULL,'2024-09-25 13:49:57.000000',NULL,NULL,'0.00'),(28906,'2024-09-26 00:44:56','2024-09-26 02:45:00.000000',NULL,'HSEQdirect company 1-100 montly fee','tr_wJhPFccU3Y',301,3,'NL8093.19.810.B.01','266.20','10.50',NULL,'2024-09-26 02:45:00.000000',NULL,NULL,'0.00'),(28909,'2024-09-30 11:35:33','2024-09-30 13:39:13.000000',NULL,'HSEQ Direct company 1-20 first payment membership and user-package','tr_NNJJXn2f9z',529,3,'Runwell Energy Services','350.90','60.90','NL','2024-09-30 13:39:13.000000','[{\"package_subscription_id\":2938},{\"package_subscription_id\":2941}]',NULL,'0.00'),(28912,'2024-09-30 11:39:01','2024-09-30 13:55:12.000000',NULL,'HSEQ Direct company 1-20 first payment membership and user-package','tr_LMW23SzBXG',NULL,2,'Runwell Energy Services','350.90','0.00',NULL,'2024-09-30 13:55:12.000000','[{\"package_subscription_id\":2938},{\"package_subscription_id\":2941}]',NULL,NULL),(28915,'2024-10-05 00:55:12','2024-10-11 13:43:31.000000',NULL,'HSEQ Direct company 1-10 user-package year fee','tr_btPiwohVAa',460,3,NULL,'157.30','27.30',NULL,'2024-10-11 13:43:31.000000',NULL,NULL,'0.00'),(28918,'2024-10-05 00:55:12','2024-10-11 13:43:32.000000',NULL,'HSEQ Direct company 1-10 membership year fee','tr_fPAHx6Pgqa',463,3,NULL,'60.50','10.50',NULL,'2024-10-11 13:43:32.000000',NULL,NULL,'0.00'),(28921,'2024-10-23 13:30:42','2024-10-23 15:47:09.000000',NULL,'HSEQ Direct company 1-20 first payment membership and user-package','tr_9fjd3ZHvsh',NULL,2,NULL,'350.90','0.00',NULL,'2024-10-23 15:47:09.000000','[{\"package_subscription_id\":2980},{\"package_subscription_id\":2983}]',NULL,NULL),(28924,'2024-10-23 13:31:26','2024-10-23 15:48:17.000000',NULL,'HSEQ Direct company 1-20 first payment membership and user-package','tr_kQjcfgzGkJ',NULL,2,NULL,'350.90','0.00',NULL,'2024-10-23 15:48:17.000000','[{\"package_subscription_id\":2980},{\"package_subscription_id\":2983}]',NULL,NULL),(28927,'2024-10-23 13:31:48','2024-10-23 15:48:17.000000',NULL,'HSEQ Direct company 1-20 first payment membership and user-package','tr_PGLHEsWi6B',NULL,2,NULL,'350.90','0.00',NULL,'2024-10-23 15:48:17.000000','[{\"package_subscription_id\":2980},{\"package_subscription_id\":2983}]',NULL,NULL),(28930,'2024-10-23 13:31:39','2024-10-23 15:48:19.000000',NULL,'HSEQ Direct company 1-20 first payment membership and user-package','tr_pkPBBVpHQ6',NULL,2,NULL,'350.90','0.00',NULL,'2024-10-23 15:48:19.000000','[{\"package_subscription_id\":2980},{\"package_subscription_id\":2983}]',NULL,NULL),(28933,'2024-10-26 00:39:56','2024-10-26 02:39:58.000000',NULL,'HSEQdirect company 1-100 montly fee','tr_tKgVD42SiN',301,3,'NL8093.19.810.B.01','266.20','10.50',NULL,'2024-10-26 02:39:58.000000',NULL,NULL,'0.00'),(28936,'2024-11-08 11:10:28','2024-11-08 12:27:09.000000',NULL,'HSEQ Direct company 1-30 first payment membership and user-package','tr_N6QeLwHchd',NULL,2,'Antea Nederland B.V.','496.10','0.00',NULL,'2024-11-08 12:27:09.000000','[{\"package_subscription_id\":2986},{\"package_subscription_id\":2989}]',NULL,NULL),(28939,'2024-11-11 12:42:11','2024-11-11 13:48:40.000000',NULL,'HSEQ Direct company 1-30 first payment membership and user-package','tr_L4WYt7xbLp',535,3,'NL25ABNA0474338258','496.10','86.10','NL','2024-11-11 13:48:40.000000','[{\"package_subscription_id\":2998},{\"package_subscription_id\":3001}]',NULL,'0.00'),(28942,'2024-11-26 00:41:04','2024-11-26 01:41:06.000000',NULL,'HSEQdirect company 1-100 montly fee','tr_z8dNwLD6qA',301,3,'NL8093.19.810.B.01','266.20','10.50',NULL,'2024-11-26 01:41:06.000000',NULL,NULL,'0.00'),(28945,'2024-12-18 01:35:12','2024-12-30 13:29:34.000000',NULL,'HSEQ Direct company 1-10 user-package year fee','tr_rLadBGsTaA',466,3,NULL,'157.30','27.30',NULL,'2024-12-30 13:29:34.000000','{\"package_subscription_id\":2533}',NULL,'0.00'),(28948,'2024-12-18 01:35:12','2024-12-30 13:28:33.000000',NULL,'HSEQ Direct company 1-10 membership year fee','tr_AW2wTzBekb',469,3,NULL,'60.50','10.50',NULL,'2024-12-30 13:28:33.000000','{\"package_subscription_id\":2536}',NULL,'0.00'),(28951,'2024-12-26 00:38:56','2024-12-26 01:38:58.000000',NULL,'HSEQdirect company 1-100 montly fee','tr_tTBWnMSwVf',301,3,'NL8093.19.810.B.01','266.20','10.50',NULL,'2024-12-26 01:38:58.000000','{\"package_subscription_id\":109}',NULL,'0.00'),(28954,'2025-01-17 01:32:31','2025-01-17 02:32:32.000000',NULL,'HSEQ Direct company 1-10 user-package year fee','tr_xFNsrPSeSi',NULL,1,'PT238586278','130.00','0.00',NULL,'2025-01-17 02:32:32.000000','{\"package_subscription_id\":2584}',NULL,NULL),(28957,'2025-01-17 01:32:31','2025-01-17 02:32:32.000000',NULL,'HSEQ Direct company 1-10 membership year fee','tr_THx6hmyzx8',NULL,1,'PT238586278','50.00','0.00',NULL,'2025-01-17 02:32:32.000000','{\"package_subscription_id\":2587}',NULL,NULL),(28960,'2025-01-26 00:41:51','2025-01-26 01:44:10.000000',NULL,'HSEQdirect company 1-100 montly fee','tr_wsUiJ6fwoV',301,3,'NL8093.19.810.B.01','266.20','10.50',NULL,'2025-01-26 01:44:10.000000','{\"package_subscription_id\":109}',NULL,'0.00'),(28963,'2025-01-25 01:36:55','2025-01-28 00:46:34.000000',NULL,'HSEQ Direct company 1-40 membership year fee','tr_2CBihmb7Wm',487,3,'','60.50','10.50',NULL,'2025-01-28 00:46:34.000000','{\"package_subscription_id\":2608}',NULL,'0.00'),(28966,'2025-01-25 01:36:54','2025-01-28 00:46:43.000000',NULL,'HSEQ Direct company 1-40 user-package year fee','tr_Fmb97gDY6e',484,3,'','580.80','100.80',NULL,'2025-01-28 00:46:43.000000','{\"package_subscription_id\":2605}',NULL,'0.00'),(28969,'2025-01-30 12:22:36','2025-01-31 12:35:57.000000',NULL,'HSEQ Direct company 1-10 first payment membership and user-package','tr_6JA8wDGioh',541,3,NULL,'180.00','0.00','NL','2025-01-31 12:35:57.000000','[{\"package_subscription_id\":3007},{\"package_subscription_id\":3010}]',NULL,'180.00'),(28972,'2025-01-30 12:25:51','2025-01-30 13:43:59.000000',NULL,'HSEQ Direct company 1-10 first payment membership and user-package','tr_gG4TMh8RMM',NULL,2,NULL,'180.00','0.00',NULL,'2025-01-30 13:43:59.000000','[{\"package_subscription_id\":3007},{\"package_subscription_id\":3010}]',NULL,NULL),(28975,'2025-01-30 12:25:51','2025-01-30 13:44:00.000000',NULL,'HSEQ Direct company 1-10 first payment membership and user-package','tr_rgwiLhrv8f',NULL,2,NULL,'180.00','0.00',NULL,'2025-01-30 13:44:00.000000','[{\"package_subscription_id\":3007},{\"package_subscription_id\":3010}]',NULL,NULL),(28978,'2025-01-30 12:25:52','2025-01-30 13:44:00.000000',NULL,'HSEQ Direct company 1-10 first payment membership and user-package','tr_n4waXHrXKR',NULL,2,NULL,'180.00','0.00',NULL,'2025-01-30 13:44:00.000000','[{\"package_subscription_id\":3007},{\"package_subscription_id\":3010}]',NULL,NULL),(28981,'2025-01-30 12:25:52','2025-01-30 13:44:17.000000',NULL,'HSEQ Direct company 1-10 first payment membership and user-package','tr_eNxedirVDp',NULL,2,NULL,'180.00','0.00',NULL,'2025-01-30 13:44:17.000000','[{\"package_subscription_id\":3007},{\"package_subscription_id\":3010}]',NULL,NULL),(28984,'2025-01-30 12:28:49','2025-01-30 13:45:24.000000',NULL,'HSEQ Direct company 1-20 first payment membership and user-package','tr_AKHz2XjwBY',NULL,2,NULL,'290.00','0.00',NULL,'2025-01-30 13:45:24.000000','[{\"package_subscription_id\":3013},{\"package_subscription_id\":3016}]',NULL,NULL),(28987,'2025-01-30 12:28:46','2025-01-30 13:45:27.000000',NULL,'HSEQ Direct company 1-20 first payment membership and user-package','tr_hyfpmLMGYN',NULL,2,NULL,'290.00','0.00',NULL,'2025-01-30 13:45:27.000000','[{\"package_subscription_id\":3013},{\"package_subscription_id\":3016}]',NULL,NULL),(28990,'2025-02-07 01:33:06','2025-02-10 00:45:38.000000',NULL,'HSEQ Direct company 1-10 user-package year fee','tr_yHUX3UsrER',490,3,'NL856224042B01','157.30','27.30',NULL,'2025-02-10 00:45:38.000000','{\"package_subscription_id\":2644}',NULL,'0.00'),(28993,'2025-02-07 01:33:06','2025-02-10 00:45:39.000000',NULL,'HSEQ Direct company 1-10 membership year fee','tr_9fLmeNxweh',493,3,'NL856224042B01','60.50','10.50',NULL,'2025-02-10 00:45:39.000000','{\"package_subscription_id\":2647}',NULL,'0.00'),(28996,'2025-02-09 01:32:53','2025-02-11 01:34:12.000000',NULL,'HSEQ Direct company 1-10 user-package year fee','tr_qQC3TPdaKt',496,3,NULL,'157.30','27.30',NULL,'2025-02-11 01:34:12.000000','{\"package_subscription_id\":2650}',NULL,'0.00'),(28999,'2025-02-09 01:32:54','2025-02-11 01:34:12.000000',NULL,'HSEQ Direct company 1-10 membership year fee','tr_jh4bmtind8',499,3,NULL,'60.50','10.50',NULL,'2025-02-11 01:34:12.000000','{\"package_subscription_id\":2653}',NULL,'0.00'),(29002,'2025-02-16 00:41:43','2025-02-16 01:41:49.000000',NULL,'HSEQ Direct company 1-10 membership year fee','tr_3cPnNcK8xk',307,3,'','60.50','10.50',NULL,'2025-02-16 01:41:49.000000','{\"package_subscription_id\":1456}',NULL,'0.00'),(29005,'2025-02-16 00:41:42','2025-02-16 01:42:59.000000',NULL,'HSEQ Direct company 1-10 user-package year fee','tr_cryP8MeE74',304,3,'','157.30','27.30',NULL,'2025-02-16 01:42:59.000000','{\"package_subscription_id\":1453}',NULL,'0.00'),(29008,'2025-02-20 00:40:26','2025-02-20 01:40:49.000000',NULL,'HSEQ Direct company 1-40 user-package year fee','tr_SLiMgirUaL',310,3,NULL,'580.80','100.80',NULL,'2025-02-20 01:40:49.000000','{\"package_subscription_id\":1465}',NULL,'0.00'),(29011,'2025-02-20 00:40:27','2025-02-20 01:41:03.000000',NULL,'HSEQ Direct company 1-40 membership year fee','tr_8o57pYpLJ3',313,3,NULL,'60.50','10.50',NULL,'2025-02-20 01:41:03.000000','{\"package_subscription_id\":1468}',NULL,'0.00'),(29014,'2025-02-26 00:39:01','2025-02-26 01:44:25.000000',NULL,'HSEQdirect company 1-100 montly fee','tr_DMREvSiB8D',301,3,'NL8093.19.810.B.01','266.20','10.50',NULL,'2025-02-26 01:44:25.000000','{\"package_subscription_id\":109}',NULL,'0.00'),(29017,'2025-03-06 00:39:49','2025-03-07 01:47:03.000000',NULL,'HSEQ Direct company 1-30 user-package year fee','tr_v7UEnvpSxL',340,3,'','435.60','75.60',NULL,'2025-03-07 01:47:03.000000','{\"package_subscription_id\":1735}',NULL,'0.00'),(29020,'2025-03-06 00:39:49','2025-03-07 01:47:06.000000',NULL,'HSEQ Direct company 1-30 membership year fee','tr_jq344r2NiN',343,3,'','60.50','10.50',NULL,'2025-03-07 01:47:06.000000','{\"package_subscription_id\":1738}',NULL,'0.00'),(29023,'2025-03-10 15:49:53','2025-03-10 17:06:15.000000',NULL,'HSEQ Direct company 1-10 first payment membership and user-package','tr_xmAeYAqdZK',NULL,2,NULL,'217.80','0.00',NULL,'2025-03-10 17:06:15.000000','[{\"package_subscription_id\":3037},{\"package_subscription_id\":3040}]',NULL,NULL),(29026,'2025-03-10 15:49:52','2025-03-10 17:06:16.000000',NULL,'HSEQ Direct company 1-10 first payment membership and user-package','tr_Df5gCUsMR7',NULL,2,NULL,'217.80','0.00',NULL,'2025-03-10 17:06:16.000000','[{\"package_subscription_id\":3037},{\"package_subscription_id\":3040}]',NULL,NULL),(29029,'2025-03-10 15:50:05','2025-03-10 17:07:20.000000',NULL,'HSEQ Direct company 1-10 first payment membership and user-package','tr_CBb46nYzfA',NULL,2,NULL,'217.80','0.00',NULL,'2025-03-10 17:07:20.000000','[{\"package_subscription_id\":3037},{\"package_subscription_id\":3040}]',NULL,NULL),(29032,'2025-03-10 15:50:16','2025-03-10 17:07:21.000000',NULL,'HSEQ Direct company 1-10 first payment membership and user-package','tr_GjrqWRgLTq',NULL,2,NULL,'217.80','0.00',NULL,'2025-03-10 17:07:21.000000','[{\"package_subscription_id\":3037},{\"package_subscription_id\":3040}]',NULL,NULL),(29035,'2025-03-10 15:50:05','2025-03-10 17:07:21.000000',NULL,'HSEQ Direct company 1-10 first payment membership and user-package','tr_RnpM9VizWi',NULL,2,NULL,'217.80','0.00',NULL,'2025-03-10 17:07:21.000000','[{\"package_subscription_id\":3037},{\"package_subscription_id\":3040}]',NULL,NULL),(29038,'2025-03-10 15:50:15','2025-03-10 17:07:21.000000',NULL,'HSEQ Direct company 1-10 first payment membership and user-package','tr_8FcMFntUGw',NULL,2,NULL,'217.80','0.00',NULL,'2025-03-10 17:07:21.000000','[{\"package_subscription_id\":3037},{\"package_subscription_id\":3040}]',NULL,NULL),(29041,'2025-03-10 15:50:43','2025-03-10 17:07:23.000000',NULL,'HSEQ Direct company 1-10 first payment membership and user-package','tr_E32xH84uGH',NULL,2,NULL,'217.80','0.00',NULL,'2025-03-10 17:07:23.000000','[{\"package_subscription_id\":3037},{\"package_subscription_id\":3040}]',NULL,NULL),(29044,'2025-03-10 15:50:44','2025-03-10 17:07:27.000000',NULL,'HSEQ Direct company 1-10 first payment membership and user-package','tr_uDRGEEE9Et',NULL,2,NULL,'217.80','0.00',NULL,'2025-03-10 17:07:27.000000','[{\"package_subscription_id\":3037},{\"package_subscription_id\":3040}]',NULL,NULL),(29047,'2025-03-11 08:19:27','2025-03-11 09:36:10.000000',NULL,'HSEQ Direct company 1-10 first payment membership and user-package','tr_j73zCFpkfe',NULL,2,NULL,'217.80','0.00',NULL,'2025-03-11 09:36:10.000000','[{\"package_subscription_id\":3037},{\"package_subscription_id\":3040}]',NULL,NULL),(29050,'2025-03-11 08:20:01','2025-03-11 09:36:11.000000',NULL,'HSEQ Direct company 1-10 first payment membership and user-package','tr_WzLBDVhAwi',NULL,2,NULL,'217.80','0.00',NULL,'2025-03-11 09:36:11.000000','[{\"package_subscription_id\":3037},{\"package_subscription_id\":3040}]',NULL,NULL),(29053,'2025-03-11 08:19:28','2025-03-11 09:36:11.000000',NULL,'HSEQ Direct company 1-10 first payment membership and user-package','tr_dS3TQdenY2',NULL,2,NULL,'217.80','0.00',NULL,'2025-03-11 09:36:11.000000','[{\"package_subscription_id\":3037},{\"package_subscription_id\":3040}]',NULL,NULL),(29056,'2025-03-11 08:20:01','2025-03-11 09:36:14.000000',NULL,'HSEQ Direct company 1-10 first payment membership and user-package','tr_SLwHdXLgAH',NULL,2,NULL,'217.80','0.00',NULL,'2025-03-11 09:36:14.000000','[{\"package_subscription_id\":3037},{\"package_subscription_id\":3040}]',NULL,NULL),(29059,'2025-03-11 08:54:52','2025-03-11 10:11:08.000000',NULL,'HSEQ Direct company 1-10 first payment membership and user-package','tr_wwo73naWBe',NULL,2,NULL,'217.80','0.00',NULL,'2025-03-11 10:11:08.000000','[{\"package_subscription_id\":3037},{\"package_subscription_id\":3040}]',NULL,NULL),(29062,'2025-03-11 08:54:52','2025-03-11 10:11:09.000000',NULL,'HSEQ Direct company 1-10 first payment membership and user-package','tr_UBnSvJLBBY',NULL,2,NULL,'217.80','0.00',NULL,'2025-03-11 10:11:09.000000','[{\"package_subscription_id\":3037},{\"package_subscription_id\":3040}]',NULL,NULL),(29065,'2025-03-11 10:57:05','2025-03-11 12:00:23.000000',NULL,'HSEQ Direct company 1-10 first payment membership and user-package','tr_RoCWF3dWYa',553,3,NULL,'217.80','37.80','NL','2025-03-11 12:00:23.000000','[{\"package_subscription_id\":3037},{\"package_subscription_id\":3040}]',NULL,'0.00'),(29068,'2025-03-11 10:57:04','2025-03-11 12:13:12.000000',NULL,'HSEQ Direct company 1-10 first payment membership and user-package','tr_DpHAKfrg46',NULL,2,NULL,'217.80','0.00',NULL,'2025-03-11 12:13:12.000000','[{\"package_subscription_id\":3037},{\"package_subscription_id\":3040}]',NULL,NULL),(29071,'2025-03-26 00:41:46','2025-03-26 01:47:38.000000',NULL,'HSEQdirect company 1-100 montly fee','tr_H4gP4BQFcU',301,3,'NL8093.19.810.B.01','266.20','10.50',NULL,'2025-03-26 01:47:38.000000','{\"package_subscription_id\":109}',NULL,'0.00'),(29074,'2025-03-27 00:46:54','2025-03-28 00:35:08.000000',NULL,'HSEQ Direct company 1-5 user-package year fee','tr_HHNED5PAqp',346,3,NULL,'78.65','13.65',NULL,'2025-03-28 00:35:08.000000','{\"package_subscription_id\":1789}',NULL,'0.00'),(29077,'2025-03-27 00:46:54','2025-03-28 00:48:03.000000',NULL,'HSEQ Direct company 1-5 membership year fee','tr_PxqLJfuk2S',349,3,NULL,'60.50','10.50',NULL,'2025-03-28 00:48:03.000000','{\"package_subscription_id\":1792}',NULL,'0.00'),(29086,'2025-04-03 00:43:40','2025-04-04 00:42:43.000000',NULL,'HSEQ Direct company 1-5 membership year fee','tr_LNeCXWj6qV',355,3,'NL005366148B01','60.50','10.50',NULL,'2025-04-04 00:42:43.000000','{\"package_subscription_id\":1798}',NULL,'0.00'),(29089,'2025-04-03 00:43:39','2025-04-04 00:42:43.000000',NULL,'HSEQ Direct company 1-5 user-package year fee','tr_iAZv47kzm3',352,3,'NL005366148B01','78.65','13.65',NULL,'2025-04-04 00:42:43.000000','{\"package_subscription_id\":1795}',NULL,'0.00'),(29092,'2025-04-16 00:39:35','2025-04-17 00:53:16.000000',NULL,'HSEQ Direct company 1-10 membership year fee','tr_MrNuDzHuGr',367,3,'NL002520644B55','60.50','10.50',NULL,'2025-04-17 00:53:16.000000','{\"package_subscription_id\":1834}',NULL,'0.00'),(29095,'2025-04-16 00:39:35','2025-04-17 00:53:19.000000',NULL,'HSEQ Direct company 1-10 user-package year fee','tr_CVENP6sVSA',364,3,'NL002520644B55','157.30','27.30',NULL,'2025-04-17 00:53:19.000000','{\"package_subscription_id\":1831}',NULL,'0.00'),(29098,'2025-04-26 00:39:36','2025-04-26 02:41:43.000000',NULL,'HSEQdirect company 1-100 montly fee','tr_f9YZiT9spY',301,3,'NL8093.19.810.B.01','266.20','10.50',NULL,'2025-04-26 02:41:43.000000','{\"package_subscription_id\":109}',NULL,'0.00'),(29101,'2025-05-26 00:37:27','2025-05-26 03:31:30.000000',NULL,'HSEQdirect company 1-100 montly fee','tr_FDXSiNMXt3',301,3,'NL8093.19.810.B.01','266.20','10.50',NULL,'2025-05-26 03:31:30.000000','{\"package_subscription_id\":109}',NULL,'0.00'),(29104,'2025-05-30 00:32:10','2025-05-30 02:32:11.000000',NULL,'HSEQ Direct company 1-10 membership year fee','tr_TrWuMhyLeG',511,3,'NL809504121B01','60.50','10.50',NULL,'2025-05-30 02:32:11.000000','{\"package_subscription_id\":2827}',NULL,'0.00'),(29107,'2025-05-30 00:32:09','2025-05-30 02:32:11.000000',NULL,'HSEQ Direct company 1-10 user-package year fee','tr_JFQYcyGVUy',508,3,'NL809504121B01','157.30','27.30',NULL,'2025-05-30 02:32:11.000000','{\"package_subscription_id\":2824}',NULL,'0.00'),(29110,'2025-06-14 00:40:38','2025-06-14 02:40:40.000000',NULL,'HSEQ Direct company 1-10 user-package year fee','tr_qpk2Z8Pbkqu3xfw5kCz9J',394,3,NULL,'130.00','0.00',NULL,'2025-06-14 02:40:40.000000','{\"package_subscription_id\":2023}',NULL,'0.00'),(29113,'2025-06-14 00:40:39','2025-06-14 02:40:41.000000',NULL,'HSEQ Direct company 1-10 membership year fee','tr_aXAiJZm6jN',397,3,NULL,'50.00','0.00',NULL,'2025-06-14 02:40:41.000000','{\"package_subscription_id\":2026}',NULL,'0.00'),(29116,'2025-06-19 05:52:51','2025-06-19 08:09:22.000000',NULL,'HSEQ Direct company 1-20 first payment membership and user-package','tr_aeBc6p5scrWNGbbZfhEAJ',NULL,2,NULL,'350.90','0.00',NULL,'2025-06-19 08:09:22.000000','[{\"package_subscription_id\":3082},{\"package_subscription_id\":3085}]',NULL,NULL),(29119,'2025-06-19 05:52:50','2025-06-19 08:09:22.000000',NULL,'HSEQ Direct company 1-20 first payment membership and user-package','tr_XfeVnctJkvDvvSaXfhEAJ',NULL,2,NULL,'350.90','0.00',NULL,'2025-06-19 08:09:22.000000','[{\"package_subscription_id\":3082},{\"package_subscription_id\":3085}]',NULL,NULL),(29122,'2025-06-19 10:13:08','2025-06-19 12:29:23.000000',NULL,'HSEQ Direct company 1-20 first payment membership and user-package','tr_jaav2hw8Ez53b9t7MBFAJ',NULL,2,NULL,'350.90','0.00',NULL,'2025-06-19 12:29:23.000000','[{\"package_subscription_id\":3082},{\"package_subscription_id\":3085}]',NULL,NULL),(29125,'2025-06-19 10:13:08','2025-06-19 12:29:23.000000',NULL,'HSEQ Direct company 1-20 first payment membership and user-package','tr_D2m8siXn3Sd5jU5AMBFAJ',NULL,2,NULL,'350.90','0.00',NULL,'2025-06-19 12:29:23.000000','[{\"package_subscription_id\":3082},{\"package_subscription_id\":3085}]',NULL,NULL),(29128,'2025-06-19 10:13:38','2025-06-19 12:30:23.000000',NULL,'HSEQ Direct company 1-20 first payment membership and user-package','tr_QFHzYWFKspeiJuH3QBFAJ',NULL,2,NULL,'350.90','0.00',NULL,'2025-06-19 12:30:23.000000','[{\"package_subscription_id\":3082},{\"package_subscription_id\":3085}]',NULL,NULL),(29131,'2025-06-19 10:13:38','2025-06-19 12:30:23.000000',NULL,'HSEQ Direct company 1-20 first payment membership and user-package','tr_h6ZKcp4LBW3k9xL5QBFAJ',NULL,2,NULL,'350.90','0.00',NULL,'2025-06-19 12:30:23.000000','[{\"package_subscription_id\":3082},{\"package_subscription_id\":3085}]',NULL,NULL),(29134,'2025-06-24 06:24:49','2025-06-24 08:28:58.000000',NULL,'HSEQ Direct company 1-30 first payment membership and user-package','tr_KxeJWWkpwKNBXYwvrhTAJ',559,3,NULL,'496.10','86.10','NL','2025-06-24 08:28:58.000000','[{\"package_subscription_id\":3088},{\"package_subscription_id\":3091}]',NULL,'0.00'),(29137,'2025-06-24 06:28:56','2025-06-24 08:45:25.000000',NULL,'HSEQ Direct company 1-30 first payment membership and user-package','tr_8EfA3HsQo4uqse3xHiTAJ',NULL,2,NULL,'496.10','0.00',NULL,'2025-06-24 08:45:25.000000','[{\"package_subscription_id\":3088},{\"package_subscription_id\":3091}]',NULL,NULL),(29140,'2025-06-24 06:28:56','2025-06-24 08:45:25.000000',NULL,'HSEQ Direct company 1-30 first payment membership and user-package','tr_3KErme2GWvjxTHEzHiTAJ',NULL,2,NULL,'496.10','0.00',NULL,'2025-06-24 08:45:25.000000','[{\"package_subscription_id\":3088},{\"package_subscription_id\":3091}]',NULL,NULL),(29143,'2025-06-26 00:37:52','2025-06-26 02:37:55.000000',NULL,'HSEQdirect company 1-100 montly fee','tr_QLRmZZ9G4Hee9TukUGYAJ',301,3,'NL8093.19.810.B.01','266.20','10.50',NULL,'2025-06-26 02:37:55.000000','{\"package_subscription_id\":109}',NULL,'0.00'),(29152,'2025-07-13 00:37:45','2025-08-20 13:49:29.000000',NULL,'HSEQ Direct company 1-10 membership year fee','tr_MQoWq8wMG7M2k6sSQHKBJ',415,3,NULL,'60.50','10.50',NULL,'2025-08-20 13:49:29.000000','{\"package_subscription_id\":2095}',NULL,'0.00'),(29155,'2025-07-13 00:37:45','2025-07-15 01:33:19.000000',NULL,'HSEQ Direct company 1-10 user-package year fee','tr_3kPCpy7binxpdq5SQHKBJ',412,3,NULL,'157.30','27.30',NULL,'2025-07-15 01:33:19.000000','{\"package_subscription_id\":2092}',NULL,'0.00'),(29158,'2025-07-26 00:37:00','2025-07-26 02:37:02.000000',NULL,'HSEQdirect company 1-100 montly fee','tr_ADACXHWVZUQdwtHCvvtBJ',301,3,'NL8093.19.810.B.01','266.20','10.50',NULL,'2025-07-26 02:37:02.000000','{\"package_subscription_id\":109}',NULL,'0.00'),(29161,'2025-08-12 00:59:54','2025-08-12 02:59:56.000000',NULL,'HSEQ Direct company 1-30 user-package year fee','tr_QxheyG3tRcedq4rPDzfCJ',520,3,'','435.60','75.60',NULL,'2025-08-12 02:59:56.000000','{\"package_subscription_id\":2869}',NULL,'0.00'),(29164,'2025-08-12 00:59:54','2025-08-12 02:59:56.000000',NULL,'HSEQ Direct company 1-30 membership year fee','tr_mL3nKdojzPPPdS8SDzfCJ',523,3,'','60.50','10.50',NULL,'2025-08-12 02:59:56.000000','{\"package_subscription_id\":2872}',NULL,'0.00'),(29167,'2025-08-26 00:38:23','2025-08-26 02:38:25.000000',NULL,'HSEQdirect company 1-100 montly fee','tr_nHc68sp6Q4QzYZqBCDKDJ',301,3,'NL8093.19.810.B.01','266.20','10.50',NULL,'2025-08-26 02:38:25.000000','{\"package_subscription_id\":109}',NULL,'0.00'),(29173,'2025-09-03 09:23:51','2025-09-03 11:40:19.000000',NULL,'HSEQ Direct company 1-10 first payment membership and user-package','tr_sdmcivnsLgkipBZTirgDJ',NULL,2,'NL866306791B01','217.80','0.00',NULL,'2025-09-03 11:40:19.000000','[{\"package_subscription_id\":3109},{\"package_subscription_id\":3112}]',NULL,NULL),(29176,'2025-09-03 09:28:22','2025-09-03 11:45:12.000000',NULL,'HSEQ Direct company 1-10 first payment membership and user-package','tr_os5PemVhXQsMjD7qBsgDJ',NULL,2,'NL866306791B01','217.80','0.00',NULL,'2025-09-03 11:45:12.000000','[{\"package_subscription_id\":3109},{\"package_subscription_id\":3112}]',NULL,NULL),(29179,'2025-09-03 09:28:23','2025-09-03 11:45:11.000000',NULL,'HSEQ Direct company 1-10 first payment membership and user-package','tr_5JNzDgQ7XnoPiqisBsgDJ',NULL,2,'NL866306791B01','217.80','0.00',NULL,'2025-09-03 11:45:11.000000','[{\"package_subscription_id\":3109},{\"package_subscription_id\":3112}]',NULL,NULL),(29182,'2025-09-03 09:28:49','2025-09-03 11:45:12.000000',NULL,'HSEQ Direct company 1-10 first payment membership and user-package','tr_r5GEpmHvjwCvU2fREsgDJ',NULL,2,'NL866306791B01','217.80','0.00',NULL,'2025-09-03 11:45:12.000000','[{\"package_subscription_id\":3109},{\"package_subscription_id\":3112}]',NULL,NULL),(29185,'2025-09-03 09:28:48','2025-09-03 11:45:15.000000',NULL,'HSEQ Direct company 1-10 first payment membership and user-package','tr_fHTxMNEUbAw3QkUNEsgDJ',NULL,2,'NL866306791B01','217.80','0.00',NULL,'2025-09-03 11:45:15.000000','[{\"package_subscription_id\":3109},{\"package_subscription_id\":3112}]',NULL,NULL),(29188,'2025-09-06 00:41:42','2025-09-16 14:16:28.000000',NULL,'HSEQ Direct company 1-10 user-package year fee','tr_UzZLwdYDZRAnGDu3xgoDJ',448,3,'NL 859177798B01','157.30','27.30',NULL,'2025-09-16 14:16:28.000000','{\"package_subscription_id\":2230}',NULL,'0.00'),(29191,'2025-09-06 00:41:42','2025-09-16 14:16:28.000000',NULL,'HSEQ Direct company 1-10 membership year fee','tr_v3pTWQpNofseqw55xgoDJ',451,3,'NL 859177798B01','60.50','10.50',NULL,'2025-09-16 14:16:28.000000','{\"package_subscription_id\":2233}',NULL,'0.00'),(29194,'2025-09-26 00:39:07','2025-09-26 02:39:09.000000',NULL,'HSEQdirect company 1-100 montly fee','tr_JCZn7LTqQqkCD5wHPUiEJ',301,3,'NL8093.19.810.B.01','266.20','10.50',NULL,'2025-09-26 02:39:09.000000','{\"package_subscription_id\":109}',NULL,'0.00');

--
